{"id":1653,"date":"2025-06-02T23:26:00","date_gmt":"2025-06-02T20:26:00","guid":{"rendered":"https:\/\/integramedikal.com\/magaza\/?post_type=product&#038;p=1653"},"modified":"2026-04-01T12:04:17","modified_gmt":"2026-04-01T09:04:17","slug":"pr-602-aluminyum-kanedyen","status":"publish","type":"product","link":"https:\/\/integramedikal.com\/magaza\/urun\/pr-602-aluminyum-kanedyen\/","title":{"rendered":"PR-602 Al\u00fcminyum Kanedyen"},"content":{"rendered":"<div>Y\u00fcr\u00fcme yard\u0131m\u0131na ihtiya\u00e7 duyanlar i\u00e7in birinci s\u0131n\u0131f destek ve kolayl\u0131k sa\u011flamak \u00fczere tasarlanm\u0131\u015f son teknoloji \u00fcr\u00fcn\u00fc bir mobilite cihaz\u0131 olan PR-602 Al\u00fcminyum Kanedyen ile tan\u0131\u015f\u0131n. Bu al\u00fcminyum harikas\u0131, B2B pazar\u0131 ve bireylerin mobilite ihtiya\u00e7lar\u0131n\u0131 kar\u015f\u0131layan kurumlar i\u00e7in \u00f6zel olarak tasarlanm\u0131\u015f geli\u015fmi\u015flik ve dayan\u0131kl\u0131l\u0131\u011f\u0131n somut bir \u00f6rne\u011fidir. PR-602 Al\u00fcminyum Kanedyen, kaliteden \u00f6d\u00fcn vermeden g\u00fcvenilirlik vaat eden ekonomik bir se\u00e7im olarak \u00f6ne \u00e7\u0131k\u0131yor.<\/div>\n<div><\/div>\n<div>Sa\u011flam g\u00f6vde yap\u0131s\u0131, n\u00fcans ve sa\u011flaml\u0131k sunmak i\u00e7in titizlikle tasarlanm\u0131\u015ft\u0131r ve bu da onu t\u00fcm kullan\u0131c\u0131lar taraf\u0131ndan \u00f6nerilen bir se\u00e7im haline getirir. Cihaz, m\u00fc\u015fterileri i\u00e7in g\u00fc\u00e7 ve konfora \u00f6ncelik veren \u015firketlerin ve al\u0131c\u0131lar\u0131n benzersiz taleplerini kar\u015f\u0131lar. PR-602, sadece bir koltuk de\u011fne\u011fi de\u011fil, kesintisiz harekete yard\u0131mc\u0131 olmak i\u00e7in ayr\u0131nt\u0131lara titizlikle dikkat edilerek tasarlanm\u0131\u015f, hareket kabiliyetini g\u00fc\u00e7lendiren bir i\u015farettir.<\/div>\n<div><\/div>\n<div><b>Sars\u0131lmaz Kalite ve Konfor<\/b><\/div>\n<div><b><br \/><\/b><\/div>\n<div>PR-602&#8217;nin tasar\u0131m\u0131, i\u015flevselli\u011fi estetikle harmanlayarak kullan\u0131c\u0131lara \u015f\u0131k, profesyonel bir g\u00f6r\u00fcn\u00fcm yans\u0131t\u0131rken ihtiya\u00e7lar\u0131n\u0131 destekleyen bir cihaz sa\u011flar. Kaliteye ba\u011fl\u0131l\u0131k, bu \u00f6vg\u00fcye de\u011fer koltuk alt\u0131 de\u011fnek 2 y\u0131ll\u0131k garanti ile birlikte geldi\u011fi i\u00e7in belirgindir. Bu g\u00fcvence, \u00fcreticinin \u00fcr\u00fcn\u00fcn uzun \u00f6m\u00fcrl\u00fcl\u00fc\u011f\u00fcne ve son kullan\u0131c\u0131ya getirdi\u011fi de\u011fere olan g\u00fcvenini peki\u015ftirir. \u0130\u015fletmeler i\u00e7in bu, m\u00fc\u015fteri memnuniyeti ve g\u00fcvenilirli\u011fi anlam\u0131na gelir ve her sat\u0131n alma i\u015flemine ek bir g\u00fcven katman\u0131 yerle\u015ftirir.<\/div>\n<div><\/div>\n<div>G\u00fc\u00e7l\u00fc bir g\u00f6vde yap\u0131s\u0131yla d\u00f6v\u00fclen kanedyen koltuk de\u011fne\u011fi, kullan\u0131c\u0131lar\u0131n\u0131n g\u00fcnl\u00fck taleplerine uyum sa\u011flayarak konforlu ve g\u00fcvenli bir deneyim vadediyor. Yenilik\u00e7i tasar\u0131m ve pratik i\u015flevselli\u011fin kar\u0131\u015f\u0131m\u0131n\u0131n bir kan\u0131t\u0131d\u0131r ve kullan\u0131c\u0131n\u0131n konforunun ve kanedyen koltuk de\u011fne\u011finin esnekli\u011finin m\u00fckemmel bir uyum i\u00e7inde olmas\u0131n\u0131 sa\u011flar. Sonu\u00e7 olarak, hedef kitlede iyi yank\u0131 uyand\u0131ran, kullan\u0131c\u0131 taraf\u0131ndan \u00f6nerilen bir \u00fcr\u00fcn olarak uygun bir \u015fekilde lanse edilir.<\/div>\n<div><\/div>\n<div><b>Ak\u0131ll\u0131 Bir Yat\u0131r\u0131m<\/b><\/div>\n<div><b><br \/><\/b><\/div>\n<div>Kendisini ekonomik bir \u00fcr\u00fcn olarak i\u015faretlemek, ger\u00e7ek de\u011feri pahas\u0131na gelmez. PR-602 Al\u00fcminyum Kanedyen, kar\u015f\u0131 konulmaz bir teklif sunar &#8211; maliyetine g\u00f6re ola\u011fan\u00fcst\u00fc fayda sa\u011flayan bir yat\u0131r\u0131m. Maliyet etkinli\u011fini korurken m\u00fc\u015fterilerine de\u011fer sunmak isteyen i\u015fletmeler i\u00e7in ak\u0131ll\u0131ca bir se\u00e7imdir. Bu, amac\u0131 kaliteyi sat\u0131n al\u0131nabilirlikle birle\u015ftirmek olan bilin\u00e7li B2B al\u0131c\u0131lar\u0131 i\u00e7in stratejik sat\u0131n alma \u00f6rne\u011fidir.<\/div>\n<div>Ayr\u0131ca, \u00fcr\u00fcn\u00fcn h\u0131zl\u0131 bir \u015fekilde g\u00f6nderilmesi, i\u015fletmelerin m\u00fc\u015fteri taleplerini h\u0131zl\u0131 ve verimli bir \u015fekilde yerine getirmelerini sa\u011flayarak cazibesini art\u0131r\u0131r. H\u0131zl\u0131 \u00fcr\u00fcn sevkiyat\u0131 vaadi, sorunsuz bir tedarik zinciri ve itibar b\u00fct\u00fcnl\u00fc\u011f\u00fcn\u00fc korumak i\u00e7in \u00e7ok \u00f6nemlidir. PR-602 Al\u00fcminyum Kanedyeni se\u00e7erek, i\u015fletmeler yaln\u0131zca \u00fcst\u00fcn bir \u00fcr\u00fcn de\u011fil, ayn\u0131 zamanda zaman\u0131nda teslimat g\u00fcvencesini de g\u00fcvence alt\u0131na alarak, onu mobilite yard\u0131mc\u0131lar\u0131 paketine m\u00fckemmel bir katk\u0131 haline getirir.<\/div>\n<div><\/div>\n<p><div  id=\"btn_klavuz\"  class='avia-button-wrap av-av_button-ce8e40b2828ee8c9e656131c167f966a-wrap avia-button-left  avia-builder-el-0  el_before_av_button  avia-builder-el-first '><a href='https:\/\/www.integramedikal.com\/magaza\/upload\/kilavuz\/75-pr-602-aluminyum-kanedyen.pdf'  class='avia-button av-av_button-ce8e40b2828ee8c9e656131c167f966a av-link-btn avia-icon_select-yes-left-icon avia-size-medium avia-position-left avia-color-theme-color-highlight'  target=\"_blank\"  rel=\"noopener noreferrer\"  aria-label=\"Kullan\u0131m K\u0131lavuzu\"><span class='avia_button_icon avia_button_icon_left avia-svg-icon avia-font-svg_entypo-fontello' data-av_svg_icon='book-open' data-av_iconset='svg_entypo-fontello'><svg version=\"1.1\" xmlns=\"http:\/\/www.w3.org\/2000\/svg\" width=\"29\" height=\"32\" viewBox=\"0 0 29 32\" preserveAspectRatio=\"xMidYMid meet\" aria-labelledby='av-svg-title-1' aria-describedby='av-svg-desc-1' role=\"graphics-symbol\">\n<title id='av-svg-title-1'>Book-open<\/title>\n<desc id='av-svg-desc-1'>Book-open<\/desc>\n<path d=\"M10.88 19.584v2.176l-6.4-2.56v-2.176zM10.88 12.928v2.176l-6.4-2.56v-2.176zM28.096 1.856q0.704 0.384 0.704 1.344v20.48q0 1.088-1.024 1.472l-12.736 5.12q-0.256 0.064-0.32 0.064t-0.16 0.032-0.16 0.032-0.16-0.032-0.16-0.032l-0.32-0.064-12.736-5.12q-1.024-0.384-1.024-1.472v-20.48q0-0.96 0.704-1.344 0.704-0.512 1.472-0.192l12.224 4.928 12.224-4.928q0.768-0.32 1.472 0.192zM12.8 27.072v-17.92l-10.24-4.096v17.92zM26.24 22.976v-17.92l-10.24 4.096v17.92zM24.32 17.024v2.176l-6.4 2.56v-2.176zM24.32 10.368v2.176l-6.4 2.56v-2.176z\"><\/path>\n<\/svg><\/span><span class='avia_iconbox_title' >Kullan\u0131m K\u0131lavuzu<\/span><\/a><\/div> <div  id=\"btn_teknikbilgi\"  class='avia-button-wrap av-av_button-e069d87ec5d6298b9b6c476e2dc5aa4e-wrap avia-button-left  avia-builder-el-1  el_after_av_button  avia-builder-el-last '><a href='javascript:void(0);'  class='avia-button av-av_button-e069d87ec5d6298b9b6c476e2dc5aa4e av-link-btn avia-icon_select-yes-left-icon avia-size-medium avia-position-left avia-color-theme-color-highlight'   aria-label=\"Teknik Bilgi\"><span class='avia_button_icon avia_button_icon_left avia-svg-icon avia-font-svg_entypo-fontello' data-av_svg_icon='cog' data-av_iconset='svg_entypo-fontello'><svg version=\"1.1\" xmlns=\"http:\/\/www.w3.org\/2000\/svg\" width=\"27\" height=\"32\" viewBox=\"0 0 27 32\" preserveAspectRatio=\"xMidYMid meet\" aria-labelledby='av-svg-title-2' aria-describedby='av-svg-desc-2' role=\"graphics-symbol\">\n<title id='av-svg-title-2'>Cog<\/title>\n<desc id='av-svg-desc-2'>Cog<\/desc>\n<path d=\"M24.32 16q0 2.304 2.56 3.904-0.384 1.28-1.088 2.624-2.24-0.576-4.352 1.408-1.728 1.856-1.088 4.352-1.28 0.64-2.688 1.152-1.472-2.624-4.224-2.624t-4.224 2.624q-1.408-0.512-2.688-1.152 0.64-2.56-1.088-4.352-1.728-1.728-4.352-1.088-0.448-0.832-1.088-2.624 2.624-1.664 2.624-4.224 0-2.304-2.624-3.968 0.64-1.792 1.088-2.624 2.368 0.576 4.352-1.408 1.728-1.792 1.088-4.352 1.344-0.704 2.688-1.088 1.472 2.56 4.224 2.56t4.224-2.56q1.344 0.384 2.688 1.088-0.64 2.496 1.088 4.352 2.112 1.984 4.352 1.408 0.704 1.344 1.088 2.624-2.56 1.6-2.56 3.968zM13.44 21.824q2.432 0 4.128-1.696t1.696-4.128-1.696-4.16-4.128-1.728-4.128 1.728-1.696 4.16 1.696 4.128 4.128 1.696z\"><\/path>\n<\/svg><\/span><span class='avia_iconbox_title' >Teknik Bilgi<\/span><\/a><\/div><\/p>\n","protected":false},"excerpt":{"rendered":"<p>Y\u00fcr\u00fcme yard\u0131m\u0131na ihtiya\u00e7 duyanlar i\u00e7in birinci s\u0131n\u0131f destek ve kolayl\u0131k sa\u011flamak \u00fczere tasarlanm\u0131\u015f son teknoloji \u00fcr\u00fcn\u00fc bir mobilite cihaz\u0131 olan PR-602 Al\u00fcminyum Kanedyen ile tan\u0131\u015f\u0131n. Bu al\u00fcminyum harikas\u0131, B2B pazar\u0131 ve bireylerin mobilite ihtiya\u00e7lar\u0131n\u0131 kar\u015f\u0131layan kurumlar i\u00e7in \u00f6zel olarak tasarlanm\u0131\u015f geli\u015fmi\u015flik ve dayan\u0131kl\u0131l\u0131\u011f\u0131n somut bir \u00f6rne\u011fidir. PR-602 Al\u00fcminyum Kanedyen, kaliteden \u00f6d\u00fcn vermeden g\u00fcvenilirlik vaat eden [&hellip;]<\/p>\n","protected":false},"featured_media":1663,"comment_status":"open","ping_status":"closed","template":"","meta":[],"product_brand":[],"product_cat":[600],"product_tag":[],"class_list":{"0":"post-1653","1":"product","2":"type-product","3":"status-publish","4":"has-post-thumbnail","6":"product_cat-yurume-gruplari","8":"first","9":"instock","10":"sale","11":"taxable","12":"shipping-taxable","13":"purchasable","14":"product-type-simple"},"yoast_head":"<!-- This site is optimized with the Yoast SEO plugin v27.4 - https:\/\/yoast.com\/product\/yoast-seo-wordpress\/ -->\n<title>PR-602 Al\u00fcminyum Kanedyen - \u0130ntegra Medikal | | Ma\u011faza<\/title>\n<meta name=\"robots\" content=\"index, follow, max-snippet:-1, max-image-preview:large, max-video-preview:-1\" \/>\n<link rel=\"canonical\" href=\"https:\/\/integramedikal.com\/magaza\/urun\/pr-602-aluminyum-kanedyen\/\" \/>\n<meta property=\"og:locale\" content=\"tr_TR\" \/>\n<meta property=\"og:type\" content=\"article\" \/>\n<meta property=\"og:title\" content=\"PR-602 Al\u00fcminyum Kanedyen - \u0130ntegra Medikal | | Ma\u011faza\" \/>\n<meta property=\"og:description\" content=\"Y\u00fcr\u00fcme yard\u0131m\u0131na ihtiya\u00e7 duyanlar i\u00e7in birinci s\u0131n\u0131f destek ve kolayl\u0131k sa\u011flamak \u00fczere tasarlanm\u0131\u015f son teknoloji \u00fcr\u00fcn\u00fc bir mobilite cihaz\u0131 olan PR-602 Al\u00fcminyum Kanedyen ile tan\u0131\u015f\u0131n. Bu al\u00fcminyum harikas\u0131, B2B pazar\u0131 ve bireylerin mobilite ihtiya\u00e7lar\u0131n\u0131 kar\u015f\u0131layan kurumlar i\u00e7in \u00f6zel olarak tasarlanm\u0131\u015f geli\u015fmi\u015flik ve dayan\u0131kl\u0131l\u0131\u011f\u0131n somut bir \u00f6rne\u011fidir. PR-602 Al\u00fcminyum Kanedyen, kaliteden \u00f6d\u00fcn vermeden g\u00fcvenilirlik vaat eden [&hellip;]\" \/>\n<meta property=\"og:url\" content=\"https:\/\/integramedikal.com\/magaza\/urun\/pr-602-aluminyum-kanedyen\/\" \/>\n<meta property=\"og:site_name\" content=\"\u0130ntegra Medikal | | Ma\u011faza\" \/>\n<meta property=\"article:publisher\" content=\"https:\/\/www.facebook.com\/integramedikal1\" \/>\n<meta property=\"article:modified_time\" content=\"2026-04-01T09:04:17+00:00\" \/>\n<meta property=\"og:image\" content=\"https:\/\/integramedikal.com\/magaza\/wp-content\/uploads\/2025\/06\/PR-602.jpg\" \/>\n\t<meta property=\"og:image:width\" content=\"900\" \/>\n\t<meta property=\"og:image:height\" content=\"900\" \/>\n\t<meta property=\"og:image:type\" content=\"image\/jpeg\" \/>\n<meta name=\"twitter:card\" content=\"summary_large_image\" \/>\n<meta name=\"twitter:site\" content=\"@integramedikal\" \/>\n<meta name=\"twitter:label1\" content=\"Tahmini okuma s\u00fcresi\" \/>\n\t<meta name=\"twitter:data1\" content=\"3 dakika\" \/>\n<script type=\"application\/ld+json\" class=\"yoast-schema-graph\">{\"@context\":\"https:\\\/\\\/schema.org\",\"@graph\":[{\"@type\":\"WebPage\",\"@id\":\"https:\\\/\\\/integramedikal.com\\\/magaza\\\/urun\\\/pr-602-aluminyum-kanedyen\\\/\",\"url\":\"https:\\\/\\\/integramedikal.com\\\/magaza\\\/urun\\\/pr-602-aluminyum-kanedyen\\\/\",\"name\":\"PR-602 Al\u00fcminyum Kanedyen - \u0130ntegra Medikal | | Ma\u011faza\",\"isPartOf\":{\"@id\":\"https:\\\/\\\/integramedikal.com\\\/magaza\\\/#website\"},\"primaryImageOfPage\":{\"@id\":\"https:\\\/\\\/integramedikal.com\\\/magaza\\\/urun\\\/pr-602-aluminyum-kanedyen\\\/#primaryimage\"},\"image\":{\"@id\":\"https:\\\/\\\/integramedikal.com\\\/magaza\\\/urun\\\/pr-602-aluminyum-kanedyen\\\/#primaryimage\"},\"thumbnailUrl\":\"https:\\\/\\\/integramedikal.com\\\/magaza\\\/wp-content\\\/uploads\\\/2025\\\/06\\\/PR-602.jpg\",\"datePublished\":\"2025-06-02T20:26:00+00:00\",\"dateModified\":\"2026-04-01T09:04:17+00:00\",\"breadcrumb\":{\"@id\":\"https:\\\/\\\/integramedikal.com\\\/magaza\\\/urun\\\/pr-602-aluminyum-kanedyen\\\/#breadcrumb\"},\"inLanguage\":\"tr\",\"potentialAction\":[{\"@type\":\"ReadAction\",\"target\":[\"https:\\\/\\\/integramedikal.com\\\/magaza\\\/urun\\\/pr-602-aluminyum-kanedyen\\\/\"]}]},{\"@type\":\"ImageObject\",\"inLanguage\":\"tr\",\"@id\":\"https:\\\/\\\/integramedikal.com\\\/magaza\\\/urun\\\/pr-602-aluminyum-kanedyen\\\/#primaryimage\",\"url\":\"https:\\\/\\\/integramedikal.com\\\/magaza\\\/wp-content\\\/uploads\\\/2025\\\/06\\\/PR-602.jpg\",\"contentUrl\":\"https:\\\/\\\/integramedikal.com\\\/magaza\\\/wp-content\\\/uploads\\\/2025\\\/06\\\/PR-602.jpg\",\"width\":900,\"height\":900},{\"@type\":\"BreadcrumbList\",\"@id\":\"https:\\\/\\\/integramedikal.com\\\/magaza\\\/urun\\\/pr-602-aluminyum-kanedyen\\\/#breadcrumb\",\"itemListElement\":[{\"@type\":\"ListItem\",\"position\":1,\"name\":\"Anasayfa\",\"item\":\"https:\\\/\\\/integramedikal.com\\\/magaza\\\/anasayfa\\\/\"},{\"@type\":\"ListItem\",\"position\":2,\"name\":\"Shop\",\"item\":\"https:\\\/\\\/integramedikal.com\\\/magaza\\\/shop\\\/\"},{\"@type\":\"ListItem\",\"position\":3,\"name\":\"PR-602 Al\u00fcminyum Kanedyen\"}]},{\"@type\":\"WebSite\",\"@id\":\"https:\\\/\\\/integramedikal.com\\\/magaza\\\/#website\",\"url\":\"https:\\\/\\\/integramedikal.com\\\/magaza\\\/\",\"name\":\"\u0130ntegra Medikal < | | >Ma\u011faza\",\"description\":\"Sa\u011fl\u0131kta Kalite | Sekt\u00f6rde 25. Y\u0131l\",\"publisher\":{\"@id\":\"https:\\\/\\\/integramedikal.com\\\/magaza\\\/#organization\"},\"potentialAction\":[{\"@type\":\"SearchAction\",\"target\":{\"@type\":\"EntryPoint\",\"urlTemplate\":\"https:\\\/\\\/integramedikal.com\\\/magaza\\\/?s={search_term_string}\"},\"query-input\":{\"@type\":\"PropertyValueSpecification\",\"valueRequired\":true,\"valueName\":\"search_term_string\"}}],\"inLanguage\":\"tr\"},{\"@type\":\"Organization\",\"@id\":\"https:\\\/\\\/integramedikal.com\\\/magaza\\\/#organization\",\"name\":\"\u0130ntegra Medikal < | | >Ma\u011faza\",\"url\":\"https:\\\/\\\/integramedikal.com\\\/magaza\\\/\",\"logo\":{\"@type\":\"ImageObject\",\"inLanguage\":\"tr\",\"@id\":\"https:\\\/\\\/integramedikal.com\\\/magaza\\\/#\\\/schema\\\/logo\\\/image\\\/\",\"url\":\"https:\\\/\\\/integramedikal.com\\\/magaza\\\/wp-content\\\/uploads\\\/2025\\\/06\\\/integra-logo-1.png\",\"contentUrl\":\"https:\\\/\\\/integramedikal.com\\\/magaza\\\/wp-content\\\/uploads\\\/2025\\\/06\\\/integra-logo-1.png\",\"width\":340,\"height\":156,\"caption\":\"\u0130ntegra Medikal < | | >Ma\u011faza\"},\"image\":{\"@id\":\"https:\\\/\\\/integramedikal.com\\\/magaza\\\/#\\\/schema\\\/logo\\\/image\\\/\"},\"sameAs\":[\"https:\\\/\\\/www.facebook.com\\\/integramedikal1\",\"https:\\\/\\\/x.com\\\/integramedikal\",\"https:\\\/\\\/www.instagram.com\\\/integramedikal\\\/\",\"https:\\\/\\\/www.youtube.com\\\/user\\\/integramedikal\"]}]}<\/script>\n<!-- \/ Yoast SEO plugin. -->","yoast_head_json":{"title":"PR-602 Al\u00fcminyum Kanedyen - \u0130ntegra Medikal | | Ma\u011faza","robots":{"index":"index","follow":"follow","max-snippet":"max-snippet:-1","max-image-preview":"max-image-preview:large","max-video-preview":"max-video-preview:-1"},"canonical":"https:\/\/integramedikal.com\/magaza\/urun\/pr-602-aluminyum-kanedyen\/","og_locale":"tr_TR","og_type":"article","og_title":"PR-602 Al\u00fcminyum Kanedyen - \u0130ntegra Medikal | | Ma\u011faza","og_description":"Y\u00fcr\u00fcme yard\u0131m\u0131na ihtiya\u00e7 duyanlar i\u00e7in birinci s\u0131n\u0131f destek ve kolayl\u0131k sa\u011flamak \u00fczere tasarlanm\u0131\u015f son teknoloji \u00fcr\u00fcn\u00fc bir mobilite cihaz\u0131 olan PR-602 Al\u00fcminyum Kanedyen ile tan\u0131\u015f\u0131n. Bu al\u00fcminyum harikas\u0131, B2B pazar\u0131 ve bireylerin mobilite ihtiya\u00e7lar\u0131n\u0131 kar\u015f\u0131layan kurumlar i\u00e7in \u00f6zel olarak tasarlanm\u0131\u015f geli\u015fmi\u015flik ve dayan\u0131kl\u0131l\u0131\u011f\u0131n somut bir \u00f6rne\u011fidir. PR-602 Al\u00fcminyum Kanedyen, kaliteden \u00f6d\u00fcn vermeden g\u00fcvenilirlik vaat eden [&hellip;]","og_url":"https:\/\/integramedikal.com\/magaza\/urun\/pr-602-aluminyum-kanedyen\/","og_site_name":"\u0130ntegra Medikal | | Ma\u011faza","article_publisher":"https:\/\/www.facebook.com\/integramedikal1","article_modified_time":"2026-04-01T09:04:17+00:00","og_image":[{"width":900,"height":900,"url":"https:\/\/integramedikal.com\/magaza\/wp-content\/uploads\/2025\/06\/PR-602.jpg","type":"image\/jpeg"}],"twitter_card":"summary_large_image","twitter_site":"@integramedikal","twitter_misc":{"Tahmini okuma s\u00fcresi":"3 dakika"},"schema":{"@context":"https:\/\/schema.org","@graph":[{"@type":"WebPage","@id":"https:\/\/integramedikal.com\/magaza\/urun\/pr-602-aluminyum-kanedyen\/","url":"https:\/\/integramedikal.com\/magaza\/urun\/pr-602-aluminyum-kanedyen\/","name":"PR-602 Al\u00fcminyum Kanedyen - \u0130ntegra Medikal | | Ma\u011faza","isPartOf":{"@id":"https:\/\/integramedikal.com\/magaza\/#website"},"primaryImageOfPage":{"@id":"https:\/\/integramedikal.com\/magaza\/urun\/pr-602-aluminyum-kanedyen\/#primaryimage"},"image":{"@id":"https:\/\/integramedikal.com\/magaza\/urun\/pr-602-aluminyum-kanedyen\/#primaryimage"},"thumbnailUrl":"https:\/\/integramedikal.com\/magaza\/wp-content\/uploads\/2025\/06\/PR-602.jpg","datePublished":"2025-06-02T20:26:00+00:00","dateModified":"2026-04-01T09:04:17+00:00","breadcrumb":{"@id":"https:\/\/integramedikal.com\/magaza\/urun\/pr-602-aluminyum-kanedyen\/#breadcrumb"},"inLanguage":"tr","potentialAction":[{"@type":"ReadAction","target":["https:\/\/integramedikal.com\/magaza\/urun\/pr-602-aluminyum-kanedyen\/"]}]},{"@type":"ImageObject","inLanguage":"tr","@id":"https:\/\/integramedikal.com\/magaza\/urun\/pr-602-aluminyum-kanedyen\/#primaryimage","url":"https:\/\/integramedikal.com\/magaza\/wp-content\/uploads\/2025\/06\/PR-602.jpg","contentUrl":"https:\/\/integramedikal.com\/magaza\/wp-content\/uploads\/2025\/06\/PR-602.jpg","width":900,"height":900},{"@type":"BreadcrumbList","@id":"https:\/\/integramedikal.com\/magaza\/urun\/pr-602-aluminyum-kanedyen\/#breadcrumb","itemListElement":[{"@type":"ListItem","position":1,"name":"Anasayfa","item":"https:\/\/integramedikal.com\/magaza\/anasayfa\/"},{"@type":"ListItem","position":2,"name":"Shop","item":"https:\/\/integramedikal.com\/magaza\/shop\/"},{"@type":"ListItem","position":3,"name":"PR-602 Al\u00fcminyum Kanedyen"}]},{"@type":"WebSite","@id":"https:\/\/integramedikal.com\/magaza\/#website","url":"https:\/\/integramedikal.com\/magaza\/","name":"\u0130ntegra Medikal < | | >Ma\u011faza","description":"Sa\u011fl\u0131kta Kalite | Sekt\u00f6rde 25. Y\u0131l","publisher":{"@id":"https:\/\/integramedikal.com\/magaza\/#organization"},"potentialAction":[{"@type":"SearchAction","target":{"@type":"EntryPoint","urlTemplate":"https:\/\/integramedikal.com\/magaza\/?s={search_term_string}"},"query-input":{"@type":"PropertyValueSpecification","valueRequired":true,"valueName":"search_term_string"}}],"inLanguage":"tr"},{"@type":"Organization","@id":"https:\/\/integramedikal.com\/magaza\/#organization","name":"\u0130ntegra Medikal < | | >Ma\u011faza","url":"https:\/\/integramedikal.com\/magaza\/","logo":{"@type":"ImageObject","inLanguage":"tr","@id":"https:\/\/integramedikal.com\/magaza\/#\/schema\/logo\/image\/","url":"https:\/\/integramedikal.com\/magaza\/wp-content\/uploads\/2025\/06\/integra-logo-1.png","contentUrl":"https:\/\/integramedikal.com\/magaza\/wp-content\/uploads\/2025\/06\/integra-logo-1.png","width":340,"height":156,"caption":"\u0130ntegra Medikal < | | >Ma\u011faza"},"image":{"@id":"https:\/\/integramedikal.com\/magaza\/#\/schema\/logo\/image\/"},"sameAs":["https:\/\/www.facebook.com\/integramedikal1","https:\/\/x.com\/integramedikal","https:\/\/www.instagram.com\/integramedikal\/","https:\/\/www.youtube.com\/user\/integramedikal"]}]}},"_links":{"self":[{"href":"https:\/\/integramedikal.com\/magaza\/wp-json\/wp\/v2\/product\/1653","targetHints":{"allow":["GET"]}}],"collection":[{"href":"https:\/\/integramedikal.com\/magaza\/wp-json\/wp\/v2\/product"}],"about":[{"href":"https:\/\/integramedikal.com\/magaza\/wp-json\/wp\/v2\/types\/product"}],"replies":[{"embeddable":true,"href":"https:\/\/integramedikal.com\/magaza\/wp-json\/wp\/v2\/comments?post=1653"}],"wp:featuredmedia":[{"embeddable":true,"href":"https:\/\/integramedikal.com\/magaza\/wp-json\/wp\/v2\/media\/1663"}],"wp:attachment":[{"href":"https:\/\/integramedikal.com\/magaza\/wp-json\/wp\/v2\/media?parent=1653"}],"wp:term":[{"taxonomy":"product_brand","embeddable":true,"href":"https:\/\/integramedikal.com\/magaza\/wp-json\/wp\/v2\/product_brand?post=1653"},{"taxonomy":"product_cat","embeddable":true,"href":"https:\/\/integramedikal.com\/magaza\/wp-json\/wp\/v2\/product_cat?post=1653"},{"taxonomy":"product_tag","embeddable":true,"href":"https:\/\/integramedikal.com\/magaza\/wp-json\/wp\/v2\/product_tag?post=1653"}],"curies":[{"name":"wp","href":"https:\/\/api.w.org\/{rel}","templated":true}]}}