{"id":1556,"date":"2025-06-02T23:22:14","date_gmt":"2025-06-02T20:22:14","guid":{"rendered":"https:\/\/integramedikal.com\/magaza\/?post_type=product&#038;p=1556"},"modified":"2025-12-15T10:34:10","modified_gmt":"2025-12-15T07:34:10","slug":"s250-multi-fonksiyonel-akulu-tekerlekli-sandalye","status":"publish","type":"product","link":"https:\/\/integramedikal.com\/magaza\/urun\/s250-multi-fonksiyonel-akulu-tekerlekli-sandalye\/","title":{"rendered":"S250 Multi Fonksiyonel Ak\u00fcl\u00fc Tekerlekli Sandalye"},"content":{"rendered":"<div>S250 \u00c7ok Fonksiyonlu Ak\u00fcl\u00fc Tekerlekli Sandalye, mobilite \u00e7\u00f6z\u00fcmleri pazar\u0131nda inovasyon ve g\u00fcvenilirli\u011fin zirvesini temsil eder. B2B m\u00fc\u015fterilerinin ve mobilite yard\u0131mc\u0131lar\u0131 da\u011f\u0131tan \u015firketlerin taleplerini kar\u015f\u0131lamak i\u00e7in \u00f6zel olarak tasarlanm\u0131\u015f bu \u00fcr\u00fcn, engelliler i\u00e7in hareketli yard\u0131m arenas\u0131nda \u00f6ne \u00e7\u0131k\u0131yor. Sa\u011flam g\u00f6vde yap\u0131s\u0131 ve kullan\u0131c\u0131 taraf\u0131ndan \u00f6nerilen \u00f6zellikleri ile S250, benzersiz performans ve kullan\u0131\u015fl\u0131l\u0131k sunarak onu i\u015f ihtiya\u00e7lar\u0131n\u0131z i\u00e7in m\u00fckemmel bir se\u00e7im haline getirir.<\/div>\n<div><\/div>\n<div>H\u0131zl\u0131 ve g\u00fcvenilir hizmetin kritik do\u011fas\u0131n\u0131 anlayan S250 \u00c7ok Fonksiyonlu Ak\u00fcl\u00fc Tekerlekli Sandalye, i\u015fletmenizin m\u00fc\u015fterilerinize an\u0131nda memnuniyet sa\u011flayabilmesini sa\u011flayan h\u0131zl\u0131 bir nakliye s\u00fcrecine sahiptir. Bu tekerlekli sandalyenin ekonomik y\u00f6n\u00fc, kalitesinden veya i\u015flevselli\u011finden \u00f6d\u00fcn vermez, bu da onu se\u00e7ici engelli ara\u00e7 sa\u011flay\u0131c\u0131lar\u0131 i\u00e7in ideal bir yat\u0131r\u0131m haline getirir. Pratikli\u011fi \u00fcst d\u00fczey performansla harmanlayan bu tekerlekli sandalye ile tekliflerinizi kolayla\u015ft\u0131r\u0131n.<\/div>\n<div><\/div>\n<div><b>Dayan\u0131kl\u0131 Tasar\u0131m ve M\u00fc\u015fteri Memnuniyeti<\/b><\/div>\n<div><b>\u00a0<\/b><\/div>\n<div>S250 \u00c7ok Fonksiyonlu Ak\u00fcl\u00fc Tekerlekli Sandalye sadece m\u00fckemmellik vaat etmekle kalmaz; G\u00fcnl\u00fck kullan\u0131m\u0131n zorluklar\u0131na dayanacak \u015fekilde tasarlanm\u0131\u015f g\u00fc\u00e7l\u00fc bir g\u00f6vde yap\u0131s\u0131 ile sunar. Bu \u00fcr\u00fcn\u00fcn sa\u011flaml\u0131\u011f\u0131, kullan\u0131c\u0131lar\u0131n \u00e7e\u015fitli arazilerde g\u00fcvenle ve rahatl\u0131kla gezinebilmelerini sa\u011flar. Uzun \u00f6m\u00fcrl\u00fcl\u00fck ve g\u00fcvenilirli\u011fin do\u011fas\u0131nda var olan de\u011feri kabul eden tekerlekli sandalye, hem sa\u011flay\u0131c\u0131ya hem de son kullan\u0131c\u0131ya g\u00f6n\u00fcl rahatl\u0131\u011f\u0131 ve g\u00fcvence sunan kapsaml\u0131 bir 2 y\u0131ll\u0131k garanti ile birlikte gelir.<\/div>\n<div><\/div>\n<div>Uyarlanabilirli\u011fi ve kullan\u0131m kolayl\u0131\u011f\u0131 nedeniyle kullan\u0131c\u0131lar taraf\u0131ndan \u00f6nerilen S250, ak\u00fcl\u00fc tekerlekli sandalyeler aras\u0131nda ilk s\u0131ralarda yer edinmi\u015ftir. Kullan\u0131c\u0131lar\u0131ndan gelen bu y\u00fcksek sayg\u0131, tekerlekli sandalyenin kullan\u0131c\u0131 merkezli tasar\u0131m\u0131n\u0131n ve ya\u015fam kaliteleri \u00fczerindeki olumlu etkisinin bir kan\u0131t\u0131d\u0131r. Bu onaylarla i\u015fletmeler, kullan\u0131c\u0131 dostu deneyimiyle be\u011feni toplayan, sahada test edilmi\u015f bir \u00fcr\u00fcn sunduklar\u0131ndan emin olabilirler.<\/div>\n<div><\/div>\n<div><b>Ekonomik Avantaj ve H\u0131zl\u0131 Da\u011f\u0131t\u0131m<\/b><\/div>\n<div><b>\u00a0<\/b><\/div>\n<div>\u00dcr\u00fcn yelpazenizi geni\u015fletmek s\u00f6z konusu oldu\u011funda maliyet etkinli\u011fi kritik bir fakt\u00f6rd\u00fcr ve S250 \u00c7ok Fonksiyonlu Ak\u00fcl\u00fc Tekerlekli Sandalye, kaliteden \u00f6d\u00fcn vermeden ekonomik bir \u00e7\u00f6z\u00fcm sunar. Bir B2B kitlesine hitap etmek, sat\u0131n al\u0131nabilirli\u011fi geli\u015fmi\u015f \u00f6zelliklerle dengelemenin \u00f6nemini anlamak anlam\u0131na gelir ve bu tekerlekli sandalye bu talebi kar\u015f\u0131lar. Engelliler i\u00e7in \u00f6zel mobilite yard\u0131mc\u0131lar\u0131 alan\u0131nda rekabet avantaj\u0131 sunarak \u015firketinize daha fazla de\u011fer sa\u011flar.<\/div>\n<div><\/div>\n<div>G\u00fcn\u00fcm\u00fcz pazar\u0131nda, h\u0131zl\u0131 teslimat, \u00fcr\u00fcn\u00fcn kendisi kadar hayati olabilir. S250, h\u0131zl\u0131 sevkiyat sunarak, envanterinize h\u0131zl\u0131 entegrasyon ve m\u00fc\u015fterileriniz i\u00e7in h\u0131zl\u0131 kullan\u0131labilirlik sa\u011flayarak bu konuda \u00f6ne \u00e7\u0131k\u0131yor. H\u0131zl\u0131 da\u011f\u0131t\u0131ma y\u00f6nelik bu taahh\u00fct, m\u00fc\u015fterilerine hizmet vermede gecikmeleri g\u00f6ze alamayan i\u015fletmelerin ihtiya\u00e7lar\u0131yla m\u00fckemmel bir \u015fekilde uyumludur. S250 \u00c7ok Fonksiyonlu Ak\u00fcl\u00fc Tekerlekli Sandalye bir \u00fcr\u00fcnden daha fazlas\u0131d\u0131r, bir verimlilik ve memnuniyet vaadidir.<\/div>\n<div><\/div>\n<p><div  id=\"btn_klavuz\"  class='avia-button-wrap av-4v3m7o-699c448c5b46012064b8deaf9ad21396-wrap avia-button-left  avia-builder-el-0  el_before_av_button  avia-builder-el-first '><a href='https:\/\/www.integramedikal.com\/magaza\/upload\/kilavuz\/62-s250-multi-fonksiyonel-akulu-tekerlekli-sandalye.pdf'  class='avia-button av-4v3m7o-699c448c5b46012064b8deaf9ad21396 av-link-btn avia-icon_select-yes-left-icon avia-size-medium avia-position-left avia-color-theme-color-highlight'  target=\"_blank\"  rel=\"noopener noreferrer\"  aria-label=\"Kullan\u0131m K\u0131lavuzu\"><span class='avia_button_icon avia_button_icon_left avia-svg-icon avia-font-svg_entypo-fontello' data-av_svg_icon='book-open' data-av_iconset='svg_entypo-fontello'><svg version=\"1.1\" xmlns=\"http:\/\/www.w3.org\/2000\/svg\" width=\"29\" height=\"32\" viewBox=\"0 0 29 32\" preserveAspectRatio=\"xMidYMid meet\" aria-labelledby='av-svg-title-1' aria-describedby='av-svg-desc-1' role=\"graphics-symbol\">\n<title id='av-svg-title-1'>Book-open<\/title>\n<desc id='av-svg-desc-1'>Book-open<\/desc>\n<path d=\"M10.88 19.584v2.176l-6.4-2.56v-2.176zM10.88 12.928v2.176l-6.4-2.56v-2.176zM28.096 1.856q0.704 0.384 0.704 1.344v20.48q0 1.088-1.024 1.472l-12.736 5.12q-0.256 0.064-0.32 0.064t-0.16 0.032-0.16 0.032-0.16-0.032-0.16-0.032l-0.32-0.064-12.736-5.12q-1.024-0.384-1.024-1.472v-20.48q0-0.96 0.704-1.344 0.704-0.512 1.472-0.192l12.224 4.928 12.224-4.928q0.768-0.32 1.472 0.192zM12.8 27.072v-17.92l-10.24-4.096v17.92zM26.24 22.976v-17.92l-10.24 4.096v17.92zM24.32 17.024v2.176l-6.4 2.56v-2.176zM24.32 10.368v2.176l-6.4 2.56v-2.176z\"><\/path>\n<\/svg><\/span><span class='avia_iconbox_title' >Kullan\u0131m K\u0131lavuzu<\/span><\/a><\/div> <div  id=\"btn_teknikbilgi\"  class='avia-button-wrap av-1wd0vo-1a2fd28db550bf6b38f338ec1ab72942-wrap avia-button-left  avia-builder-el-1  el_after_av_button  avia-builder-el-last '><a href='javascript:void(0);'  class='avia-button av-1wd0vo-1a2fd28db550bf6b38f338ec1ab72942 av-link-btn avia-icon_select-yes-left-icon avia-size-medium avia-position-left avia-color-theme-color-highlight'   aria-label=\"Teknik Bilgi\"><span class='avia_button_icon avia_button_icon_left avia-svg-icon avia-font-svg_entypo-fontello' data-av_svg_icon='cog' data-av_iconset='svg_entypo-fontello'><svg version=\"1.1\" xmlns=\"http:\/\/www.w3.org\/2000\/svg\" width=\"27\" height=\"32\" viewBox=\"0 0 27 32\" preserveAspectRatio=\"xMidYMid meet\" aria-labelledby='av-svg-title-2' aria-describedby='av-svg-desc-2' role=\"graphics-symbol\">\n<title id='av-svg-title-2'>Cog<\/title>\n<desc id='av-svg-desc-2'>Cog<\/desc>\n<path d=\"M24.32 16q0 2.304 2.56 3.904-0.384 1.28-1.088 2.624-2.24-0.576-4.352 1.408-1.728 1.856-1.088 4.352-1.28 0.64-2.688 1.152-1.472-2.624-4.224-2.624t-4.224 2.624q-1.408-0.512-2.688-1.152 0.64-2.56-1.088-4.352-1.728-1.728-4.352-1.088-0.448-0.832-1.088-2.624 2.624-1.664 2.624-4.224 0-2.304-2.624-3.968 0.64-1.792 1.088-2.624 2.368 0.576 4.352-1.408 1.728-1.792 1.088-4.352 1.344-0.704 2.688-1.088 1.472 2.56 4.224 2.56t4.224-2.56q1.344 0.384 2.688 1.088-0.64 2.496 1.088 4.352 2.112 1.984 4.352 1.408 0.704 1.344 1.088 2.624-2.56 1.6-2.56 3.968zM13.44 21.824q2.432 0 4.128-1.696t1.696-4.128-1.696-4.16-4.128-1.728-4.128 1.728-1.696 4.16 1.696 4.128 4.128 1.696z\"><\/path>\n<\/svg><\/span><span class='avia_iconbox_title' >Teknik Bilgi<\/span><\/a><\/div><\/p>\n","protected":false},"excerpt":{"rendered":"<p>S250 \u00c7ok Fonksiyonlu Ak\u00fcl\u00fc Tekerlekli Sandalye, mobilite \u00e7\u00f6z\u00fcmleri pazar\u0131nda inovasyon ve g\u00fcvenilirli\u011fin zirvesini temsil eder. B2B m\u00fc\u015fterilerinin ve mobilite yard\u0131mc\u0131lar\u0131 da\u011f\u0131tan \u015firketlerin taleplerini kar\u015f\u0131lamak i\u00e7in \u00f6zel olarak tasarlanm\u0131\u015f bu \u00fcr\u00fcn, engelliler i\u00e7in hareketli yard\u0131m arenas\u0131nda \u00f6ne \u00e7\u0131k\u0131yor. Sa\u011flam g\u00f6vde yap\u0131s\u0131 ve kullan\u0131c\u0131 taraf\u0131ndan \u00f6nerilen \u00f6zellikleri ile S250, benzersiz performans ve kullan\u0131\u015fl\u0131l\u0131k sunarak onu i\u015f ihtiya\u00e7lar\u0131n\u0131z [&hellip;]<\/p>\n","protected":false},"featured_media":1598,"comment_status":"open","ping_status":"closed","template":"","meta":[],"product_brand":[],"product_cat":[302],"product_tag":[],"class_list":{"0":"post-1556","1":"product","2":"type-product","3":"status-publish","4":"has-post-thumbnail","6":"product_cat-akulu-tekerlekli-sandalye","8":"first","9":"outofstock","10":"sale","11":"taxable","12":"shipping-taxable","13":"purchasable","14":"product-type-simple"},"yoast_head":"<!-- This site is optimized with the Yoast SEO plugin v27.4 - https:\/\/yoast.com\/product\/yoast-seo-wordpress\/ -->\n<title>S250 Multi Fonksiyonel Ak\u00fcl\u00fc Tekerlekli Sandalye - \u0130ntegra Medikal | | Ma\u011faza<\/title>\n<meta name=\"robots\" content=\"index, follow, max-snippet:-1, max-image-preview:large, max-video-preview:-1\" \/>\n<link rel=\"canonical\" href=\"https:\/\/integramedikal.com\/magaza\/urun\/s250-multi-fonksiyonel-akulu-tekerlekli-sandalye\/\" \/>\n<meta property=\"og:locale\" content=\"tr_TR\" \/>\n<meta property=\"og:type\" content=\"article\" \/>\n<meta property=\"og:title\" content=\"S250 Multi Fonksiyonel Ak\u00fcl\u00fc Tekerlekli Sandalye - \u0130ntegra Medikal | | Ma\u011faza\" \/>\n<meta property=\"og:description\" content=\"S250 \u00c7ok Fonksiyonlu Ak\u00fcl\u00fc Tekerlekli Sandalye, mobilite \u00e7\u00f6z\u00fcmleri pazar\u0131nda inovasyon ve g\u00fcvenilirli\u011fin zirvesini temsil eder. B2B m\u00fc\u015fterilerinin ve mobilite yard\u0131mc\u0131lar\u0131 da\u011f\u0131tan \u015firketlerin taleplerini kar\u015f\u0131lamak i\u00e7in \u00f6zel olarak tasarlanm\u0131\u015f bu \u00fcr\u00fcn, engelliler i\u00e7in hareketli yard\u0131m arenas\u0131nda \u00f6ne \u00e7\u0131k\u0131yor. Sa\u011flam g\u00f6vde yap\u0131s\u0131 ve kullan\u0131c\u0131 taraf\u0131ndan \u00f6nerilen \u00f6zellikleri ile S250, benzersiz performans ve kullan\u0131\u015fl\u0131l\u0131k sunarak onu i\u015f ihtiya\u00e7lar\u0131n\u0131z [&hellip;]\" \/>\n<meta property=\"og:url\" content=\"https:\/\/integramedikal.com\/magaza\/urun\/s250-multi-fonksiyonel-akulu-tekerlekli-sandalye\/\" \/>\n<meta property=\"og:site_name\" content=\"\u0130ntegra Medikal | | Ma\u011faza\" \/>\n<meta property=\"article:publisher\" content=\"https:\/\/www.facebook.com\/integramedikal1\" \/>\n<meta property=\"article:modified_time\" content=\"2025-12-15T07:34:10+00:00\" \/>\n<meta property=\"og:image\" content=\"https:\/\/integramedikal.com\/magaza\/wp-content\/uploads\/2025\/06\/8009-1.jpg\" \/>\n\t<meta property=\"og:image:width\" content=\"900\" \/>\n\t<meta property=\"og:image:height\" content=\"900\" \/>\n\t<meta property=\"og:image:type\" content=\"image\/jpeg\" \/>\n<meta name=\"twitter:card\" content=\"summary_large_image\" \/>\n<meta name=\"twitter:site\" content=\"@integramedikal\" \/>\n<meta name=\"twitter:label1\" content=\"Tahmini okuma s\u00fcresi\" \/>\n\t<meta name=\"twitter:data1\" content=\"3 dakika\" \/>\n<script type=\"application\/ld+json\" class=\"yoast-schema-graph\">{\"@context\":\"https:\\\/\\\/schema.org\",\"@graph\":[{\"@type\":\"WebPage\",\"@id\":\"https:\\\/\\\/integramedikal.com\\\/magaza\\\/urun\\\/s250-multi-fonksiyonel-akulu-tekerlekli-sandalye\\\/\",\"url\":\"https:\\\/\\\/integramedikal.com\\\/magaza\\\/urun\\\/s250-multi-fonksiyonel-akulu-tekerlekli-sandalye\\\/\",\"name\":\"S250 Multi Fonksiyonel Ak\u00fcl\u00fc Tekerlekli Sandalye - \u0130ntegra Medikal | | Ma\u011faza\",\"isPartOf\":{\"@id\":\"https:\\\/\\\/integramedikal.com\\\/magaza\\\/#website\"},\"primaryImageOfPage\":{\"@id\":\"https:\\\/\\\/integramedikal.com\\\/magaza\\\/urun\\\/s250-multi-fonksiyonel-akulu-tekerlekli-sandalye\\\/#primaryimage\"},\"image\":{\"@id\":\"https:\\\/\\\/integramedikal.com\\\/magaza\\\/urun\\\/s250-multi-fonksiyonel-akulu-tekerlekli-sandalye\\\/#primaryimage\"},\"thumbnailUrl\":\"https:\\\/\\\/integramedikal.com\\\/magaza\\\/wp-content\\\/uploads\\\/2025\\\/06\\\/8009-1.jpg\",\"datePublished\":\"2025-06-02T20:22:14+00:00\",\"dateModified\":\"2025-12-15T07:34:10+00:00\",\"breadcrumb\":{\"@id\":\"https:\\\/\\\/integramedikal.com\\\/magaza\\\/urun\\\/s250-multi-fonksiyonel-akulu-tekerlekli-sandalye\\\/#breadcrumb\"},\"inLanguage\":\"tr\",\"potentialAction\":[{\"@type\":\"ReadAction\",\"target\":[\"https:\\\/\\\/integramedikal.com\\\/magaza\\\/urun\\\/s250-multi-fonksiyonel-akulu-tekerlekli-sandalye\\\/\"]}]},{\"@type\":\"ImageObject\",\"inLanguage\":\"tr\",\"@id\":\"https:\\\/\\\/integramedikal.com\\\/magaza\\\/urun\\\/s250-multi-fonksiyonel-akulu-tekerlekli-sandalye\\\/#primaryimage\",\"url\":\"https:\\\/\\\/integramedikal.com\\\/magaza\\\/wp-content\\\/uploads\\\/2025\\\/06\\\/8009-1.jpg\",\"contentUrl\":\"https:\\\/\\\/integramedikal.com\\\/magaza\\\/wp-content\\\/uploads\\\/2025\\\/06\\\/8009-1.jpg\",\"width\":900,\"height\":900},{\"@type\":\"BreadcrumbList\",\"@id\":\"https:\\\/\\\/integramedikal.com\\\/magaza\\\/urun\\\/s250-multi-fonksiyonel-akulu-tekerlekli-sandalye\\\/#breadcrumb\",\"itemListElement\":[{\"@type\":\"ListItem\",\"position\":1,\"name\":\"Anasayfa\",\"item\":\"https:\\\/\\\/integramedikal.com\\\/magaza\\\/anasayfa\\\/\"},{\"@type\":\"ListItem\",\"position\":2,\"name\":\"Shop\",\"item\":\"https:\\\/\\\/integramedikal.com\\\/magaza\\\/shop\\\/\"},{\"@type\":\"ListItem\",\"position\":3,\"name\":\"S250 Multi Fonksiyonel Ak\u00fcl\u00fc Tekerlekli Sandalye\"}]},{\"@type\":\"WebSite\",\"@id\":\"https:\\\/\\\/integramedikal.com\\\/magaza\\\/#website\",\"url\":\"https:\\\/\\\/integramedikal.com\\\/magaza\\\/\",\"name\":\"\u0130ntegra Medikal < | | >Ma\u011faza\",\"description\":\"Sa\u011fl\u0131kta Kalite | Sekt\u00f6rde 25. Y\u0131l\",\"publisher\":{\"@id\":\"https:\\\/\\\/integramedikal.com\\\/magaza\\\/#organization\"},\"potentialAction\":[{\"@type\":\"SearchAction\",\"target\":{\"@type\":\"EntryPoint\",\"urlTemplate\":\"https:\\\/\\\/integramedikal.com\\\/magaza\\\/?s={search_term_string}\"},\"query-input\":{\"@type\":\"PropertyValueSpecification\",\"valueRequired\":true,\"valueName\":\"search_term_string\"}}],\"inLanguage\":\"tr\"},{\"@type\":\"Organization\",\"@id\":\"https:\\\/\\\/integramedikal.com\\\/magaza\\\/#organization\",\"name\":\"\u0130ntegra Medikal < | | >Ma\u011faza\",\"url\":\"https:\\\/\\\/integramedikal.com\\\/magaza\\\/\",\"logo\":{\"@type\":\"ImageObject\",\"inLanguage\":\"tr\",\"@id\":\"https:\\\/\\\/integramedikal.com\\\/magaza\\\/#\\\/schema\\\/logo\\\/image\\\/\",\"url\":\"https:\\\/\\\/integramedikal.com\\\/magaza\\\/wp-content\\\/uploads\\\/2025\\\/06\\\/integra-logo-1.png\",\"contentUrl\":\"https:\\\/\\\/integramedikal.com\\\/magaza\\\/wp-content\\\/uploads\\\/2025\\\/06\\\/integra-logo-1.png\",\"width\":340,\"height\":156,\"caption\":\"\u0130ntegra Medikal < | | >Ma\u011faza\"},\"image\":{\"@id\":\"https:\\\/\\\/integramedikal.com\\\/magaza\\\/#\\\/schema\\\/logo\\\/image\\\/\"},\"sameAs\":[\"https:\\\/\\\/www.facebook.com\\\/integramedikal1\",\"https:\\\/\\\/x.com\\\/integramedikal\",\"https:\\\/\\\/www.instagram.com\\\/integramedikal\\\/\",\"https:\\\/\\\/www.youtube.com\\\/user\\\/integramedikal\"]}]}<\/script>\n<!-- \/ Yoast SEO plugin. -->","yoast_head_json":{"title":"S250 Multi Fonksiyonel Ak\u00fcl\u00fc Tekerlekli Sandalye - \u0130ntegra Medikal | | Ma\u011faza","robots":{"index":"index","follow":"follow","max-snippet":"max-snippet:-1","max-image-preview":"max-image-preview:large","max-video-preview":"max-video-preview:-1"},"canonical":"https:\/\/integramedikal.com\/magaza\/urun\/s250-multi-fonksiyonel-akulu-tekerlekli-sandalye\/","og_locale":"tr_TR","og_type":"article","og_title":"S250 Multi Fonksiyonel Ak\u00fcl\u00fc Tekerlekli Sandalye - \u0130ntegra Medikal | | Ma\u011faza","og_description":"S250 \u00c7ok Fonksiyonlu Ak\u00fcl\u00fc Tekerlekli Sandalye, mobilite \u00e7\u00f6z\u00fcmleri pazar\u0131nda inovasyon ve g\u00fcvenilirli\u011fin zirvesini temsil eder. B2B m\u00fc\u015fterilerinin ve mobilite yard\u0131mc\u0131lar\u0131 da\u011f\u0131tan \u015firketlerin taleplerini kar\u015f\u0131lamak i\u00e7in \u00f6zel olarak tasarlanm\u0131\u015f bu \u00fcr\u00fcn, engelliler i\u00e7in hareketli yard\u0131m arenas\u0131nda \u00f6ne \u00e7\u0131k\u0131yor. Sa\u011flam g\u00f6vde yap\u0131s\u0131 ve kullan\u0131c\u0131 taraf\u0131ndan \u00f6nerilen \u00f6zellikleri ile S250, benzersiz performans ve kullan\u0131\u015fl\u0131l\u0131k sunarak onu i\u015f ihtiya\u00e7lar\u0131n\u0131z [&hellip;]","og_url":"https:\/\/integramedikal.com\/magaza\/urun\/s250-multi-fonksiyonel-akulu-tekerlekli-sandalye\/","og_site_name":"\u0130ntegra Medikal | | Ma\u011faza","article_publisher":"https:\/\/www.facebook.com\/integramedikal1","article_modified_time":"2025-12-15T07:34:10+00:00","og_image":[{"width":900,"height":900,"url":"https:\/\/integramedikal.com\/magaza\/wp-content\/uploads\/2025\/06\/8009-1.jpg","type":"image\/jpeg"}],"twitter_card":"summary_large_image","twitter_site":"@integramedikal","twitter_misc":{"Tahmini okuma s\u00fcresi":"3 dakika"},"schema":{"@context":"https:\/\/schema.org","@graph":[{"@type":"WebPage","@id":"https:\/\/integramedikal.com\/magaza\/urun\/s250-multi-fonksiyonel-akulu-tekerlekli-sandalye\/","url":"https:\/\/integramedikal.com\/magaza\/urun\/s250-multi-fonksiyonel-akulu-tekerlekli-sandalye\/","name":"S250 Multi Fonksiyonel Ak\u00fcl\u00fc Tekerlekli Sandalye - \u0130ntegra Medikal | | Ma\u011faza","isPartOf":{"@id":"https:\/\/integramedikal.com\/magaza\/#website"},"primaryImageOfPage":{"@id":"https:\/\/integramedikal.com\/magaza\/urun\/s250-multi-fonksiyonel-akulu-tekerlekli-sandalye\/#primaryimage"},"image":{"@id":"https:\/\/integramedikal.com\/magaza\/urun\/s250-multi-fonksiyonel-akulu-tekerlekli-sandalye\/#primaryimage"},"thumbnailUrl":"https:\/\/integramedikal.com\/magaza\/wp-content\/uploads\/2025\/06\/8009-1.jpg","datePublished":"2025-06-02T20:22:14+00:00","dateModified":"2025-12-15T07:34:10+00:00","breadcrumb":{"@id":"https:\/\/integramedikal.com\/magaza\/urun\/s250-multi-fonksiyonel-akulu-tekerlekli-sandalye\/#breadcrumb"},"inLanguage":"tr","potentialAction":[{"@type":"ReadAction","target":["https:\/\/integramedikal.com\/magaza\/urun\/s250-multi-fonksiyonel-akulu-tekerlekli-sandalye\/"]}]},{"@type":"ImageObject","inLanguage":"tr","@id":"https:\/\/integramedikal.com\/magaza\/urun\/s250-multi-fonksiyonel-akulu-tekerlekli-sandalye\/#primaryimage","url":"https:\/\/integramedikal.com\/magaza\/wp-content\/uploads\/2025\/06\/8009-1.jpg","contentUrl":"https:\/\/integramedikal.com\/magaza\/wp-content\/uploads\/2025\/06\/8009-1.jpg","width":900,"height":900},{"@type":"BreadcrumbList","@id":"https:\/\/integramedikal.com\/magaza\/urun\/s250-multi-fonksiyonel-akulu-tekerlekli-sandalye\/#breadcrumb","itemListElement":[{"@type":"ListItem","position":1,"name":"Anasayfa","item":"https:\/\/integramedikal.com\/magaza\/anasayfa\/"},{"@type":"ListItem","position":2,"name":"Shop","item":"https:\/\/integramedikal.com\/magaza\/shop\/"},{"@type":"ListItem","position":3,"name":"S250 Multi Fonksiyonel Ak\u00fcl\u00fc Tekerlekli Sandalye"}]},{"@type":"WebSite","@id":"https:\/\/integramedikal.com\/magaza\/#website","url":"https:\/\/integramedikal.com\/magaza\/","name":"\u0130ntegra Medikal < | | >Ma\u011faza","description":"Sa\u011fl\u0131kta Kalite | Sekt\u00f6rde 25. Y\u0131l","publisher":{"@id":"https:\/\/integramedikal.com\/magaza\/#organization"},"potentialAction":[{"@type":"SearchAction","target":{"@type":"EntryPoint","urlTemplate":"https:\/\/integramedikal.com\/magaza\/?s={search_term_string}"},"query-input":{"@type":"PropertyValueSpecification","valueRequired":true,"valueName":"search_term_string"}}],"inLanguage":"tr"},{"@type":"Organization","@id":"https:\/\/integramedikal.com\/magaza\/#organization","name":"\u0130ntegra Medikal < | | >Ma\u011faza","url":"https:\/\/integramedikal.com\/magaza\/","logo":{"@type":"ImageObject","inLanguage":"tr","@id":"https:\/\/integramedikal.com\/magaza\/#\/schema\/logo\/image\/","url":"https:\/\/integramedikal.com\/magaza\/wp-content\/uploads\/2025\/06\/integra-logo-1.png","contentUrl":"https:\/\/integramedikal.com\/magaza\/wp-content\/uploads\/2025\/06\/integra-logo-1.png","width":340,"height":156,"caption":"\u0130ntegra Medikal < | | >Ma\u011faza"},"image":{"@id":"https:\/\/integramedikal.com\/magaza\/#\/schema\/logo\/image\/"},"sameAs":["https:\/\/www.facebook.com\/integramedikal1","https:\/\/x.com\/integramedikal","https:\/\/www.instagram.com\/integramedikal\/","https:\/\/www.youtube.com\/user\/integramedikal"]}]}},"_links":{"self":[{"href":"https:\/\/integramedikal.com\/magaza\/wp-json\/wp\/v2\/product\/1556","targetHints":{"allow":["GET"]}}],"collection":[{"href":"https:\/\/integramedikal.com\/magaza\/wp-json\/wp\/v2\/product"}],"about":[{"href":"https:\/\/integramedikal.com\/magaza\/wp-json\/wp\/v2\/types\/product"}],"replies":[{"embeddable":true,"href":"https:\/\/integramedikal.com\/magaza\/wp-json\/wp\/v2\/comments?post=1556"}],"wp:featuredmedia":[{"embeddable":true,"href":"https:\/\/integramedikal.com\/magaza\/wp-json\/wp\/v2\/media\/1598"}],"wp:attachment":[{"href":"https:\/\/integramedikal.com\/magaza\/wp-json\/wp\/v2\/media?parent=1556"}],"wp:term":[{"taxonomy":"product_brand","embeddable":true,"href":"https:\/\/integramedikal.com\/magaza\/wp-json\/wp\/v2\/product_brand?post=1556"},{"taxonomy":"product_cat","embeddable":true,"href":"https:\/\/integramedikal.com\/magaza\/wp-json\/wp\/v2\/product_cat?post=1556"},{"taxonomy":"product_tag","embeddable":true,"href":"https:\/\/integramedikal.com\/magaza\/wp-json\/wp\/v2\/product_tag?post=1556"}],"curies":[{"name":"wp","href":"https:\/\/api.w.org\/{rel}","templated":true}]}}