{"id":1552,"date":"2025-06-02T23:22:14","date_gmt":"2025-06-02T20:22:14","guid":{"rendered":"https:\/\/integramedikal.com\/magaza\/?post_type=product&#038;p=1552"},"modified":"2026-04-01T12:05:25","modified_gmt":"2026-04-01T09:05:25","slug":"g468-pediatrik-cerebral-palsy-tekerlekli-sandalye","status":"publish","type":"product","link":"https:\/\/integramedikal.com\/magaza\/urun\/g468-pediatrik-cerebral-palsy-tekerlekli-sandalye\/","title":{"rendered":"G468 Pediatrik Cerebral Palsy Tekerlekli Sandalye"},"content":{"rendered":"<div>Serebral palsili \u00e7ocuklar i\u00e7in en \u00fcst d\u00fczeyde bak\u0131m ve hareketlilik deste\u011fi sa\u011flamak \u00fczere tasarlanm\u0131\u015f en son yenili\u011fimiz olan G468 Pediatrik Serebral Palsi Tekerlekli Sandalyeye ho\u015f geldiniz. Bu kapsaml\u0131 bir \u015fekilde tasarlanm\u0131\u015f mobilite \u00e7\u00f6z\u00fcm\u00fc, g\u00fcc\u00fc konforla uyumlu hale getirir ve gen\u00e7 kullan\u0131c\u0131lar\u0131m\u0131z\u0131n farkl\u0131 ihtiya\u00e7lar\u0131n\u0131 kar\u015f\u0131lamak i\u00e7in \u00fcretilmi\u015ftir. Engelliler i\u00e7in en kaliteli ara\u00e7lar\u0131 arayan \u00f6zenli profesyoneller ve se\u00e7ici B2B m\u00fc\u015fterileri, G468&#8217;de g\u00fcn\u00fcm\u00fcz pazar\u0131nda \u00f6ne \u00e7\u0131kan g\u00fcvenilir, ekonomik a\u00e7\u0131dan mant\u0131kl\u0131 bir se\u00e7im ke\u015ffedecekler.<\/div>\n<div><\/div>\n<div>Pediatrik tekerlekli sandalye kategorisinde g\u00fcvenilir bir \u00fcr\u00fcn\u00fcn kritikli\u011fini anlayan G468&#8217;imiz sadece bir ekipman par\u00e7as\u0131 de\u011fildir; \u00c7ocuklar i\u00e7in geli\u015fmi\u015f g\u00fcnl\u00fck deneyimlere a\u00e7\u0131lan bir kap\u0131d\u0131r, onlar\u0131 hareket \u00f6zg\u00fcrl\u00fc\u011f\u00fc ve ba\u011f\u0131ms\u0131zl\u0131k ile g\u00fc\u00e7lendirir. Tekerlekli sandalyenin sa\u011flam g\u00f6vde yap\u0131s\u0131, uzun \u00f6m\u00fcr ve esneklik sa\u011flayarak kurumsal ortamlar\u0131n gerektirdi\u011fi titiz kullan\u0131mla m\u00fckemmel uyum sa\u011flar. \u00dcst\u00fcn \u00e7ocuk tekerlekli sandalyeleri tedarik etmeye kendini adam\u0131\u015f al\u0131c\u0131lar, bu modeli hem kullan\u0131c\u0131 taraf\u0131ndan \u00f6nerilen hem de herhangi bir mobilite yard\u0131mc\u0131s\u0131 koleksiyonu i\u00e7in bir varl\u0131k olarak g\u00f6receklerdir.<\/div>\n<div><\/div>\n<div><b>Geli\u015ftirme i\u00e7in \u00d6zel Tasar\u0131m<\/b><\/div>\n<div><b><br \/><\/b><\/div>\n<div>G468 Pediatrik Serebral Palsi Tekerlekli Sandalye, tasar\u0131mdaki benzersiz ba\u011fl\u0131l\u0131\u011f\u0131n bir kan\u0131t\u0131d\u0131r. Serebral palsi hastalar\u0131n\u0131n incelikli ihtiya\u00e7lar\u0131n\u0131 g\u00f6z \u00f6n\u00fcnde bulundurarak sadece hareketlilik de\u011fil, ayn\u0131 zamanda g\u00fcn boyunca konfor ve destek de sa\u011flar. Bu \u00f6zveri, dayan\u0131kl\u0131l\u0131k ve stabilite vaat eden g\u00fc\u00e7l\u00fc g\u00f6vde yap\u0131s\u0131na yans\u0131r ve bak\u0131c\u0131lar\u0131n ve kurumlar\u0131n \u00e7ocuklar\u0131n tekerlekli sandalyelerinin dayan\u0131kl\u0131l\u0131\u011f\u0131 ile ilgili endi\u015felerini giderir.<\/div>\n<div><\/div>\n<div>G468, sa\u011flaml\u0131\u011f\u0131n \u00f6tesinde kaliteden \u00f6d\u00fcn vermeden ekonomik bir \u00e7\u00f6z\u00fcm sunar. \u00d6nemli bir de\u011fer sa\u011flayan bu tekerlekli sandalye, serebral palsi hastalar\u0131 i\u00e7in b\u00fct\u00fcnsel bir \u00e7\u00f6z\u00fcm sunmak i\u00e7in temel i\u015flevselli\u011fin \u00f6tesine ge\u00e7er. Bu ekonomik \u00fcr\u00fcn, m\u00fc\u015fterilerimizin \u00fcst\u00fcn bir tekerlekli sandalye edinirken kaynaklar\u0131 etkin bir \u015fekilde tahsis edebilmelerini sa\u011flar ve G468&#8217;i dikkatli b\u00fct\u00e7eleme ile en iyi bak\u0131m\u0131 sunmay\u0131 ama\u00e7layan B2B al\u0131c\u0131lar\u0131 i\u00e7in ideal bir se\u00e7im haline getirir.<\/div>\n<div><\/div>\n<div><b>\u00d6nemli Hizmet ve Destek<\/b><\/div>\n<div><b><br \/><\/b><\/div>\n<div>G\u00fc\u00e7l\u00fc tasar\u0131m\u0131n\u0131 ve ekonomik de\u011ferini tamamlayan G468 Pediatrik Serebral Palsi Tekerlekli Sandalye, c\u00f6mert 2 Y\u0131l Garanti ile desteklenmektedir. Kaliteye olan bu ba\u011fl\u0131l\u0131k, al\u0131c\u0131lara yat\u0131r\u0131mlar\u0131n\u0131n korundu\u011funu garanti eder ve kal\u0131c\u0131 hizmet i\u00e7in bize g\u00fcvenebilirler. G468&#8217;in mevcut kullan\u0131c\u0131lardan ald\u0131\u011f\u0131 y\u00fcksek tavsiyeleri, gururla ta\u015f\u0131d\u0131\u011f\u0131m\u0131z bir g\u00fcven rozeti kazand\u0131ran da bu g\u00fcvencedir.<\/div>\n<div><\/div>\n<div>Ayr\u0131ca m\u00fc\u015fterilerimiz ve onlar\u0131n gen\u00e7 yararlan\u0131c\u0131lar\u0131 i\u00e7in zaman\u0131n \u00f6z\u00fcn\u00fc anl\u0131yoruz. Bu nedenle, \u00fcr\u00fcn\u00fcm\u00fcz i\u00e7in h\u0131zl\u0131 sevkiyat sunuyoruz, b\u00f6ylece ihtiyac\u0131 olan \u00e7ocuklara destek ve \u00f6zerklik sa\u011flamada gereksiz bir gecikme ya\u015fanm\u0131yor. Verimli lojisti\u011fimiz, \u00fcr\u00fcn\u00fcm\u00fcz\u00fcn size h\u0131zl\u0131 bir \u015fekilde ula\u015fmas\u0131n\u0131 sa\u011flayarak, serebral palsili hastalar\u0131 destekleme konusundaki asil \u00e7abada g\u00fcvenilir bir ortak olarak hizmet etmemizi sa\u011flar.<\/div>\n<div><\/div>\n<p><div  id=\"btn_klavuz\"  class='avia-button-wrap av-av_button-cb39e3537eb55ccdaf1f3c17ddfd0761-wrap avia-button-left  avia-builder-el-0  el_before_av_button  avia-builder-el-first '><a href='https:\/\/www.integramedikal.com\/magaza\/upload\/kilavuz\/48-g468-pediatrik-cerebral-palsy-tekerlekli-sandalye.pdf'  class='avia-button av-av_button-cb39e3537eb55ccdaf1f3c17ddfd0761 av-link-btn avia-icon_select-yes-left-icon avia-size-medium avia-position-left avia-color-theme-color-highlight'  target=\"_blank\"  rel=\"noopener noreferrer\"  aria-label=\"Kullan\u0131m K\u0131lavuzu\"><span class='avia_button_icon avia_button_icon_left avia-svg-icon avia-font-svg_entypo-fontello' data-av_svg_icon='book-open' data-av_iconset='svg_entypo-fontello'><svg version=\"1.1\" xmlns=\"http:\/\/www.w3.org\/2000\/svg\" width=\"29\" height=\"32\" viewBox=\"0 0 29 32\" preserveAspectRatio=\"xMidYMid meet\" aria-labelledby='av-svg-title-1' aria-describedby='av-svg-desc-1' role=\"graphics-symbol\">\n<title id='av-svg-title-1'>Book-open<\/title>\n<desc id='av-svg-desc-1'>Book-open<\/desc>\n<path d=\"M10.88 19.584v2.176l-6.4-2.56v-2.176zM10.88 12.928v2.176l-6.4-2.56v-2.176zM28.096 1.856q0.704 0.384 0.704 1.344v20.48q0 1.088-1.024 1.472l-12.736 5.12q-0.256 0.064-0.32 0.064t-0.16 0.032-0.16 0.032-0.16-0.032-0.16-0.032l-0.32-0.064-12.736-5.12q-1.024-0.384-1.024-1.472v-20.48q0-0.96 0.704-1.344 0.704-0.512 1.472-0.192l12.224 4.928 12.224-4.928q0.768-0.32 1.472 0.192zM12.8 27.072v-17.92l-10.24-4.096v17.92zM26.24 22.976v-17.92l-10.24 4.096v17.92zM24.32 17.024v2.176l-6.4 2.56v-2.176zM24.32 10.368v2.176l-6.4 2.56v-2.176z\"><\/path>\n<\/svg><\/span><span class='avia_iconbox_title' >Kullan\u0131m K\u0131lavuzu<\/span><\/a><\/div> <div  id=\"btn_teknikbilgi\"  class='avia-button-wrap av-av_button-e069d87ec5d6298b9b6c476e2dc5aa4e-wrap avia-button-left  avia-builder-el-1  el_after_av_button  avia-builder-el-last '><a href='javascript:void(0);'  class='avia-button av-av_button-e069d87ec5d6298b9b6c476e2dc5aa4e av-link-btn avia-icon_select-yes-left-icon avia-size-medium avia-position-left avia-color-theme-color-highlight'   aria-label=\"Teknik Bilgi\"><span class='avia_button_icon avia_button_icon_left avia-svg-icon avia-font-svg_entypo-fontello' data-av_svg_icon='cog' data-av_iconset='svg_entypo-fontello'><svg version=\"1.1\" xmlns=\"http:\/\/www.w3.org\/2000\/svg\" width=\"27\" height=\"32\" viewBox=\"0 0 27 32\" preserveAspectRatio=\"xMidYMid meet\" aria-labelledby='av-svg-title-2' aria-describedby='av-svg-desc-2' role=\"graphics-symbol\">\n<title id='av-svg-title-2'>Cog<\/title>\n<desc id='av-svg-desc-2'>Cog<\/desc>\n<path d=\"M24.32 16q0 2.304 2.56 3.904-0.384 1.28-1.088 2.624-2.24-0.576-4.352 1.408-1.728 1.856-1.088 4.352-1.28 0.64-2.688 1.152-1.472-2.624-4.224-2.624t-4.224 2.624q-1.408-0.512-2.688-1.152 0.64-2.56-1.088-4.352-1.728-1.728-4.352-1.088-0.448-0.832-1.088-2.624 2.624-1.664 2.624-4.224 0-2.304-2.624-3.968 0.64-1.792 1.088-2.624 2.368 0.576 4.352-1.408 1.728-1.792 1.088-4.352 1.344-0.704 2.688-1.088 1.472 2.56 4.224 2.56t4.224-2.56q1.344 0.384 2.688 1.088-0.64 2.496 1.088 4.352 2.112 1.984 4.352 1.408 0.704 1.344 1.088 2.624-2.56 1.6-2.56 3.968zM13.44 21.824q2.432 0 4.128-1.696t1.696-4.128-1.696-4.16-4.128-1.728-4.128 1.728-1.696 4.16 1.696 4.128 4.128 1.696z\"><\/path>\n<\/svg><\/span><span class='avia_iconbox_title' >Teknik Bilgi<\/span><\/a><\/div><\/p>\n","protected":false},"excerpt":{"rendered":"<p>Serebral palsili \u00e7ocuklar i\u00e7in en \u00fcst d\u00fczeyde bak\u0131m ve hareketlilik deste\u011fi sa\u011flamak \u00fczere tasarlanm\u0131\u015f en son yenili\u011fimiz olan G468 Pediatrik Serebral Palsi Tekerlekli Sandalyeye ho\u015f geldiniz. Bu kapsaml\u0131 bir \u015fekilde tasarlanm\u0131\u015f mobilite \u00e7\u00f6z\u00fcm\u00fc, g\u00fcc\u00fc konforla uyumlu hale getirir ve gen\u00e7 kullan\u0131c\u0131lar\u0131m\u0131z\u0131n farkl\u0131 ihtiya\u00e7lar\u0131n\u0131 kar\u015f\u0131lamak i\u00e7in \u00fcretilmi\u015ftir. Engelliler i\u00e7in en kaliteli ara\u00e7lar\u0131 arayan \u00f6zenli profesyoneller ve [&hellip;]<\/p>\n","protected":false},"featured_media":1575,"comment_status":"open","ping_status":"closed","template":"","meta":[],"product_brand":[],"product_cat":[47],"product_tag":[],"class_list":{"0":"post-1552","1":"product","2":"type-product","3":"status-publish","4":"has-post-thumbnail","6":"product_cat-manuel-tekerlekli-sandalye","8":"first","9":"instock","10":"sale","11":"taxable","12":"shipping-taxable","13":"purchasable","14":"product-type-simple"},"yoast_head":"<!-- This site is optimized with the Yoast SEO plugin v27.4 - https:\/\/yoast.com\/product\/yoast-seo-wordpress\/ -->\n<title>G468 Pediatrik Cerebral Palsy Tekerlekli Sandalye - \u0130ntegra Medikal | | Ma\u011faza<\/title>\n<meta name=\"robots\" content=\"index, follow, max-snippet:-1, max-image-preview:large, max-video-preview:-1\" \/>\n<link rel=\"canonical\" href=\"https:\/\/integramedikal.com\/magaza\/urun\/g468-pediatrik-cerebral-palsy-tekerlekli-sandalye\/\" \/>\n<meta property=\"og:locale\" content=\"tr_TR\" \/>\n<meta property=\"og:type\" content=\"article\" \/>\n<meta property=\"og:title\" content=\"G468 Pediatrik Cerebral Palsy Tekerlekli Sandalye - \u0130ntegra Medikal | | Ma\u011faza\" \/>\n<meta property=\"og:description\" content=\"Serebral palsili \u00e7ocuklar i\u00e7in en \u00fcst d\u00fczeyde bak\u0131m ve hareketlilik deste\u011fi sa\u011flamak \u00fczere tasarlanm\u0131\u015f en son yenili\u011fimiz olan G468 Pediatrik Serebral Palsi Tekerlekli Sandalyeye ho\u015f geldiniz. Bu kapsaml\u0131 bir \u015fekilde tasarlanm\u0131\u015f mobilite \u00e7\u00f6z\u00fcm\u00fc, g\u00fcc\u00fc konforla uyumlu hale getirir ve gen\u00e7 kullan\u0131c\u0131lar\u0131m\u0131z\u0131n farkl\u0131 ihtiya\u00e7lar\u0131n\u0131 kar\u015f\u0131lamak i\u00e7in \u00fcretilmi\u015ftir. Engelliler i\u00e7in en kaliteli ara\u00e7lar\u0131 arayan \u00f6zenli profesyoneller ve [&hellip;]\" \/>\n<meta property=\"og:url\" content=\"https:\/\/integramedikal.com\/magaza\/urun\/g468-pediatrik-cerebral-palsy-tekerlekli-sandalye\/\" \/>\n<meta property=\"og:site_name\" content=\"\u0130ntegra Medikal | | Ma\u011faza\" \/>\n<meta property=\"article:publisher\" content=\"https:\/\/www.facebook.com\/integramedikal1\" \/>\n<meta property=\"article:modified_time\" content=\"2026-04-01T09:05:25+00:00\" \/>\n<meta property=\"og:image\" content=\"https:\/\/integramedikal.com\/magaza\/wp-content\/uploads\/2025\/06\/EWF4.jpg\" \/>\n\t<meta property=\"og:image:width\" content=\"900\" \/>\n\t<meta property=\"og:image:height\" content=\"900\" \/>\n\t<meta property=\"og:image:type\" content=\"image\/jpeg\" \/>\n<meta name=\"twitter:card\" content=\"summary_large_image\" \/>\n<meta name=\"twitter:site\" content=\"@integramedikal\" \/>\n<meta name=\"twitter:label1\" content=\"Tahmini okuma s\u00fcresi\" \/>\n\t<meta name=\"twitter:data1\" content=\"3 dakika\" \/>\n<script type=\"application\/ld+json\" class=\"yoast-schema-graph\">{\"@context\":\"https:\\\/\\\/schema.org\",\"@graph\":[{\"@type\":\"WebPage\",\"@id\":\"https:\\\/\\\/integramedikal.com\\\/magaza\\\/urun\\\/g468-pediatrik-cerebral-palsy-tekerlekli-sandalye\\\/\",\"url\":\"https:\\\/\\\/integramedikal.com\\\/magaza\\\/urun\\\/g468-pediatrik-cerebral-palsy-tekerlekli-sandalye\\\/\",\"name\":\"G468 Pediatrik Cerebral Palsy Tekerlekli Sandalye - \u0130ntegra Medikal | | Ma\u011faza\",\"isPartOf\":{\"@id\":\"https:\\\/\\\/integramedikal.com\\\/magaza\\\/#website\"},\"primaryImageOfPage\":{\"@id\":\"https:\\\/\\\/integramedikal.com\\\/magaza\\\/urun\\\/g468-pediatrik-cerebral-palsy-tekerlekli-sandalye\\\/#primaryimage\"},\"image\":{\"@id\":\"https:\\\/\\\/integramedikal.com\\\/magaza\\\/urun\\\/g468-pediatrik-cerebral-palsy-tekerlekli-sandalye\\\/#primaryimage\"},\"thumbnailUrl\":\"https:\\\/\\\/integramedikal.com\\\/magaza\\\/wp-content\\\/uploads\\\/2025\\\/06\\\/EWF4.jpg\",\"datePublished\":\"2025-06-02T20:22:14+00:00\",\"dateModified\":\"2026-04-01T09:05:25+00:00\",\"breadcrumb\":{\"@id\":\"https:\\\/\\\/integramedikal.com\\\/magaza\\\/urun\\\/g468-pediatrik-cerebral-palsy-tekerlekli-sandalye\\\/#breadcrumb\"},\"inLanguage\":\"tr\",\"potentialAction\":[{\"@type\":\"ReadAction\",\"target\":[\"https:\\\/\\\/integramedikal.com\\\/magaza\\\/urun\\\/g468-pediatrik-cerebral-palsy-tekerlekli-sandalye\\\/\"]}]},{\"@type\":\"ImageObject\",\"inLanguage\":\"tr\",\"@id\":\"https:\\\/\\\/integramedikal.com\\\/magaza\\\/urun\\\/g468-pediatrik-cerebral-palsy-tekerlekli-sandalye\\\/#primaryimage\",\"url\":\"https:\\\/\\\/integramedikal.com\\\/magaza\\\/wp-content\\\/uploads\\\/2025\\\/06\\\/EWF4.jpg\",\"contentUrl\":\"https:\\\/\\\/integramedikal.com\\\/magaza\\\/wp-content\\\/uploads\\\/2025\\\/06\\\/EWF4.jpg\",\"width\":900,\"height\":900},{\"@type\":\"BreadcrumbList\",\"@id\":\"https:\\\/\\\/integramedikal.com\\\/magaza\\\/urun\\\/g468-pediatrik-cerebral-palsy-tekerlekli-sandalye\\\/#breadcrumb\",\"itemListElement\":[{\"@type\":\"ListItem\",\"position\":1,\"name\":\"Anasayfa\",\"item\":\"https:\\\/\\\/integramedikal.com\\\/magaza\\\/anasayfa\\\/\"},{\"@type\":\"ListItem\",\"position\":2,\"name\":\"Shop\",\"item\":\"https:\\\/\\\/integramedikal.com\\\/magaza\\\/shop\\\/\"},{\"@type\":\"ListItem\",\"position\":3,\"name\":\"G468 Pediatrik Cerebral Palsy Tekerlekli Sandalye\"}]},{\"@type\":\"WebSite\",\"@id\":\"https:\\\/\\\/integramedikal.com\\\/magaza\\\/#website\",\"url\":\"https:\\\/\\\/integramedikal.com\\\/magaza\\\/\",\"name\":\"\u0130ntegra Medikal < | | >Ma\u011faza\",\"description\":\"Sa\u011fl\u0131kta Kalite | Sekt\u00f6rde 25. Y\u0131l\",\"publisher\":{\"@id\":\"https:\\\/\\\/integramedikal.com\\\/magaza\\\/#organization\"},\"potentialAction\":[{\"@type\":\"SearchAction\",\"target\":{\"@type\":\"EntryPoint\",\"urlTemplate\":\"https:\\\/\\\/integramedikal.com\\\/magaza\\\/?s={search_term_string}\"},\"query-input\":{\"@type\":\"PropertyValueSpecification\",\"valueRequired\":true,\"valueName\":\"search_term_string\"}}],\"inLanguage\":\"tr\"},{\"@type\":\"Organization\",\"@id\":\"https:\\\/\\\/integramedikal.com\\\/magaza\\\/#organization\",\"name\":\"\u0130ntegra Medikal < | | >Ma\u011faza\",\"url\":\"https:\\\/\\\/integramedikal.com\\\/magaza\\\/\",\"logo\":{\"@type\":\"ImageObject\",\"inLanguage\":\"tr\",\"@id\":\"https:\\\/\\\/integramedikal.com\\\/magaza\\\/#\\\/schema\\\/logo\\\/image\\\/\",\"url\":\"https:\\\/\\\/integramedikal.com\\\/magaza\\\/wp-content\\\/uploads\\\/2025\\\/06\\\/integra-logo-1.png\",\"contentUrl\":\"https:\\\/\\\/integramedikal.com\\\/magaza\\\/wp-content\\\/uploads\\\/2025\\\/06\\\/integra-logo-1.png\",\"width\":340,\"height\":156,\"caption\":\"\u0130ntegra Medikal < | | >Ma\u011faza\"},\"image\":{\"@id\":\"https:\\\/\\\/integramedikal.com\\\/magaza\\\/#\\\/schema\\\/logo\\\/image\\\/\"},\"sameAs\":[\"https:\\\/\\\/www.facebook.com\\\/integramedikal1\",\"https:\\\/\\\/x.com\\\/integramedikal\",\"https:\\\/\\\/www.instagram.com\\\/integramedikal\\\/\",\"https:\\\/\\\/www.youtube.com\\\/user\\\/integramedikal\"]}]}<\/script>\n<!-- \/ Yoast SEO plugin. -->","yoast_head_json":{"title":"G468 Pediatrik Cerebral Palsy Tekerlekli Sandalye - \u0130ntegra Medikal | | Ma\u011faza","robots":{"index":"index","follow":"follow","max-snippet":"max-snippet:-1","max-image-preview":"max-image-preview:large","max-video-preview":"max-video-preview:-1"},"canonical":"https:\/\/integramedikal.com\/magaza\/urun\/g468-pediatrik-cerebral-palsy-tekerlekli-sandalye\/","og_locale":"tr_TR","og_type":"article","og_title":"G468 Pediatrik Cerebral Palsy Tekerlekli Sandalye - \u0130ntegra Medikal | | Ma\u011faza","og_description":"Serebral palsili \u00e7ocuklar i\u00e7in en \u00fcst d\u00fczeyde bak\u0131m ve hareketlilik deste\u011fi sa\u011flamak \u00fczere tasarlanm\u0131\u015f en son yenili\u011fimiz olan G468 Pediatrik Serebral Palsi Tekerlekli Sandalyeye ho\u015f geldiniz. Bu kapsaml\u0131 bir \u015fekilde tasarlanm\u0131\u015f mobilite \u00e7\u00f6z\u00fcm\u00fc, g\u00fcc\u00fc konforla uyumlu hale getirir ve gen\u00e7 kullan\u0131c\u0131lar\u0131m\u0131z\u0131n farkl\u0131 ihtiya\u00e7lar\u0131n\u0131 kar\u015f\u0131lamak i\u00e7in \u00fcretilmi\u015ftir. Engelliler i\u00e7in en kaliteli ara\u00e7lar\u0131 arayan \u00f6zenli profesyoneller ve [&hellip;]","og_url":"https:\/\/integramedikal.com\/magaza\/urun\/g468-pediatrik-cerebral-palsy-tekerlekli-sandalye\/","og_site_name":"\u0130ntegra Medikal | | Ma\u011faza","article_publisher":"https:\/\/www.facebook.com\/integramedikal1","article_modified_time":"2026-04-01T09:05:25+00:00","og_image":[{"width":900,"height":900,"url":"https:\/\/integramedikal.com\/magaza\/wp-content\/uploads\/2025\/06\/EWF4.jpg","type":"image\/jpeg"}],"twitter_card":"summary_large_image","twitter_site":"@integramedikal","twitter_misc":{"Tahmini okuma s\u00fcresi":"3 dakika"},"schema":{"@context":"https:\/\/schema.org","@graph":[{"@type":"WebPage","@id":"https:\/\/integramedikal.com\/magaza\/urun\/g468-pediatrik-cerebral-palsy-tekerlekli-sandalye\/","url":"https:\/\/integramedikal.com\/magaza\/urun\/g468-pediatrik-cerebral-palsy-tekerlekli-sandalye\/","name":"G468 Pediatrik Cerebral Palsy Tekerlekli Sandalye - \u0130ntegra Medikal | | Ma\u011faza","isPartOf":{"@id":"https:\/\/integramedikal.com\/magaza\/#website"},"primaryImageOfPage":{"@id":"https:\/\/integramedikal.com\/magaza\/urun\/g468-pediatrik-cerebral-palsy-tekerlekli-sandalye\/#primaryimage"},"image":{"@id":"https:\/\/integramedikal.com\/magaza\/urun\/g468-pediatrik-cerebral-palsy-tekerlekli-sandalye\/#primaryimage"},"thumbnailUrl":"https:\/\/integramedikal.com\/magaza\/wp-content\/uploads\/2025\/06\/EWF4.jpg","datePublished":"2025-06-02T20:22:14+00:00","dateModified":"2026-04-01T09:05:25+00:00","breadcrumb":{"@id":"https:\/\/integramedikal.com\/magaza\/urun\/g468-pediatrik-cerebral-palsy-tekerlekli-sandalye\/#breadcrumb"},"inLanguage":"tr","potentialAction":[{"@type":"ReadAction","target":["https:\/\/integramedikal.com\/magaza\/urun\/g468-pediatrik-cerebral-palsy-tekerlekli-sandalye\/"]}]},{"@type":"ImageObject","inLanguage":"tr","@id":"https:\/\/integramedikal.com\/magaza\/urun\/g468-pediatrik-cerebral-palsy-tekerlekli-sandalye\/#primaryimage","url":"https:\/\/integramedikal.com\/magaza\/wp-content\/uploads\/2025\/06\/EWF4.jpg","contentUrl":"https:\/\/integramedikal.com\/magaza\/wp-content\/uploads\/2025\/06\/EWF4.jpg","width":900,"height":900},{"@type":"BreadcrumbList","@id":"https:\/\/integramedikal.com\/magaza\/urun\/g468-pediatrik-cerebral-palsy-tekerlekli-sandalye\/#breadcrumb","itemListElement":[{"@type":"ListItem","position":1,"name":"Anasayfa","item":"https:\/\/integramedikal.com\/magaza\/anasayfa\/"},{"@type":"ListItem","position":2,"name":"Shop","item":"https:\/\/integramedikal.com\/magaza\/shop\/"},{"@type":"ListItem","position":3,"name":"G468 Pediatrik Cerebral Palsy Tekerlekli Sandalye"}]},{"@type":"WebSite","@id":"https:\/\/integramedikal.com\/magaza\/#website","url":"https:\/\/integramedikal.com\/magaza\/","name":"\u0130ntegra Medikal < | | >Ma\u011faza","description":"Sa\u011fl\u0131kta Kalite | Sekt\u00f6rde 25. Y\u0131l","publisher":{"@id":"https:\/\/integramedikal.com\/magaza\/#organization"},"potentialAction":[{"@type":"SearchAction","target":{"@type":"EntryPoint","urlTemplate":"https:\/\/integramedikal.com\/magaza\/?s={search_term_string}"},"query-input":{"@type":"PropertyValueSpecification","valueRequired":true,"valueName":"search_term_string"}}],"inLanguage":"tr"},{"@type":"Organization","@id":"https:\/\/integramedikal.com\/magaza\/#organization","name":"\u0130ntegra Medikal < | | >Ma\u011faza","url":"https:\/\/integramedikal.com\/magaza\/","logo":{"@type":"ImageObject","inLanguage":"tr","@id":"https:\/\/integramedikal.com\/magaza\/#\/schema\/logo\/image\/","url":"https:\/\/integramedikal.com\/magaza\/wp-content\/uploads\/2025\/06\/integra-logo-1.png","contentUrl":"https:\/\/integramedikal.com\/magaza\/wp-content\/uploads\/2025\/06\/integra-logo-1.png","width":340,"height":156,"caption":"\u0130ntegra Medikal < | | >Ma\u011faza"},"image":{"@id":"https:\/\/integramedikal.com\/magaza\/#\/schema\/logo\/image\/"},"sameAs":["https:\/\/www.facebook.com\/integramedikal1","https:\/\/x.com\/integramedikal","https:\/\/www.instagram.com\/integramedikal\/","https:\/\/www.youtube.com\/user\/integramedikal"]}]}},"_links":{"self":[{"href":"https:\/\/integramedikal.com\/magaza\/wp-json\/wp\/v2\/product\/1552","targetHints":{"allow":["GET"]}}],"collection":[{"href":"https:\/\/integramedikal.com\/magaza\/wp-json\/wp\/v2\/product"}],"about":[{"href":"https:\/\/integramedikal.com\/magaza\/wp-json\/wp\/v2\/types\/product"}],"replies":[{"embeddable":true,"href":"https:\/\/integramedikal.com\/magaza\/wp-json\/wp\/v2\/comments?post=1552"}],"wp:featuredmedia":[{"embeddable":true,"href":"https:\/\/integramedikal.com\/magaza\/wp-json\/wp\/v2\/media\/1575"}],"wp:attachment":[{"href":"https:\/\/integramedikal.com\/magaza\/wp-json\/wp\/v2\/media?parent=1552"}],"wp:term":[{"taxonomy":"product_brand","embeddable":true,"href":"https:\/\/integramedikal.com\/magaza\/wp-json\/wp\/v2\/product_brand?post=1552"},{"taxonomy":"product_cat","embeddable":true,"href":"https:\/\/integramedikal.com\/magaza\/wp-json\/wp\/v2\/product_cat?post=1552"},{"taxonomy":"product_tag","embeddable":true,"href":"https:\/\/integramedikal.com\/magaza\/wp-json\/wp\/v2\/product_tag?post=1552"}],"curies":[{"name":"wp","href":"https:\/\/api.w.org\/{rel}","templated":true}]}}