{"id":1397,"date":"2025-06-02T23:16:11","date_gmt":"2025-06-02T20:16:11","guid":{"rendered":"https:\/\/integramedikal.com\/magaza\/?post_type=product&#038;p=1397"},"modified":"2026-03-31T16:00:15","modified_gmt":"2026-03-31T13:00:15","slug":"jt-099-katlanir-akulu-tekerlekli-sandalye","status":"publish","type":"product","link":"https:\/\/integramedikal.com\/magaza\/urun\/jt-099-katlanir-akulu-tekerlekli-sandalye\/","title":{"rendered":"JT-099 Katlan\u0131r Ak\u00fcl\u00fc Tekerlekli Sandalye"},"content":{"rendered":"<div>B2B pazar\u0131 ve engellilerin ihtiya\u00e7lar\u0131n\u0131 kar\u015f\u0131layan \u015firketler i\u00e7in mobilite \u00e7\u00f6z\u00fcmlerinde bir at\u0131l\u0131m olan JT-099 Katlan\u0131r Ak\u00fcl\u00fc Tekerlekli Sandalye ile tan\u0131\u015f\u0131n. Bu Ak\u00fcl\u00fc Tekerlekli Sandalye, hem toplu al\u0131c\u0131lar\u0131n hem de \u00f6zel perakendecilerin zorlu gereksinimlerini kar\u015f\u0131lamak i\u00e7in hassas bir \u015fekilde tasarlanm\u0131\u015f i\u015flevsellik, tasar\u0131m ve dayan\u0131kl\u0131l\u0131\u011f\u0131n bir kar\u0131\u015f\u0131m\u0131d\u0131r. JT-099 sadece bir ara\u00e7 de\u011fil; Bu, kullan\u0131c\u0131lar\u0131 g\u00fc\u00e7lendirmek ve i\u015fletmeleri birinci s\u0131n\u0131f hizmetler sunma konusunda desteklemek i\u00e7in haz\u0131rlanm\u0131\u015f bir ba\u011f\u0131ms\u0131zl\u0131k vaadidir.<\/div>\n<div><\/div>\n<div>JT-099&#8217;u di\u011ferlerinden ay\u0131ran \u015fey, sa\u011flam bir g\u00f6vde yap\u0131s\u0131 ile katlanabilir bir tekerlekli sandalye olman\u0131n rahatl\u0131\u011f\u0131n\u0131n benzersiz birle\u015fimidir. Bu dinamik ikili, sandalyenin g\u00fcnl\u00fck kullan\u0131m\u0131n zorluklar\u0131na dayanmas\u0131n\u0131 sa\u011flarken ta\u015f\u0131nabilir ve yerden tasarruf sa\u011flar. Kalite ve uygun fiyat aras\u0131ndaki m\u00fckemmel dengeyi sa\u011flayan ekonomik bir \u00fcr\u00fcnd\u00fcr ve performanstan \u00f6d\u00fcn vermeden m\u00fc\u015fterilerine de\u011fer katmak isteyen bilgili i\u015fletmeler i\u00e7in en uygun se\u00e7imdir.<\/div>\n<div><\/div>\n<div><b>Ola\u011fan\u00fcst\u00fc Kalite ve Dayan\u0131kl\u0131l\u0131k<\/b><\/div>\n<div><b>\u00a0<\/b><\/div>\n<div>JT-099 Katlan\u0131r Ak\u00fcl\u00fc Tekerlekli Sandalye, ola\u011fan\u00fcst\u00fc yap\u0131 kalitesine ve uzun \u00f6m\u00fcrl\u00fcl\u00fc\u011f\u00fcne olan g\u00fcvenimizin alt\u0131n\u0131 \u00e7izen 2 Y\u0131ll\u0131k \u00d6nemli bir Garanti ile birlikte gelir. Bu dayan\u0131kl\u0131 sandalye, hem ki\u015fisel hem de ticari kullan\u0131m\u0131n zorluklar\u0131na dayanacak \u015fekilde tasarlanm\u0131\u015ft\u0131r ve i\u015fletmelere kal\u0131c\u0131 de\u011feri konusunda g\u00fcven verir. G\u00fc\u00e7l\u00fc g\u00f6vde yap\u0131s\u0131 ile JT-099&#8217;un kullan\u0131c\u0131lar taraf\u0131ndan \u015fiddetle tavsiye edilmesi, g\u00fcvenilirli\u011fini ve son t\u00fcketiciye sundu\u011fu memnuniyeti yans\u0131tmas\u0131na \u015fa\u015fmamal\u0131.<\/div>\n<div><\/div>\n<div>B2B alan\u0131nda verimlilik \u00e7ok \u00f6nemlidir ve JT-099, i\u015fletmelerin operasyonel zaman \u00e7izelgelerini kar\u015f\u0131lamak i\u00e7in h\u0131zl\u0131 sevkiyata g\u00fcvenebilmelerini sa\u011flar. Zaman\u0131n m\u00fc\u015fterilerimiz i\u00e7in kritik bir fakt\u00f6r oldu\u011funu anl\u0131yoruz ve bu Katlan\u0131r Ak\u00fcl\u00fc Tekerlekli Sandalye h\u0131zl\u0131 bir \u015fekilde teslim edilmek \u00fczere tasarlanm\u0131\u015ft\u0131r, b\u00f6ylece \u015firketler tedarik zincirlerinde ivme kazanabilir ve m\u00fc\u015fteri memnuniyeti seviyelerini y\u00fcksek tutabilir. H\u0131zland\u0131r\u0131lm\u0131\u015f teslimat s\u00fcreci, benzersiz hizmete olan ba\u011fl\u0131l\u0131\u011f\u0131m\u0131z\u0131 yans\u0131tmaktad\u0131r.<\/div>\n<div><\/div>\n<div><b>\u0130deal Ekonomik \u00c7\u00f6z\u00fcm<\/b><\/div>\n<div><b>\u00a0<\/b><\/div>\n<div>Mobilite yard\u0131mc\u0131lar\u0131n\u0131n rekabet\u00e7i pazar\u0131nda, JT-099 kaliteden \u00f6d\u00fcn vermeyen ekonomik bir \u00fcr\u00fcn olarak \u00f6ne \u00e7\u0131k\u0131yor. \u0130\u015fletmelere, sa\u011flam finansal sa\u011fl\u0131\u011f\u0131 korurken m\u00fc\u015fterilerine de\u011fer sa\u011flama f\u0131rsat\u0131 sunar. Bu Katlan\u0131r Ak\u00fcl\u00fc Tekerlekli Sandalyenin sat\u0131n al\u0131nabilirli\u011fi, onu yeni kurulan \u015firketlerden k\u00f6kl\u00fc i\u015fletmelere kadar \u00e7ok \u00e7e\u015fitli i\u015fletmeler i\u00e7in ula\u015f\u0131labilir bir se\u00e7enek haline getirerek kaliteli mobilite \u00e7\u00f6z\u00fcmlerinin herkes taraf\u0131ndan eri\u015filebilir olmas\u0131n\u0131 sa\u011flar.<\/div>\n<div><\/div>\n<div>Katlan\u0131r tasar\u0131m\u0131n pratikli\u011fini pil g\u00fcc\u00fc g\u00fcvencesiyle birle\u015ftiren JT-099 Katlan\u0131r Ak\u00fcl\u00fc Tekerlekli Sandalye, i\u015fletmelerin ihtiya\u00e7 duydu\u011fu rahatl\u0131\u011f\u0131, verimlili\u011fi ve dayan\u0131kl\u0131l\u0131\u011f\u0131 \u00f6zetler. Kullan\u0131c\u0131 taraf\u0131ndan \u00f6nerilen bir \u00fcr\u00fcn olarak stat\u00fcs\u00fc, hem kullan\u0131c\u0131n\u0131n hem de sa\u011flay\u0131c\u0131n\u0131n taleplerini kar\u015f\u0131lama yetene\u011fi hakk\u0131nda \u00e7ok \u015fey s\u00f6yl\u00fcyor. JT-099&#8217;un \u00fcr\u00fcn yelpazenizde ve mobilite ve \u00f6zg\u00fcrl\u00fck arayan say\u0131s\u0131z bireyin hayat\u0131nda yaratabilece\u011fi d\u00f6n\u00fc\u015ft\u00fcr\u00fcc\u00fc fark\u0131 deneyimleyin.<\/div>\n<div><\/div>\n<p><div  id=\"btn_klavuz\"  class='avia-button-wrap av-3psrut-5c9f7722eeb1ef7742d6b3df8cad2947-wrap avia-button-left  avia-builder-el-0  el_before_av_button  avia-builder-el-first '><a href='https:\/\/www.integramedikal.com\/magaza\/upload\/kilavuz\/52-jt-099-katlanir-akulu-tekerlekli-sandalye.pdf'  class='avia-button av-3psrut-5c9f7722eeb1ef7742d6b3df8cad2947 av-link-btn avia-icon_select-yes-left-icon avia-size-medium avia-position-left avia-color-theme-color-highlight'  target=\"_blank\"  rel=\"noopener noreferrer\"  aria-label=\"Kullan\u0131m K\u0131lavuzu\"><span class='avia_button_icon avia_button_icon_left avia-svg-icon avia-font-svg_entypo-fontello' data-av_svg_icon='book-open' data-av_iconset='svg_entypo-fontello'><svg version=\"1.1\" xmlns=\"http:\/\/www.w3.org\/2000\/svg\" width=\"29\" height=\"32\" viewBox=\"0 0 29 32\" preserveAspectRatio=\"xMidYMid meet\" aria-labelledby='av-svg-title-1' aria-describedby='av-svg-desc-1' role=\"graphics-symbol\">\n<title id='av-svg-title-1'>Book-open<\/title>\n<desc id='av-svg-desc-1'>Book-open<\/desc>\n<path d=\"M10.88 19.584v2.176l-6.4-2.56v-2.176zM10.88 12.928v2.176l-6.4-2.56v-2.176zM28.096 1.856q0.704 0.384 0.704 1.344v20.48q0 1.088-1.024 1.472l-12.736 5.12q-0.256 0.064-0.32 0.064t-0.16 0.032-0.16 0.032-0.16-0.032-0.16-0.032l-0.32-0.064-12.736-5.12q-1.024-0.384-1.024-1.472v-20.48q0-0.96 0.704-1.344 0.704-0.512 1.472-0.192l12.224 4.928 12.224-4.928q0.768-0.32 1.472 0.192zM12.8 27.072v-17.92l-10.24-4.096v17.92zM26.24 22.976v-17.92l-10.24 4.096v17.92zM24.32 17.024v2.176l-6.4 2.56v-2.176zM24.32 10.368v2.176l-6.4 2.56v-2.176z\"><\/path>\n<\/svg><\/span><span class='avia_iconbox_title' >Kullan\u0131m K\u0131lavuzu<\/span><\/a><\/div> <div  id=\"btn_teknikbilgi\"  class='avia-button-wrap av-8lbc5-368b6a538ef9a92a2906fbb91790ef81-wrap avia-button-left  avia-builder-el-1  el_after_av_button  avia-builder-el-last '><a href='javascript:void(0);'  class='avia-button av-8lbc5-368b6a538ef9a92a2906fbb91790ef81 av-link-btn avia-icon_select-yes-left-icon avia-size-medium avia-position-left avia-color-theme-color-highlight'   aria-label=\"Teknik Bilgi\"><span class='avia_button_icon avia_button_icon_left avia-svg-icon avia-font-svg_entypo-fontello' data-av_svg_icon='cog' data-av_iconset='svg_entypo-fontello'><svg version=\"1.1\" xmlns=\"http:\/\/www.w3.org\/2000\/svg\" width=\"27\" height=\"32\" viewBox=\"0 0 27 32\" preserveAspectRatio=\"xMidYMid meet\" aria-labelledby='av-svg-title-2' aria-describedby='av-svg-desc-2' role=\"graphics-symbol\">\n<title id='av-svg-title-2'>Cog<\/title>\n<desc id='av-svg-desc-2'>Cog<\/desc>\n<path d=\"M24.32 16q0 2.304 2.56 3.904-0.384 1.28-1.088 2.624-2.24-0.576-4.352 1.408-1.728 1.856-1.088 4.352-1.28 0.64-2.688 1.152-1.472-2.624-4.224-2.624t-4.224 2.624q-1.408-0.512-2.688-1.152 0.64-2.56-1.088-4.352-1.728-1.728-4.352-1.088-0.448-0.832-1.088-2.624 2.624-1.664 2.624-4.224 0-2.304-2.624-3.968 0.64-1.792 1.088-2.624 2.368 0.576 4.352-1.408 1.728-1.792 1.088-4.352 1.344-0.704 2.688-1.088 1.472 2.56 4.224 2.56t4.224-2.56q1.344 0.384 2.688 1.088-0.64 2.496 1.088 4.352 2.112 1.984 4.352 1.408 0.704 1.344 1.088 2.624-2.56 1.6-2.56 3.968zM13.44 21.824q2.432 0 4.128-1.696t1.696-4.128-1.696-4.16-4.128-1.728-4.128 1.728-1.696 4.16 1.696 4.128 4.128 1.696z\"><\/path>\n<\/svg><\/span><span class='avia_iconbox_title' >Teknik Bilgi<\/span><\/a><\/div><\/p>\n","protected":false},"excerpt":{"rendered":"<p>B2B pazar\u0131 ve engellilerin ihtiya\u00e7lar\u0131n\u0131 kar\u015f\u0131layan \u015firketler i\u00e7in mobilite \u00e7\u00f6z\u00fcmlerinde bir at\u0131l\u0131m olan JT-099 Katlan\u0131r Ak\u00fcl\u00fc Tekerlekli Sandalye ile tan\u0131\u015f\u0131n. Bu Ak\u00fcl\u00fc Tekerlekli Sandalye, hem toplu al\u0131c\u0131lar\u0131n hem de \u00f6zel perakendecilerin zorlu gereksinimlerini kar\u015f\u0131lamak i\u00e7in hassas bir \u015fekilde tasarlanm\u0131\u015f i\u015flevsellik, tasar\u0131m ve dayan\u0131kl\u0131l\u0131\u011f\u0131n bir kar\u0131\u015f\u0131m\u0131d\u0131r. JT-099 sadece bir ara\u00e7 de\u011fil; Bu, kullan\u0131c\u0131lar\u0131 g\u00fc\u00e7lendirmek ve i\u015fletmeleri [&hellip;]<\/p>\n","protected":false},"featured_media":1438,"comment_status":"open","ping_status":"closed","template":"","meta":[],"product_brand":[],"product_cat":[302],"product_tag":[],"class_list":{"0":"post-1397","1":"product","2":"type-product","3":"status-publish","4":"has-post-thumbnail","6":"product_cat-akulu-tekerlekli-sandalye","8":"first","9":"outofstock","10":"sale","11":"taxable","12":"shipping-taxable","13":"purchasable","14":"product-type-simple"},"yoast_head":"<!-- This site is optimized with the Yoast SEO plugin v27.4 - https:\/\/yoast.com\/product\/yoast-seo-wordpress\/ -->\n<title>JT-099 Katlan\u0131r Ak\u00fcl\u00fc Tekerlekli Sandalye - \u0130ntegra Medikal | | Ma\u011faza<\/title>\n<meta name=\"robots\" content=\"index, follow, max-snippet:-1, max-image-preview:large, max-video-preview:-1\" \/>\n<link rel=\"canonical\" href=\"https:\/\/integramedikal.com\/magaza\/urun\/jt-099-katlanir-akulu-tekerlekli-sandalye\/\" \/>\n<meta property=\"og:locale\" content=\"tr_TR\" \/>\n<meta property=\"og:type\" content=\"article\" \/>\n<meta property=\"og:title\" content=\"JT-099 Katlan\u0131r Ak\u00fcl\u00fc Tekerlekli Sandalye - \u0130ntegra Medikal | | Ma\u011faza\" \/>\n<meta property=\"og:description\" content=\"B2B pazar\u0131 ve engellilerin ihtiya\u00e7lar\u0131n\u0131 kar\u015f\u0131layan \u015firketler i\u00e7in mobilite \u00e7\u00f6z\u00fcmlerinde bir at\u0131l\u0131m olan JT-099 Katlan\u0131r Ak\u00fcl\u00fc Tekerlekli Sandalye ile tan\u0131\u015f\u0131n. Bu Ak\u00fcl\u00fc Tekerlekli Sandalye, hem toplu al\u0131c\u0131lar\u0131n hem de \u00f6zel perakendecilerin zorlu gereksinimlerini kar\u015f\u0131lamak i\u00e7in hassas bir \u015fekilde tasarlanm\u0131\u015f i\u015flevsellik, tasar\u0131m ve dayan\u0131kl\u0131l\u0131\u011f\u0131n bir kar\u0131\u015f\u0131m\u0131d\u0131r. JT-099 sadece bir ara\u00e7 de\u011fil; Bu, kullan\u0131c\u0131lar\u0131 g\u00fc\u00e7lendirmek ve i\u015fletmeleri [&hellip;]\" \/>\n<meta property=\"og:url\" content=\"https:\/\/integramedikal.com\/magaza\/urun\/jt-099-katlanir-akulu-tekerlekli-sandalye\/\" \/>\n<meta property=\"og:site_name\" content=\"\u0130ntegra Medikal | | Ma\u011faza\" \/>\n<meta property=\"article:publisher\" content=\"https:\/\/www.facebook.com\/integramedikal1\" \/>\n<meta property=\"article:modified_time\" content=\"2026-03-31T13:00:15+00:00\" \/>\n<meta property=\"og:image\" content=\"https:\/\/integramedikal.com\/magaza\/wp-content\/uploads\/2025\/06\/gh5.jpg\" \/>\n\t<meta property=\"og:image:width\" content=\"900\" \/>\n\t<meta property=\"og:image:height\" content=\"900\" \/>\n\t<meta property=\"og:image:type\" content=\"image\/jpeg\" \/>\n<meta name=\"twitter:card\" content=\"summary_large_image\" \/>\n<meta name=\"twitter:site\" content=\"@integramedikal\" \/>\n<meta name=\"twitter:label1\" content=\"Tahmini okuma s\u00fcresi\" \/>\n\t<meta name=\"twitter:data1\" content=\"3 dakika\" \/>\n<script type=\"application\/ld+json\" class=\"yoast-schema-graph\">{\"@context\":\"https:\\\/\\\/schema.org\",\"@graph\":[{\"@type\":\"WebPage\",\"@id\":\"https:\\\/\\\/integramedikal.com\\\/magaza\\\/urun\\\/jt-099-katlanir-akulu-tekerlekli-sandalye\\\/\",\"url\":\"https:\\\/\\\/integramedikal.com\\\/magaza\\\/urun\\\/jt-099-katlanir-akulu-tekerlekli-sandalye\\\/\",\"name\":\"JT-099 Katlan\u0131r Ak\u00fcl\u00fc Tekerlekli Sandalye - \u0130ntegra Medikal | | Ma\u011faza\",\"isPartOf\":{\"@id\":\"https:\\\/\\\/integramedikal.com\\\/magaza\\\/#website\"},\"primaryImageOfPage\":{\"@id\":\"https:\\\/\\\/integramedikal.com\\\/magaza\\\/urun\\\/jt-099-katlanir-akulu-tekerlekli-sandalye\\\/#primaryimage\"},\"image\":{\"@id\":\"https:\\\/\\\/integramedikal.com\\\/magaza\\\/urun\\\/jt-099-katlanir-akulu-tekerlekli-sandalye\\\/#primaryimage\"},\"thumbnailUrl\":\"https:\\\/\\\/integramedikal.com\\\/magaza\\\/wp-content\\\/uploads\\\/2025\\\/06\\\/gh5.jpg\",\"datePublished\":\"2025-06-02T20:16:11+00:00\",\"dateModified\":\"2026-03-31T13:00:15+00:00\",\"breadcrumb\":{\"@id\":\"https:\\\/\\\/integramedikal.com\\\/magaza\\\/urun\\\/jt-099-katlanir-akulu-tekerlekli-sandalye\\\/#breadcrumb\"},\"inLanguage\":\"tr\",\"potentialAction\":[{\"@type\":\"ReadAction\",\"target\":[\"https:\\\/\\\/integramedikal.com\\\/magaza\\\/urun\\\/jt-099-katlanir-akulu-tekerlekli-sandalye\\\/\"]}]},{\"@type\":\"ImageObject\",\"inLanguage\":\"tr\",\"@id\":\"https:\\\/\\\/integramedikal.com\\\/magaza\\\/urun\\\/jt-099-katlanir-akulu-tekerlekli-sandalye\\\/#primaryimage\",\"url\":\"https:\\\/\\\/integramedikal.com\\\/magaza\\\/wp-content\\\/uploads\\\/2025\\\/06\\\/gh5.jpg\",\"contentUrl\":\"https:\\\/\\\/integramedikal.com\\\/magaza\\\/wp-content\\\/uploads\\\/2025\\\/06\\\/gh5.jpg\",\"width\":900,\"height\":900},{\"@type\":\"BreadcrumbList\",\"@id\":\"https:\\\/\\\/integramedikal.com\\\/magaza\\\/urun\\\/jt-099-katlanir-akulu-tekerlekli-sandalye\\\/#breadcrumb\",\"itemListElement\":[{\"@type\":\"ListItem\",\"position\":1,\"name\":\"Anasayfa\",\"item\":\"https:\\\/\\\/integramedikal.com\\\/magaza\\\/anasayfa\\\/\"},{\"@type\":\"ListItem\",\"position\":2,\"name\":\"Shop\",\"item\":\"https:\\\/\\\/integramedikal.com\\\/magaza\\\/shop\\\/\"},{\"@type\":\"ListItem\",\"position\":3,\"name\":\"JT-099 Katlan\u0131r Ak\u00fcl\u00fc Tekerlekli Sandalye\"}]},{\"@type\":\"WebSite\",\"@id\":\"https:\\\/\\\/integramedikal.com\\\/magaza\\\/#website\",\"url\":\"https:\\\/\\\/integramedikal.com\\\/magaza\\\/\",\"name\":\"\u0130ntegra Medikal < | | >Ma\u011faza\",\"description\":\"Sa\u011fl\u0131kta Kalite | Sekt\u00f6rde 25. Y\u0131l\",\"publisher\":{\"@id\":\"https:\\\/\\\/integramedikal.com\\\/magaza\\\/#organization\"},\"potentialAction\":[{\"@type\":\"SearchAction\",\"target\":{\"@type\":\"EntryPoint\",\"urlTemplate\":\"https:\\\/\\\/integramedikal.com\\\/magaza\\\/?s={search_term_string}\"},\"query-input\":{\"@type\":\"PropertyValueSpecification\",\"valueRequired\":true,\"valueName\":\"search_term_string\"}}],\"inLanguage\":\"tr\"},{\"@type\":\"Organization\",\"@id\":\"https:\\\/\\\/integramedikal.com\\\/magaza\\\/#organization\",\"name\":\"\u0130ntegra Medikal < | | >Ma\u011faza\",\"url\":\"https:\\\/\\\/integramedikal.com\\\/magaza\\\/\",\"logo\":{\"@type\":\"ImageObject\",\"inLanguage\":\"tr\",\"@id\":\"https:\\\/\\\/integramedikal.com\\\/magaza\\\/#\\\/schema\\\/logo\\\/image\\\/\",\"url\":\"https:\\\/\\\/integramedikal.com\\\/magaza\\\/wp-content\\\/uploads\\\/2025\\\/06\\\/integra-logo-1.png\",\"contentUrl\":\"https:\\\/\\\/integramedikal.com\\\/magaza\\\/wp-content\\\/uploads\\\/2025\\\/06\\\/integra-logo-1.png\",\"width\":340,\"height\":156,\"caption\":\"\u0130ntegra Medikal < | | >Ma\u011faza\"},\"image\":{\"@id\":\"https:\\\/\\\/integramedikal.com\\\/magaza\\\/#\\\/schema\\\/logo\\\/image\\\/\"},\"sameAs\":[\"https:\\\/\\\/www.facebook.com\\\/integramedikal1\",\"https:\\\/\\\/x.com\\\/integramedikal\",\"https:\\\/\\\/www.instagram.com\\\/integramedikal\\\/\",\"https:\\\/\\\/www.youtube.com\\\/user\\\/integramedikal\"]}]}<\/script>\n<!-- \/ Yoast SEO plugin. -->","yoast_head_json":{"title":"JT-099 Katlan\u0131r Ak\u00fcl\u00fc Tekerlekli Sandalye - \u0130ntegra Medikal | | Ma\u011faza","robots":{"index":"index","follow":"follow","max-snippet":"max-snippet:-1","max-image-preview":"max-image-preview:large","max-video-preview":"max-video-preview:-1"},"canonical":"https:\/\/integramedikal.com\/magaza\/urun\/jt-099-katlanir-akulu-tekerlekli-sandalye\/","og_locale":"tr_TR","og_type":"article","og_title":"JT-099 Katlan\u0131r Ak\u00fcl\u00fc Tekerlekli Sandalye - \u0130ntegra Medikal | | Ma\u011faza","og_description":"B2B pazar\u0131 ve engellilerin ihtiya\u00e7lar\u0131n\u0131 kar\u015f\u0131layan \u015firketler i\u00e7in mobilite \u00e7\u00f6z\u00fcmlerinde bir at\u0131l\u0131m olan JT-099 Katlan\u0131r Ak\u00fcl\u00fc Tekerlekli Sandalye ile tan\u0131\u015f\u0131n. Bu Ak\u00fcl\u00fc Tekerlekli Sandalye, hem toplu al\u0131c\u0131lar\u0131n hem de \u00f6zel perakendecilerin zorlu gereksinimlerini kar\u015f\u0131lamak i\u00e7in hassas bir \u015fekilde tasarlanm\u0131\u015f i\u015flevsellik, tasar\u0131m ve dayan\u0131kl\u0131l\u0131\u011f\u0131n bir kar\u0131\u015f\u0131m\u0131d\u0131r. JT-099 sadece bir ara\u00e7 de\u011fil; Bu, kullan\u0131c\u0131lar\u0131 g\u00fc\u00e7lendirmek ve i\u015fletmeleri [&hellip;]","og_url":"https:\/\/integramedikal.com\/magaza\/urun\/jt-099-katlanir-akulu-tekerlekli-sandalye\/","og_site_name":"\u0130ntegra Medikal | | Ma\u011faza","article_publisher":"https:\/\/www.facebook.com\/integramedikal1","article_modified_time":"2026-03-31T13:00:15+00:00","og_image":[{"width":900,"height":900,"url":"https:\/\/integramedikal.com\/magaza\/wp-content\/uploads\/2025\/06\/gh5.jpg","type":"image\/jpeg"}],"twitter_card":"summary_large_image","twitter_site":"@integramedikal","twitter_misc":{"Tahmini okuma s\u00fcresi":"3 dakika"},"schema":{"@context":"https:\/\/schema.org","@graph":[{"@type":"WebPage","@id":"https:\/\/integramedikal.com\/magaza\/urun\/jt-099-katlanir-akulu-tekerlekli-sandalye\/","url":"https:\/\/integramedikal.com\/magaza\/urun\/jt-099-katlanir-akulu-tekerlekli-sandalye\/","name":"JT-099 Katlan\u0131r Ak\u00fcl\u00fc Tekerlekli Sandalye - \u0130ntegra Medikal | | Ma\u011faza","isPartOf":{"@id":"https:\/\/integramedikal.com\/magaza\/#website"},"primaryImageOfPage":{"@id":"https:\/\/integramedikal.com\/magaza\/urun\/jt-099-katlanir-akulu-tekerlekli-sandalye\/#primaryimage"},"image":{"@id":"https:\/\/integramedikal.com\/magaza\/urun\/jt-099-katlanir-akulu-tekerlekli-sandalye\/#primaryimage"},"thumbnailUrl":"https:\/\/integramedikal.com\/magaza\/wp-content\/uploads\/2025\/06\/gh5.jpg","datePublished":"2025-06-02T20:16:11+00:00","dateModified":"2026-03-31T13:00:15+00:00","breadcrumb":{"@id":"https:\/\/integramedikal.com\/magaza\/urun\/jt-099-katlanir-akulu-tekerlekli-sandalye\/#breadcrumb"},"inLanguage":"tr","potentialAction":[{"@type":"ReadAction","target":["https:\/\/integramedikal.com\/magaza\/urun\/jt-099-katlanir-akulu-tekerlekli-sandalye\/"]}]},{"@type":"ImageObject","inLanguage":"tr","@id":"https:\/\/integramedikal.com\/magaza\/urun\/jt-099-katlanir-akulu-tekerlekli-sandalye\/#primaryimage","url":"https:\/\/integramedikal.com\/magaza\/wp-content\/uploads\/2025\/06\/gh5.jpg","contentUrl":"https:\/\/integramedikal.com\/magaza\/wp-content\/uploads\/2025\/06\/gh5.jpg","width":900,"height":900},{"@type":"BreadcrumbList","@id":"https:\/\/integramedikal.com\/magaza\/urun\/jt-099-katlanir-akulu-tekerlekli-sandalye\/#breadcrumb","itemListElement":[{"@type":"ListItem","position":1,"name":"Anasayfa","item":"https:\/\/integramedikal.com\/magaza\/anasayfa\/"},{"@type":"ListItem","position":2,"name":"Shop","item":"https:\/\/integramedikal.com\/magaza\/shop\/"},{"@type":"ListItem","position":3,"name":"JT-099 Katlan\u0131r Ak\u00fcl\u00fc Tekerlekli Sandalye"}]},{"@type":"WebSite","@id":"https:\/\/integramedikal.com\/magaza\/#website","url":"https:\/\/integramedikal.com\/magaza\/","name":"\u0130ntegra Medikal < | | >Ma\u011faza","description":"Sa\u011fl\u0131kta Kalite | Sekt\u00f6rde 25. Y\u0131l","publisher":{"@id":"https:\/\/integramedikal.com\/magaza\/#organization"},"potentialAction":[{"@type":"SearchAction","target":{"@type":"EntryPoint","urlTemplate":"https:\/\/integramedikal.com\/magaza\/?s={search_term_string}"},"query-input":{"@type":"PropertyValueSpecification","valueRequired":true,"valueName":"search_term_string"}}],"inLanguage":"tr"},{"@type":"Organization","@id":"https:\/\/integramedikal.com\/magaza\/#organization","name":"\u0130ntegra Medikal < | | >Ma\u011faza","url":"https:\/\/integramedikal.com\/magaza\/","logo":{"@type":"ImageObject","inLanguage":"tr","@id":"https:\/\/integramedikal.com\/magaza\/#\/schema\/logo\/image\/","url":"https:\/\/integramedikal.com\/magaza\/wp-content\/uploads\/2025\/06\/integra-logo-1.png","contentUrl":"https:\/\/integramedikal.com\/magaza\/wp-content\/uploads\/2025\/06\/integra-logo-1.png","width":340,"height":156,"caption":"\u0130ntegra Medikal < | | >Ma\u011faza"},"image":{"@id":"https:\/\/integramedikal.com\/magaza\/#\/schema\/logo\/image\/"},"sameAs":["https:\/\/www.facebook.com\/integramedikal1","https:\/\/x.com\/integramedikal","https:\/\/www.instagram.com\/integramedikal\/","https:\/\/www.youtube.com\/user\/integramedikal"]}]}},"_links":{"self":[{"href":"https:\/\/integramedikal.com\/magaza\/wp-json\/wp\/v2\/product\/1397","targetHints":{"allow":["GET"]}}],"collection":[{"href":"https:\/\/integramedikal.com\/magaza\/wp-json\/wp\/v2\/product"}],"about":[{"href":"https:\/\/integramedikal.com\/magaza\/wp-json\/wp\/v2\/types\/product"}],"replies":[{"embeddable":true,"href":"https:\/\/integramedikal.com\/magaza\/wp-json\/wp\/v2\/comments?post=1397"}],"wp:featuredmedia":[{"embeddable":true,"href":"https:\/\/integramedikal.com\/magaza\/wp-json\/wp\/v2\/media\/1438"}],"wp:attachment":[{"href":"https:\/\/integramedikal.com\/magaza\/wp-json\/wp\/v2\/media?parent=1397"}],"wp:term":[{"taxonomy":"product_brand","embeddable":true,"href":"https:\/\/integramedikal.com\/magaza\/wp-json\/wp\/v2\/product_brand?post=1397"},{"taxonomy":"product_cat","embeddable":true,"href":"https:\/\/integramedikal.com\/magaza\/wp-json\/wp\/v2\/product_cat?post=1397"},{"taxonomy":"product_tag","embeddable":true,"href":"https:\/\/integramedikal.com\/magaza\/wp-json\/wp\/v2\/product_tag?post=1397"}],"curies":[{"name":"wp","href":"https:\/\/api.w.org\/{rel}","templated":true}]}}