{"id":1339,"date":"2025-06-02T23:12:56","date_gmt":"2025-06-02T20:12:56","guid":{"rendered":"https:\/\/integramedikal.com\/magaza\/?post_type=product&#038;p=1339"},"modified":"2026-02-26T14:49:40","modified_gmt":"2026-02-26T11:49:40","slug":"g501-aluminyum-transfer-sandalyesi","status":"publish","type":"product","link":"https:\/\/integramedikal.com\/magaza\/urun\/g501-aluminyum-transfer-sandalyesi\/","title":{"rendered":"G501 Al\u00fcminyum Transfer Sandalyesi"},"content":{"rendered":"<div>Mobilite \u00e7\u00f6z\u00fcmleri serimizin en son \u00fcyesi olan G501 Al\u00fcminyum Transfer Sandalyesine ho\u015f geldiniz. Ta\u015f\u0131ma kolayl\u0131\u011f\u0131 ve dayan\u0131kl\u0131l\u0131k i\u00e7in \u00f6zel olarak tasarlanan bu transfer tekerlekli sandalye, hastalar i\u00e7in konfor ve B2B al\u0131c\u0131lar\u0131 ve engelli toplulu\u011funa hizmet veren \u015firketler i\u00e7in pratiklik ile birlikte bir inovasyon \u00f6rne\u011fidir. Bu sandalyenin ayr\u0131cal\u0131kl\u0131 \u00f6zellikleri, sa\u011fl\u0131k tesislerinin ve ki\u015fisel kullan\u0131m\u0131n \u00e7e\u015fitli ve dinamik ortamlar\u0131na sorunsuz bir entegrasyon sa\u011flayarak, kullan\u0131c\u0131lar\u0131n\u0131n \u00f6zel ihtiya\u00e7lar\u0131n\u0131 kar\u015f\u0131lamay\u0131 vaat ediyor.<\/div>\n<div><\/div>\n<div>G501 Al\u00fcminyum Transfer Sandalyesi, sa\u011flam ve kullan\u0131c\u0131 taraf\u0131ndan tavsiye edilen g\u00f6vde yap\u0131s\u0131 ile geleneksel bir tekerlekli sandalyenin \u00f6tesine ge\u00e7iyor. T\u0131bbi ortamlar\u0131n ve ki\u015fisel bak\u0131m senaryolar\u0131n\u0131n aciliyetine ve taleplerine ayak uyduracak \u015fekilde form\u00fcle edilen bu transfer sandalyesi, hem bak\u0131c\u0131lara hem de destek alanlara hitap eden unsurlar\u0131 vurgular. G\u00fc\u00e7l\u00fc g\u00f6vde, g\u00fcvenilir kolayl\u0131k \u00f6zellikleriyle birle\u015fti\u011finde, bu \u00fcr\u00fcn\u00fc profesyonel veya \u00f6zel ortamlarda hasta nakli i\u00e7in vazge\u00e7ilmez bir ara\u00e7 olarak ortaya koyuyor.<\/div>\n<div><\/div>\n<div><b>Hasta Transfer Hizmetinin Y\u00fckseltilmesi<\/b><\/div>\n<div><\/div>\n<div>Kalite ve g\u00fcvence, hasta ta\u015f\u0131ma sandalyesinin temel direkleridir ve 2 Y\u0131l Garanti ile vurgulan\u0131r. M\u00fckemmelli\u011fe olan bu ba\u011fl\u0131l\u0131k, sandalyenin sa\u011flam yap\u0131s\u0131n\u0131n ve s\u0131k kullan\u0131m\u0131n zorluklar\u0131na dayanma kapasitesinin bir kan\u0131t\u0131d\u0131r. \u0130ster bir klini\u011fin dar koridorlar\u0131nda gezinin, ister bir evin kapal\u0131 alanlar\u0131nda manevra yap\u0131n, bu sandalye maksimum destek ve hareketlilik sunacak \u015fekilde \u00fcretilmi\u015ftir. Ekonomik yap\u0131s\u0131, mali sorumlulu\u011fu \u00fcst d\u00fczey t\u0131bbi ekipmanla birle\u015ftirmek isteyen kurumlar i\u00e7in ideal se\u00e7im olarak konumunu daha da sa\u011flamla\u015ft\u0131r\u0131yor.<\/div>\n<div><\/div>\n<div>\u0130\u015flevsellik, G501 Transfer Sandalyesinin her y\u00f6n\u00fcyle, \u00f6zellikle de g\u00f6revli i\u00e7in g\u00fcvenli\u011fi ve kontrol\u00fc art\u0131ran yard\u0131mc\u0131 frenlerin dahil edilmesiyle yank\u0131lan\u0131r. Sandalyenin hafifli\u011fi ve katlanabilir tasar\u0131m\u0131, kullan\u0131\u015fl\u0131l\u0131\u011f\u0131n\u0131 art\u0131rarak seyahat ve saklama i\u00e7in uygun hale getirir. Bu \u00f6zellik, sandalyenin seyahatlerde zahmetsizce ta\u015f\u0131nabilmesini ve kullan\u0131lmad\u0131\u011f\u0131nda rahat\u00e7a saklanabilmesini sa\u011flar. Bu \u00e7ok y\u00f6nl\u00fcl\u00fck, k\u0131sa s\u00fcreli hareketlilik i\u00e7in uygun, ancak g\u00fcnl\u00fck transferler i\u00e7in yeterince \u00f6nemli bir sandalyeye ihtiya\u00e7 duyanlar i\u00e7in paha bi\u00e7ilemez.<\/div>\n<div><\/div>\n<div><b>Eri\u015filebilirlik ve Rahatl\u0131k i\u00e7in Tasarland\u0131<\/b><\/div>\n<div><\/div>\n<div>Engellilerin farkl\u0131 ihtiya\u00e7lar\u0131n\u0131 g\u00f6z \u00f6n\u00fcnde bulunduran G501 Transfer Sandalyesi, hem ge\u00e7ici hem de uzun s\u00fcreli kullan\u0131ma uygun \u00e7ok y\u00f6nl\u00fc bir \u00fcr\u00fcn olarak \u00f6ne \u00e7\u0131k\u0131yor. Uyarlanabilirli\u011fi, \u00f6zellikle engelli bireylerin refah\u0131na \u00f6ncelik veren sa\u011fl\u0131k i\u015fletmeleri ve kurulu\u015flar\u0131 i\u00e7in faydal\u0131d\u0131r. Bak\u0131m\u0131n \u00f6z\u00fc g\u00f6z \u00f6n\u00fcnde bulundurularak tasarlanan bu sandalye, sadece hareket etmek i\u00e7in bir ara\u00e7 de\u011fil, ayn\u0131 zamanda ne kadar k\u0131sa veya uzun olursa olsun, \u00f6n\u00fcn\u00fczdeki yolculuk i\u00e7in g\u00fcvenilir bir yol arkada\u015f\u0131 sunar.<\/div>\n<div><\/div>\n<div>G501 Transfer Sandalyesinin h\u0131zland\u0131r\u0131lm\u0131\u015f nakliyesi, hasta bak\u0131m\u0131 ve hizmet sunumu konusundaki aciliyetimizi yans\u0131t\u0131yor. Sa\u011fl\u0131k sekt\u00f6r\u00fcnde zaman\u0131n \u00e7ok \u00f6nemli oldu\u011funu anl\u0131yoruz ve h\u0131zl\u0131 sevkiyat taahh\u00fcd\u00fcm\u00fcz, bu \u00f6rnek \u00fcr\u00fcn\u00fcn B2B m\u00fc\u015fterilerimize h\u0131zl\u0131 bir \u015fekilde ula\u015fmas\u0131n\u0131 sa\u011fl\u0131yor. Sat\u0131n alma i\u015fleminiz i\u00e7in \u00f6nemli kararlar verirken, G501 Al\u00fcminyum Transfer Sandalyesini sadece bir \u00fcr\u00fcn olarak de\u011fil, hasta ta\u015f\u0131ma ve mobilite \u00e7\u00f6z\u00fcmlerindeki bo\u015fluklar\u0131 dolduran \u015fefkat ve verimlili\u011fin ay\u0131rt edici \u00f6zelli\u011fi olarak d\u00fc\u015f\u00fcn\u00fcn.<\/div>\n<div><\/div>\n<p><div  id=\"btn_klavuz\"  class='avia-button-wrap av-av_button-9d20a7e7b52c8b0877a8792dd3a46486-wrap avia-button-left  avia-builder-el-0  el_before_av_button  avia-builder-el-first '><a href='https:\/\/www.integramedikal.com\/magaza\/upload\/kilavuz\/25-g501-aluminyum-transfer-sandalyesi.pdf'  class='avia-button av-av_button-9d20a7e7b52c8b0877a8792dd3a46486 av-link-btn avia-icon_select-yes-left-icon avia-size-medium avia-position-left avia-color-theme-color-highlight'  target=\"_blank\"  rel=\"noopener noreferrer\"  aria-label=\"Kullan\u0131m K\u0131lavuzu\"><span class='avia_button_icon avia_button_icon_left avia-svg-icon avia-font-svg_entypo-fontello' data-av_svg_icon='book-open' data-av_iconset='svg_entypo-fontello'><svg version=\"1.1\" xmlns=\"http:\/\/www.w3.org\/2000\/svg\" width=\"29\" height=\"32\" viewBox=\"0 0 29 32\" preserveAspectRatio=\"xMidYMid meet\" aria-labelledby='av-svg-title-1' aria-describedby='av-svg-desc-1' role=\"graphics-symbol\">\n<title id='av-svg-title-1'>Book-open<\/title>\n<desc id='av-svg-desc-1'>Book-open<\/desc>\n<path d=\"M10.88 19.584v2.176l-6.4-2.56v-2.176zM10.88 12.928v2.176l-6.4-2.56v-2.176zM28.096 1.856q0.704 0.384 0.704 1.344v20.48q0 1.088-1.024 1.472l-12.736 5.12q-0.256 0.064-0.32 0.064t-0.16 0.032-0.16 0.032-0.16-0.032-0.16-0.032l-0.32-0.064-12.736-5.12q-1.024-0.384-1.024-1.472v-20.48q0-0.96 0.704-1.344 0.704-0.512 1.472-0.192l12.224 4.928 12.224-4.928q0.768-0.32 1.472 0.192zM12.8 27.072v-17.92l-10.24-4.096v17.92zM26.24 22.976v-17.92l-10.24 4.096v17.92zM24.32 17.024v2.176l-6.4 2.56v-2.176zM24.32 10.368v2.176l-6.4 2.56v-2.176z\"><\/path>\n<\/svg><\/span><span class='avia_iconbox_title' >Kullan\u0131m K\u0131lavuzu<\/span><\/a><\/div> <div  id=\"btn_teknikbilgi\"  class='avia-button-wrap av-av_button-e069d87ec5d6298b9b6c476e2dc5aa4e-wrap avia-button-left  avia-builder-el-1  el_after_av_button  avia-builder-el-last '><a href='javascript:void(0);'  class='avia-button av-av_button-e069d87ec5d6298b9b6c476e2dc5aa4e av-link-btn avia-icon_select-yes-left-icon avia-size-medium avia-position-left avia-color-theme-color-highlight'   aria-label=\"Teknik Bilgi\"><span class='avia_button_icon avia_button_icon_left avia-svg-icon avia-font-svg_entypo-fontello' data-av_svg_icon='cog' data-av_iconset='svg_entypo-fontello'><svg version=\"1.1\" xmlns=\"http:\/\/www.w3.org\/2000\/svg\" width=\"27\" height=\"32\" viewBox=\"0 0 27 32\" preserveAspectRatio=\"xMidYMid meet\" aria-labelledby='av-svg-title-2' aria-describedby='av-svg-desc-2' role=\"graphics-symbol\">\n<title id='av-svg-title-2'>Cog<\/title>\n<desc id='av-svg-desc-2'>Cog<\/desc>\n<path d=\"M24.32 16q0 2.304 2.56 3.904-0.384 1.28-1.088 2.624-2.24-0.576-4.352 1.408-1.728 1.856-1.088 4.352-1.28 0.64-2.688 1.152-1.472-2.624-4.224-2.624t-4.224 2.624q-1.408-0.512-2.688-1.152 0.64-2.56-1.088-4.352-1.728-1.728-4.352-1.088-0.448-0.832-1.088-2.624 2.624-1.664 2.624-4.224 0-2.304-2.624-3.968 0.64-1.792 1.088-2.624 2.368 0.576 4.352-1.408 1.728-1.792 1.088-4.352 1.344-0.704 2.688-1.088 1.472 2.56 4.224 2.56t4.224-2.56q1.344 0.384 2.688 1.088-0.64 2.496 1.088 4.352 2.112 1.984 4.352 1.408 0.704 1.344 1.088 2.624-2.56 1.6-2.56 3.968zM13.44 21.824q2.432 0 4.128-1.696t1.696-4.128-1.696-4.16-4.128-1.728-4.128 1.728-1.696 4.16 1.696 4.128 4.128 1.696z\"><\/path>\n<\/svg><\/span><span class='avia_iconbox_title' >Teknik Bilgi<\/span><\/a><\/div><\/p>\n","protected":false},"excerpt":{"rendered":"<p>Mobilite \u00e7\u00f6z\u00fcmleri serimizin en son \u00fcyesi olan G501 Al\u00fcminyum Transfer Sandalyesine ho\u015f geldiniz. Ta\u015f\u0131ma kolayl\u0131\u011f\u0131 ve dayan\u0131kl\u0131l\u0131k i\u00e7in \u00f6zel olarak tasarlanan bu transfer tekerlekli sandalye, hastalar i\u00e7in konfor ve B2B al\u0131c\u0131lar\u0131 ve engelli toplulu\u011funa hizmet veren \u015firketler i\u00e7in pratiklik ile birlikte bir inovasyon \u00f6rne\u011fidir. Bu sandalyenin ayr\u0131cal\u0131kl\u0131 \u00f6zellikleri, sa\u011fl\u0131k tesislerinin ve ki\u015fisel kullan\u0131m\u0131n \u00e7e\u015fitli ve [&hellip;]<\/p>\n","protected":false},"featured_media":1349,"comment_status":"open","ping_status":"closed","template":"","meta":[],"product_brand":[],"product_cat":[137],"product_tag":[],"class_list":{"0":"post-1339","1":"product","2":"type-product","3":"status-publish","4":"has-post-thumbnail","6":"product_cat-transfer-sandalyesi","8":"first","9":"outofstock","10":"sale","11":"taxable","12":"shipping-taxable","13":"purchasable","14":"product-type-simple"},"yoast_head":"<!-- This site is optimized with the Yoast SEO plugin v27.4 - https:\/\/yoast.com\/product\/yoast-seo-wordpress\/ -->\n<title>G501 Al\u00fcminyum Transfer Sandalyesi - \u0130ntegra Medikal | | Ma\u011faza<\/title>\n<meta name=\"robots\" content=\"index, follow, max-snippet:-1, max-image-preview:large, max-video-preview:-1\" \/>\n<link rel=\"canonical\" href=\"https:\/\/integramedikal.com\/magaza\/urun\/g501-aluminyum-transfer-sandalyesi\/\" \/>\n<meta property=\"og:locale\" content=\"tr_TR\" \/>\n<meta property=\"og:type\" content=\"article\" \/>\n<meta property=\"og:title\" content=\"G501 Al\u00fcminyum Transfer Sandalyesi - \u0130ntegra Medikal | | Ma\u011faza\" \/>\n<meta property=\"og:description\" content=\"Mobilite \u00e7\u00f6z\u00fcmleri serimizin en son \u00fcyesi olan G501 Al\u00fcminyum Transfer Sandalyesine ho\u015f geldiniz. Ta\u015f\u0131ma kolayl\u0131\u011f\u0131 ve dayan\u0131kl\u0131l\u0131k i\u00e7in \u00f6zel olarak tasarlanan bu transfer tekerlekli sandalye, hastalar i\u00e7in konfor ve B2B al\u0131c\u0131lar\u0131 ve engelli toplulu\u011funa hizmet veren \u015firketler i\u00e7in pratiklik ile birlikte bir inovasyon \u00f6rne\u011fidir. Bu sandalyenin ayr\u0131cal\u0131kl\u0131 \u00f6zellikleri, sa\u011fl\u0131k tesislerinin ve ki\u015fisel kullan\u0131m\u0131n \u00e7e\u015fitli ve [&hellip;]\" \/>\n<meta property=\"og:url\" content=\"https:\/\/integramedikal.com\/magaza\/urun\/g501-aluminyum-transfer-sandalyesi\/\" \/>\n<meta property=\"og:site_name\" content=\"\u0130ntegra Medikal | | Ma\u011faza\" \/>\n<meta property=\"article:publisher\" content=\"https:\/\/www.facebook.com\/integramedikal1\" \/>\n<meta property=\"article:modified_time\" content=\"2026-02-26T11:49:40+00:00\" \/>\n<meta property=\"og:image\" content=\"https:\/\/integramedikal.com\/magaza\/wp-content\/uploads\/2025\/06\/1_copy.png\" \/>\n\t<meta property=\"og:image:width\" content=\"900\" \/>\n\t<meta property=\"og:image:height\" content=\"900\" \/>\n\t<meta property=\"og:image:type\" content=\"image\/png\" \/>\n<meta name=\"twitter:card\" content=\"summary_large_image\" \/>\n<meta name=\"twitter:site\" content=\"@integramedikal\" \/>\n<meta name=\"twitter:label1\" content=\"Tahmini okuma s\u00fcresi\" \/>\n\t<meta name=\"twitter:data1\" content=\"3 dakika\" \/>\n<script type=\"application\/ld+json\" class=\"yoast-schema-graph\">{\"@context\":\"https:\\\/\\\/schema.org\",\"@graph\":[{\"@type\":\"WebPage\",\"@id\":\"https:\\\/\\\/integramedikal.com\\\/magaza\\\/urun\\\/g501-aluminyum-transfer-sandalyesi\\\/\",\"url\":\"https:\\\/\\\/integramedikal.com\\\/magaza\\\/urun\\\/g501-aluminyum-transfer-sandalyesi\\\/\",\"name\":\"G501 Al\u00fcminyum Transfer Sandalyesi - \u0130ntegra Medikal | | Ma\u011faza\",\"isPartOf\":{\"@id\":\"https:\\\/\\\/integramedikal.com\\\/magaza\\\/#website\"},\"primaryImageOfPage\":{\"@id\":\"https:\\\/\\\/integramedikal.com\\\/magaza\\\/urun\\\/g501-aluminyum-transfer-sandalyesi\\\/#primaryimage\"},\"image\":{\"@id\":\"https:\\\/\\\/integramedikal.com\\\/magaza\\\/urun\\\/g501-aluminyum-transfer-sandalyesi\\\/#primaryimage\"},\"thumbnailUrl\":\"https:\\\/\\\/integramedikal.com\\\/magaza\\\/wp-content\\\/uploads\\\/2025\\\/06\\\/1_copy.png\",\"datePublished\":\"2025-06-02T20:12:56+00:00\",\"dateModified\":\"2026-02-26T11:49:40+00:00\",\"breadcrumb\":{\"@id\":\"https:\\\/\\\/integramedikal.com\\\/magaza\\\/urun\\\/g501-aluminyum-transfer-sandalyesi\\\/#breadcrumb\"},\"inLanguage\":\"tr\",\"potentialAction\":[{\"@type\":\"ReadAction\",\"target\":[\"https:\\\/\\\/integramedikal.com\\\/magaza\\\/urun\\\/g501-aluminyum-transfer-sandalyesi\\\/\"]}]},{\"@type\":\"ImageObject\",\"inLanguage\":\"tr\",\"@id\":\"https:\\\/\\\/integramedikal.com\\\/magaza\\\/urun\\\/g501-aluminyum-transfer-sandalyesi\\\/#primaryimage\",\"url\":\"https:\\\/\\\/integramedikal.com\\\/magaza\\\/wp-content\\\/uploads\\\/2025\\\/06\\\/1_copy.png\",\"contentUrl\":\"https:\\\/\\\/integramedikal.com\\\/magaza\\\/wp-content\\\/uploads\\\/2025\\\/06\\\/1_copy.png\",\"width\":900,\"height\":900},{\"@type\":\"BreadcrumbList\",\"@id\":\"https:\\\/\\\/integramedikal.com\\\/magaza\\\/urun\\\/g501-aluminyum-transfer-sandalyesi\\\/#breadcrumb\",\"itemListElement\":[{\"@type\":\"ListItem\",\"position\":1,\"name\":\"Anasayfa\",\"item\":\"https:\\\/\\\/integramedikal.com\\\/magaza\\\/anasayfa\\\/\"},{\"@type\":\"ListItem\",\"position\":2,\"name\":\"Shop\",\"item\":\"https:\\\/\\\/integramedikal.com\\\/magaza\\\/shop\\\/\"},{\"@type\":\"ListItem\",\"position\":3,\"name\":\"G501 Al\u00fcminyum Transfer Sandalyesi\"}]},{\"@type\":\"WebSite\",\"@id\":\"https:\\\/\\\/integramedikal.com\\\/magaza\\\/#website\",\"url\":\"https:\\\/\\\/integramedikal.com\\\/magaza\\\/\",\"name\":\"\u0130ntegra Medikal < | | >Ma\u011faza\",\"description\":\"Sa\u011fl\u0131kta Kalite | Sekt\u00f6rde 25. Y\u0131l\",\"publisher\":{\"@id\":\"https:\\\/\\\/integramedikal.com\\\/magaza\\\/#organization\"},\"potentialAction\":[{\"@type\":\"SearchAction\",\"target\":{\"@type\":\"EntryPoint\",\"urlTemplate\":\"https:\\\/\\\/integramedikal.com\\\/magaza\\\/?s={search_term_string}\"},\"query-input\":{\"@type\":\"PropertyValueSpecification\",\"valueRequired\":true,\"valueName\":\"search_term_string\"}}],\"inLanguage\":\"tr\"},{\"@type\":\"Organization\",\"@id\":\"https:\\\/\\\/integramedikal.com\\\/magaza\\\/#organization\",\"name\":\"\u0130ntegra Medikal < | | >Ma\u011faza\",\"url\":\"https:\\\/\\\/integramedikal.com\\\/magaza\\\/\",\"logo\":{\"@type\":\"ImageObject\",\"inLanguage\":\"tr\",\"@id\":\"https:\\\/\\\/integramedikal.com\\\/magaza\\\/#\\\/schema\\\/logo\\\/image\\\/\",\"url\":\"https:\\\/\\\/integramedikal.com\\\/magaza\\\/wp-content\\\/uploads\\\/2025\\\/06\\\/integra-logo-1.png\",\"contentUrl\":\"https:\\\/\\\/integramedikal.com\\\/magaza\\\/wp-content\\\/uploads\\\/2025\\\/06\\\/integra-logo-1.png\",\"width\":340,\"height\":156,\"caption\":\"\u0130ntegra Medikal < | | >Ma\u011faza\"},\"image\":{\"@id\":\"https:\\\/\\\/integramedikal.com\\\/magaza\\\/#\\\/schema\\\/logo\\\/image\\\/\"},\"sameAs\":[\"https:\\\/\\\/www.facebook.com\\\/integramedikal1\",\"https:\\\/\\\/x.com\\\/integramedikal\",\"https:\\\/\\\/www.instagram.com\\\/integramedikal\\\/\",\"https:\\\/\\\/www.youtube.com\\\/user\\\/integramedikal\"]}]}<\/script>\n<!-- \/ Yoast SEO plugin. -->","yoast_head_json":{"title":"G501 Al\u00fcminyum Transfer Sandalyesi - \u0130ntegra Medikal | | Ma\u011faza","robots":{"index":"index","follow":"follow","max-snippet":"max-snippet:-1","max-image-preview":"max-image-preview:large","max-video-preview":"max-video-preview:-1"},"canonical":"https:\/\/integramedikal.com\/magaza\/urun\/g501-aluminyum-transfer-sandalyesi\/","og_locale":"tr_TR","og_type":"article","og_title":"G501 Al\u00fcminyum Transfer Sandalyesi - \u0130ntegra Medikal | | Ma\u011faza","og_description":"Mobilite \u00e7\u00f6z\u00fcmleri serimizin en son \u00fcyesi olan G501 Al\u00fcminyum Transfer Sandalyesine ho\u015f geldiniz. Ta\u015f\u0131ma kolayl\u0131\u011f\u0131 ve dayan\u0131kl\u0131l\u0131k i\u00e7in \u00f6zel olarak tasarlanan bu transfer tekerlekli sandalye, hastalar i\u00e7in konfor ve B2B al\u0131c\u0131lar\u0131 ve engelli toplulu\u011funa hizmet veren \u015firketler i\u00e7in pratiklik ile birlikte bir inovasyon \u00f6rne\u011fidir. Bu sandalyenin ayr\u0131cal\u0131kl\u0131 \u00f6zellikleri, sa\u011fl\u0131k tesislerinin ve ki\u015fisel kullan\u0131m\u0131n \u00e7e\u015fitli ve [&hellip;]","og_url":"https:\/\/integramedikal.com\/magaza\/urun\/g501-aluminyum-transfer-sandalyesi\/","og_site_name":"\u0130ntegra Medikal | | Ma\u011faza","article_publisher":"https:\/\/www.facebook.com\/integramedikal1","article_modified_time":"2026-02-26T11:49:40+00:00","og_image":[{"width":900,"height":900,"url":"https:\/\/integramedikal.com\/magaza\/wp-content\/uploads\/2025\/06\/1_copy.png","type":"image\/png"}],"twitter_card":"summary_large_image","twitter_site":"@integramedikal","twitter_misc":{"Tahmini okuma s\u00fcresi":"3 dakika"},"schema":{"@context":"https:\/\/schema.org","@graph":[{"@type":"WebPage","@id":"https:\/\/integramedikal.com\/magaza\/urun\/g501-aluminyum-transfer-sandalyesi\/","url":"https:\/\/integramedikal.com\/magaza\/urun\/g501-aluminyum-transfer-sandalyesi\/","name":"G501 Al\u00fcminyum Transfer Sandalyesi - \u0130ntegra Medikal | | Ma\u011faza","isPartOf":{"@id":"https:\/\/integramedikal.com\/magaza\/#website"},"primaryImageOfPage":{"@id":"https:\/\/integramedikal.com\/magaza\/urun\/g501-aluminyum-transfer-sandalyesi\/#primaryimage"},"image":{"@id":"https:\/\/integramedikal.com\/magaza\/urun\/g501-aluminyum-transfer-sandalyesi\/#primaryimage"},"thumbnailUrl":"https:\/\/integramedikal.com\/magaza\/wp-content\/uploads\/2025\/06\/1_copy.png","datePublished":"2025-06-02T20:12:56+00:00","dateModified":"2026-02-26T11:49:40+00:00","breadcrumb":{"@id":"https:\/\/integramedikal.com\/magaza\/urun\/g501-aluminyum-transfer-sandalyesi\/#breadcrumb"},"inLanguage":"tr","potentialAction":[{"@type":"ReadAction","target":["https:\/\/integramedikal.com\/magaza\/urun\/g501-aluminyum-transfer-sandalyesi\/"]}]},{"@type":"ImageObject","inLanguage":"tr","@id":"https:\/\/integramedikal.com\/magaza\/urun\/g501-aluminyum-transfer-sandalyesi\/#primaryimage","url":"https:\/\/integramedikal.com\/magaza\/wp-content\/uploads\/2025\/06\/1_copy.png","contentUrl":"https:\/\/integramedikal.com\/magaza\/wp-content\/uploads\/2025\/06\/1_copy.png","width":900,"height":900},{"@type":"BreadcrumbList","@id":"https:\/\/integramedikal.com\/magaza\/urun\/g501-aluminyum-transfer-sandalyesi\/#breadcrumb","itemListElement":[{"@type":"ListItem","position":1,"name":"Anasayfa","item":"https:\/\/integramedikal.com\/magaza\/anasayfa\/"},{"@type":"ListItem","position":2,"name":"Shop","item":"https:\/\/integramedikal.com\/magaza\/shop\/"},{"@type":"ListItem","position":3,"name":"G501 Al\u00fcminyum Transfer Sandalyesi"}]},{"@type":"WebSite","@id":"https:\/\/integramedikal.com\/magaza\/#website","url":"https:\/\/integramedikal.com\/magaza\/","name":"\u0130ntegra Medikal < | | >Ma\u011faza","description":"Sa\u011fl\u0131kta Kalite | Sekt\u00f6rde 25. Y\u0131l","publisher":{"@id":"https:\/\/integramedikal.com\/magaza\/#organization"},"potentialAction":[{"@type":"SearchAction","target":{"@type":"EntryPoint","urlTemplate":"https:\/\/integramedikal.com\/magaza\/?s={search_term_string}"},"query-input":{"@type":"PropertyValueSpecification","valueRequired":true,"valueName":"search_term_string"}}],"inLanguage":"tr"},{"@type":"Organization","@id":"https:\/\/integramedikal.com\/magaza\/#organization","name":"\u0130ntegra Medikal < | | >Ma\u011faza","url":"https:\/\/integramedikal.com\/magaza\/","logo":{"@type":"ImageObject","inLanguage":"tr","@id":"https:\/\/integramedikal.com\/magaza\/#\/schema\/logo\/image\/","url":"https:\/\/integramedikal.com\/magaza\/wp-content\/uploads\/2025\/06\/integra-logo-1.png","contentUrl":"https:\/\/integramedikal.com\/magaza\/wp-content\/uploads\/2025\/06\/integra-logo-1.png","width":340,"height":156,"caption":"\u0130ntegra Medikal < | | >Ma\u011faza"},"image":{"@id":"https:\/\/integramedikal.com\/magaza\/#\/schema\/logo\/image\/"},"sameAs":["https:\/\/www.facebook.com\/integramedikal1","https:\/\/x.com\/integramedikal","https:\/\/www.instagram.com\/integramedikal\/","https:\/\/www.youtube.com\/user\/integramedikal"]}]}},"_links":{"self":[{"href":"https:\/\/integramedikal.com\/magaza\/wp-json\/wp\/v2\/product\/1339","targetHints":{"allow":["GET"]}}],"collection":[{"href":"https:\/\/integramedikal.com\/magaza\/wp-json\/wp\/v2\/product"}],"about":[{"href":"https:\/\/integramedikal.com\/magaza\/wp-json\/wp\/v2\/types\/product"}],"replies":[{"embeddable":true,"href":"https:\/\/integramedikal.com\/magaza\/wp-json\/wp\/v2\/comments?post=1339"}],"wp:featuredmedia":[{"embeddable":true,"href":"https:\/\/integramedikal.com\/magaza\/wp-json\/wp\/v2\/media\/1349"}],"wp:attachment":[{"href":"https:\/\/integramedikal.com\/magaza\/wp-json\/wp\/v2\/media?parent=1339"}],"wp:term":[{"taxonomy":"product_brand","embeddable":true,"href":"https:\/\/integramedikal.com\/magaza\/wp-json\/wp\/v2\/product_brand?post=1339"},{"taxonomy":"product_cat","embeddable":true,"href":"https:\/\/integramedikal.com\/magaza\/wp-json\/wp\/v2\/product_cat?post=1339"},{"taxonomy":"product_tag","embeddable":true,"href":"https:\/\/integramedikal.com\/magaza\/wp-json\/wp\/v2\/product_tag?post=1339"}],"curies":[{"name":"wp","href":"https:\/\/api.w.org\/{rel}","templated":true}]}}