{"id":1283,"date":"2025-06-02T23:09:34","date_gmt":"2025-06-02T20:09:34","guid":{"rendered":"https:\/\/integramedikal.com\/magaza\/?post_type=product&#038;p=1283"},"modified":"2026-04-01T12:13:49","modified_gmt":"2026-04-01T09:13:49","slug":"g132-standart-manuel-tekerlekli-sandalye","status":"publish","type":"product","link":"https:\/\/integramedikal.com\/magaza\/urun\/g132-standart-manuel-tekerlekli-sandalye\/","title":{"rendered":"G132 Standart Manuel Tekerlekli Sandalye"},"content":{"rendered":"<div>Kaliteli mobilite \u00e7\u00f6z\u00fcmleri arayan B2B m\u00fc\u015fterileri i\u00e7in g\u00fcvenilirlik ve verimlili\u011fin somutla\u015fm\u0131\u015f hali olan G132 Standart Manuel Tekerlekli Sandalye ile tan\u0131\u015f\u0131n. Engellilere temel ara\u00e7lar sa\u011flayan \u015firketlerin incelikli taleplerini kar\u015f\u0131lamak i\u00e7in tasarlanan bu manuel tekerlekli sandalye, i\u015flevselli\u011fi ekonomik de\u011ferle birle\u015ftiriyor. Standart tekerlekli sandalye kategorisinde g\u00fcvenilir bir \u00fcr\u00fcn olarak, hem kaliteye hem de maliyet etkinli\u011fine \u00f6ncelik veren se\u00e7ici kurumsal al\u0131c\u0131lar\u0131n hassasiyetlerine hitap edecek \u015fekilde tasarlanm\u0131\u015ft\u0131r.<\/div>\n<div><\/div>\n<div>Sa\u011flam g\u00f6vde yap\u0131s\u0131 ile tan\u0131nan G132 Standart Manuel Tekerlekli Sandalye, dayan\u0131kl\u0131l\u0131\u011f\u0131 ve konforlu tasar\u0131m\u0131 ile kullan\u0131c\u0131lar taraf\u0131ndan tavsiye edilmektedir. \u00c7e\u015fitli ortamlarda g\u00fcnl\u00fck kullan\u0131ma uyum sa\u011flayacak \u015fekilde tasarlanan sa\u011flam yap\u0131s\u0131, 2 y\u0131ll\u0131k c\u00f6mert bir garanti ile vurgulanan uzun \u00f6m\u00fcrl\u00fcl\u00fc\u011f\u00fc garanti eder. Bu esneklik g\u00fcvencesi, m\u00fc\u015fterilerine g\u00fcvenilir \u00fcr\u00fcnler sa\u011flamay\u0131 vurgulayan firmalar i\u00e7in \u00e7ok \u00f6nemli bir fakt\u00f6r haline geliyor.<\/div>\n<div><\/div>\n<div><b>Ekonomik De\u011fer ve Kullan\u0131c\u0131 Odakl\u0131 Tasar\u0131m<\/b><\/div>\n<div><b><br \/><\/b><\/div>\n<div>G132 tekerlekli sandalye, kaliteden \u00f6d\u00fcn vermeden ekonomik duyarl\u0131l\u0131\u011f\u0131 m\u00fcjdeler. \u00dcr\u00fcn yelpazesinde ekonomik bir \u00fcr\u00fcn olarak dikkat \u00e7eken B2B al\u0131c\u0131lar\u0131na, stoklar\u0131n\u0131 paran\u0131n kar\u015f\u0131l\u0131\u011f\u0131n\u0131 en \u00fcst d\u00fczeye \u00e7\u0131karan bir \u00fcr\u00fcnle donatma f\u0131rsat\u0131 sunuyor. Bu maliyet ve kalite dengesi, tekerlekli sandalye kullan\u0131c\u0131lar\u0131 taraf\u0131ndan \u00f6nerilen bir \u00fcr\u00fcn olmaya devam etti\u011finden, kullan\u0131c\u0131 memnuniyetinden \u00f6d\u00fcn vermeden elde edilir. Tasar\u0131m\u0131, manuel bir tekerlekli sandalyeden beklenen temel konforu ve deste\u011fi sa\u011flarken, ayn\u0131 zamanda toplu al\u0131c\u0131lar\u0131n kat\u0131 b\u00fct\u00e7e kriterlerine ba\u011fl\u0131 kalarak rahatl\u0131\u011fa hitap eder.<\/div>\n<div>Bu tekerlekli sandalyeyi, mobilite yard\u0131mc\u0131lar\u0131n\u0131n rekabet\u00e7i arazisinde farkl\u0131 k\u0131lan, kullan\u0131c\u0131 merkezli tasar\u0131m\u0131d\u0131r. \u00dcr\u00fcn\u00fcn \u00f6zellikleri, son kullan\u0131c\u0131lar\u0131n \u00f6zel ihtiya\u00e7lar\u0131n\u0131 kar\u015f\u0131lamak i\u00e7in hassas bir \u015fekilde ayarlanm\u0131\u015ft\u0131r ve manuel tekerlekli sandalyenin sunmas\u0131 gereken hareket kolayl\u0131\u011f\u0131 ve sa\u011flaml\u0131\u011f\u0131 kolayla\u015ft\u0131r\u0131r. Kullan\u0131c\u0131 taraf\u0131ndan \u00f6nerilen bu \u00f6zellikleri finansal eri\u015filebilirli\u011fi ile birle\u015ftiren G132 Standart Manuel Tekerlekli Sandalye, kullan\u0131c\u0131 beklentilerine uygun kaliteye yat\u0131r\u0131m yapmak isteyen B2B al\u0131c\u0131lar\u0131 aras\u0131nda tercih edilen bir se\u00e7enek olarak konumunu sa\u011flamla\u015ft\u0131r\u0131yor.<\/div>\n<div><\/div>\n<div><b>Lojistik M\u00fckemmellik ve Sat\u0131\u015f Sonras\u0131 Destek<\/b><\/div>\n<div><b><br \/><\/b><\/div>\n<div>B2B ortam\u0131nda zaman\u0131nda teslimat\u0131n kritik do\u011fas\u0131n\u0131 anlayan G132 Standart Manuel Tekerlekli Sandalye, h\u0131zl\u0131 sevkiyat \u00f6zelli\u011fine sahiptir ve al\u0131c\u0131lar\u0131n \u00fcr\u00fcnlerini derhal teslim almas\u0131n\u0131 sa\u011flayarak kesintisiz i\u015f operasyonlar\u0131na katk\u0131da bulunur. H\u0131zl\u0131 ve g\u00fcvenilir nakliye, tedarik zincirlerinin ve dolay\u0131s\u0131yla m\u00fc\u015fteri memnuniyetinin korunmas\u0131nda \u00e7ok \u00f6nemli bir rol oynar.<\/div>\n<div><\/div>\n<div>Sat\u0131n alma sonras\u0131 destek, B2B alan\u0131ndaki al\u0131c\u0131lar i\u00e7in e\u015fit derecede hayati \u00f6nem ta\u015f\u0131r, bu nedenle G132, m\u00fckemmellik ve m\u00fc\u015fteri g\u00fcvencesine olan ba\u011fl\u0131l\u0131\u011f\u0131n kan\u0131t\u0131, kapsaml\u0131 2 y\u0131ll\u0131k bir garanti ile birlikte gelir. Bu garanti sadece \u00fcr\u00fcn\u00fcn sa\u011flaml\u0131\u011f\u0131n\u0131n bir ifadesi de\u011fil, ayn\u0131 zamanda \u00fcreticinin tekerlekli sandalyesine olan g\u00fcvenini de yans\u0131t\u0131yor. Destek, herhangi bir soru veya endi\u015feyi ele almaya haz\u0131r, duyarl\u0131 bir servis ekibi ile garanti s\u00fcresinin \u00f6tesine uzan\u0131r ve tekerlekli sandalyenin pazardaki itibar\u0131n\u0131 daha da sa\u011flamla\u015ft\u0131r\u0131r.<\/div>\n<div><\/div>\n<p><div  id=\"btn_klavuz\"  class='avia-button-wrap av-av_button-514f0ebdd18b1eb4434ca990a54925a7-wrap avia-button-left  avia-builder-el-0  el_before_av_button  avia-builder-el-first '><a href='https:\/\/www.integramedikal.com\/magaza\/upload\/kilavuz\/16-g132-standart-manuel-tekerlekli-sandalye.pdf'  class='avia-button av-av_button-514f0ebdd18b1eb4434ca990a54925a7 av-link-btn avia-icon_select-yes-left-icon avia-size-medium avia-position-left avia-color-theme-color-highlight'  target=\"_blank\"  rel=\"noopener noreferrer\"  aria-label=\"Kullan\u0131m K\u0131lavuzu\"><span class='avia_button_icon avia_button_icon_left avia-svg-icon avia-font-svg_entypo-fontello' data-av_svg_icon='book-open' data-av_iconset='svg_entypo-fontello'><svg version=\"1.1\" xmlns=\"http:\/\/www.w3.org\/2000\/svg\" width=\"29\" height=\"32\" viewBox=\"0 0 29 32\" preserveAspectRatio=\"xMidYMid meet\" aria-labelledby='av-svg-title-1' aria-describedby='av-svg-desc-1' role=\"graphics-symbol\">\n<title id='av-svg-title-1'>Book-open<\/title>\n<desc id='av-svg-desc-1'>Book-open<\/desc>\n<path d=\"M10.88 19.584v2.176l-6.4-2.56v-2.176zM10.88 12.928v2.176l-6.4-2.56v-2.176zM28.096 1.856q0.704 0.384 0.704 1.344v20.48q0 1.088-1.024 1.472l-12.736 5.12q-0.256 0.064-0.32 0.064t-0.16 0.032-0.16 0.032-0.16-0.032-0.16-0.032l-0.32-0.064-12.736-5.12q-1.024-0.384-1.024-1.472v-20.48q0-0.96 0.704-1.344 0.704-0.512 1.472-0.192l12.224 4.928 12.224-4.928q0.768-0.32 1.472 0.192zM12.8 27.072v-17.92l-10.24-4.096v17.92zM26.24 22.976v-17.92l-10.24 4.096v17.92zM24.32 17.024v2.176l-6.4 2.56v-2.176zM24.32 10.368v2.176l-6.4 2.56v-2.176z\"><\/path>\n<\/svg><\/span><span class='avia_iconbox_title' >Kullan\u0131m K\u0131lavuzu<\/span><\/a><\/div> <div  id=\"btn_teknikbilgi\"  class='avia-button-wrap av-av_button-e069d87ec5d6298b9b6c476e2dc5aa4e-wrap avia-button-left  avia-builder-el-1  el_after_av_button  avia-builder-el-last '><a href='javascript:void(0);'  class='avia-button av-av_button-e069d87ec5d6298b9b6c476e2dc5aa4e av-link-btn avia-icon_select-yes-left-icon avia-size-medium avia-position-left avia-color-theme-color-highlight'   aria-label=\"Teknik Bilgi\"><span class='avia_button_icon avia_button_icon_left avia-svg-icon avia-font-svg_entypo-fontello' data-av_svg_icon='cog' data-av_iconset='svg_entypo-fontello'><svg version=\"1.1\" xmlns=\"http:\/\/www.w3.org\/2000\/svg\" width=\"27\" height=\"32\" viewBox=\"0 0 27 32\" preserveAspectRatio=\"xMidYMid meet\" aria-labelledby='av-svg-title-2' aria-describedby='av-svg-desc-2' role=\"graphics-symbol\">\n<title id='av-svg-title-2'>Cog<\/title>\n<desc id='av-svg-desc-2'>Cog<\/desc>\n<path d=\"M24.32 16q0 2.304 2.56 3.904-0.384 1.28-1.088 2.624-2.24-0.576-4.352 1.408-1.728 1.856-1.088 4.352-1.28 0.64-2.688 1.152-1.472-2.624-4.224-2.624t-4.224 2.624q-1.408-0.512-2.688-1.152 0.64-2.56-1.088-4.352-1.728-1.728-4.352-1.088-0.448-0.832-1.088-2.624 2.624-1.664 2.624-4.224 0-2.304-2.624-3.968 0.64-1.792 1.088-2.624 2.368 0.576 4.352-1.408 1.728-1.792 1.088-4.352 1.344-0.704 2.688-1.088 1.472 2.56 4.224 2.56t4.224-2.56q1.344 0.384 2.688 1.088-0.64 2.496 1.088 4.352 2.112 1.984 4.352 1.408 0.704 1.344 1.088 2.624-2.56 1.6-2.56 3.968zM13.44 21.824q2.432 0 4.128-1.696t1.696-4.128-1.696-4.16-4.128-1.728-4.128 1.728-1.696 4.16 1.696 4.128 4.128 1.696z\"><\/path>\n<\/svg><\/span><span class='avia_iconbox_title' >Teknik Bilgi<\/span><\/a><\/div><\/p>\n","protected":false},"excerpt":{"rendered":"<p>Kaliteli mobilite \u00e7\u00f6z\u00fcmleri arayan B2B m\u00fc\u015fterileri i\u00e7in g\u00fcvenilirlik ve verimlili\u011fin somutla\u015fm\u0131\u015f hali olan G132 Standart Manuel Tekerlekli Sandalye ile tan\u0131\u015f\u0131n. Engellilere temel ara\u00e7lar sa\u011flayan \u015firketlerin incelikli taleplerini kar\u015f\u0131lamak i\u00e7in tasarlanan bu manuel tekerlekli sandalye, i\u015flevselli\u011fi ekonomik de\u011ferle birle\u015ftiriyor. Standart tekerlekli sandalye kategorisinde g\u00fcvenilir bir \u00fcr\u00fcn olarak, hem kaliteye hem de maliyet etkinli\u011fine \u00f6ncelik veren se\u00e7ici [&hellip;]<\/p>\n","protected":false},"featured_media":1297,"comment_status":"open","ping_status":"closed","template":"","meta":[],"product_brand":[],"product_cat":[47],"product_tag":[],"class_list":{"0":"post-1283","1":"product","2":"type-product","3":"status-publish","4":"has-post-thumbnail","6":"product_cat-manuel-tekerlekli-sandalye","8":"first","9":"instock","10":"sale","11":"taxable","12":"shipping-taxable","13":"purchasable","14":"product-type-simple"},"yoast_head":"<!-- This site is optimized with the Yoast SEO plugin v27.4 - https:\/\/yoast.com\/product\/yoast-seo-wordpress\/ -->\n<title>G132 Standart Manuel Tekerlekli Sandalye - \u0130ntegra Medikal | | Ma\u011faza<\/title>\n<meta name=\"robots\" content=\"index, follow, max-snippet:-1, max-image-preview:large, max-video-preview:-1\" \/>\n<link rel=\"canonical\" href=\"https:\/\/integramedikal.com\/magaza\/urun\/g132-standart-manuel-tekerlekli-sandalye\/\" \/>\n<meta property=\"og:locale\" content=\"tr_TR\" \/>\n<meta property=\"og:type\" content=\"article\" \/>\n<meta property=\"og:title\" content=\"G132 Standart Manuel Tekerlekli Sandalye - \u0130ntegra Medikal | | Ma\u011faza\" \/>\n<meta property=\"og:description\" content=\"Kaliteli mobilite \u00e7\u00f6z\u00fcmleri arayan B2B m\u00fc\u015fterileri i\u00e7in g\u00fcvenilirlik ve verimlili\u011fin somutla\u015fm\u0131\u015f hali olan G132 Standart Manuel Tekerlekli Sandalye ile tan\u0131\u015f\u0131n. Engellilere temel ara\u00e7lar sa\u011flayan \u015firketlerin incelikli taleplerini kar\u015f\u0131lamak i\u00e7in tasarlanan bu manuel tekerlekli sandalye, i\u015flevselli\u011fi ekonomik de\u011ferle birle\u015ftiriyor. Standart tekerlekli sandalye kategorisinde g\u00fcvenilir bir \u00fcr\u00fcn olarak, hem kaliteye hem de maliyet etkinli\u011fine \u00f6ncelik veren se\u00e7ici [&hellip;]\" \/>\n<meta property=\"og:url\" content=\"https:\/\/integramedikal.com\/magaza\/urun\/g132-standart-manuel-tekerlekli-sandalye\/\" \/>\n<meta property=\"og:site_name\" content=\"\u0130ntegra Medikal | | Ma\u011faza\" \/>\n<meta property=\"article:publisher\" content=\"https:\/\/www.facebook.com\/integramedikal1\" \/>\n<meta property=\"article:modified_time\" content=\"2026-04-01T09:13:49+00:00\" \/>\n<meta property=\"og:image\" content=\"https:\/\/integramedikal.com\/magaza\/wp-content\/uploads\/2025\/06\/G132-1.jpg\" \/>\n\t<meta property=\"og:image:width\" content=\"900\" \/>\n\t<meta property=\"og:image:height\" content=\"900\" \/>\n\t<meta property=\"og:image:type\" content=\"image\/jpeg\" \/>\n<meta name=\"twitter:card\" content=\"summary_large_image\" \/>\n<meta name=\"twitter:site\" content=\"@integramedikal\" \/>\n<meta name=\"twitter:label1\" content=\"Tahmini okuma s\u00fcresi\" \/>\n\t<meta name=\"twitter:data1\" content=\"3 dakika\" \/>\n<script type=\"application\/ld+json\" class=\"yoast-schema-graph\">{\"@context\":\"https:\\\/\\\/schema.org\",\"@graph\":[{\"@type\":\"WebPage\",\"@id\":\"https:\\\/\\\/integramedikal.com\\\/magaza\\\/urun\\\/g132-standart-manuel-tekerlekli-sandalye\\\/\",\"url\":\"https:\\\/\\\/integramedikal.com\\\/magaza\\\/urun\\\/g132-standart-manuel-tekerlekli-sandalye\\\/\",\"name\":\"G132 Standart Manuel Tekerlekli Sandalye - \u0130ntegra Medikal | | Ma\u011faza\",\"isPartOf\":{\"@id\":\"https:\\\/\\\/integramedikal.com\\\/magaza\\\/#website\"},\"primaryImageOfPage\":{\"@id\":\"https:\\\/\\\/integramedikal.com\\\/magaza\\\/urun\\\/g132-standart-manuel-tekerlekli-sandalye\\\/#primaryimage\"},\"image\":{\"@id\":\"https:\\\/\\\/integramedikal.com\\\/magaza\\\/urun\\\/g132-standart-manuel-tekerlekli-sandalye\\\/#primaryimage\"},\"thumbnailUrl\":\"https:\\\/\\\/integramedikal.com\\\/magaza\\\/wp-content\\\/uploads\\\/2025\\\/06\\\/G132-1.jpg\",\"datePublished\":\"2025-06-02T20:09:34+00:00\",\"dateModified\":\"2026-04-01T09:13:49+00:00\",\"breadcrumb\":{\"@id\":\"https:\\\/\\\/integramedikal.com\\\/magaza\\\/urun\\\/g132-standart-manuel-tekerlekli-sandalye\\\/#breadcrumb\"},\"inLanguage\":\"tr\",\"potentialAction\":[{\"@type\":\"ReadAction\",\"target\":[\"https:\\\/\\\/integramedikal.com\\\/magaza\\\/urun\\\/g132-standart-manuel-tekerlekli-sandalye\\\/\"]}]},{\"@type\":\"ImageObject\",\"inLanguage\":\"tr\",\"@id\":\"https:\\\/\\\/integramedikal.com\\\/magaza\\\/urun\\\/g132-standart-manuel-tekerlekli-sandalye\\\/#primaryimage\",\"url\":\"https:\\\/\\\/integramedikal.com\\\/magaza\\\/wp-content\\\/uploads\\\/2025\\\/06\\\/G132-1.jpg\",\"contentUrl\":\"https:\\\/\\\/integramedikal.com\\\/magaza\\\/wp-content\\\/uploads\\\/2025\\\/06\\\/G132-1.jpg\",\"width\":900,\"height\":900},{\"@type\":\"BreadcrumbList\",\"@id\":\"https:\\\/\\\/integramedikal.com\\\/magaza\\\/urun\\\/g132-standart-manuel-tekerlekli-sandalye\\\/#breadcrumb\",\"itemListElement\":[{\"@type\":\"ListItem\",\"position\":1,\"name\":\"Anasayfa\",\"item\":\"https:\\\/\\\/integramedikal.com\\\/magaza\\\/anasayfa\\\/\"},{\"@type\":\"ListItem\",\"position\":2,\"name\":\"Shop\",\"item\":\"https:\\\/\\\/integramedikal.com\\\/magaza\\\/shop\\\/\"},{\"@type\":\"ListItem\",\"position\":3,\"name\":\"G132 Standart Manuel Tekerlekli Sandalye\"}]},{\"@type\":\"WebSite\",\"@id\":\"https:\\\/\\\/integramedikal.com\\\/magaza\\\/#website\",\"url\":\"https:\\\/\\\/integramedikal.com\\\/magaza\\\/\",\"name\":\"\u0130ntegra Medikal < | | >Ma\u011faza\",\"description\":\"Sa\u011fl\u0131kta Kalite | Sekt\u00f6rde 25. Y\u0131l\",\"publisher\":{\"@id\":\"https:\\\/\\\/integramedikal.com\\\/magaza\\\/#organization\"},\"potentialAction\":[{\"@type\":\"SearchAction\",\"target\":{\"@type\":\"EntryPoint\",\"urlTemplate\":\"https:\\\/\\\/integramedikal.com\\\/magaza\\\/?s={search_term_string}\"},\"query-input\":{\"@type\":\"PropertyValueSpecification\",\"valueRequired\":true,\"valueName\":\"search_term_string\"}}],\"inLanguage\":\"tr\"},{\"@type\":\"Organization\",\"@id\":\"https:\\\/\\\/integramedikal.com\\\/magaza\\\/#organization\",\"name\":\"\u0130ntegra Medikal < | | >Ma\u011faza\",\"url\":\"https:\\\/\\\/integramedikal.com\\\/magaza\\\/\",\"logo\":{\"@type\":\"ImageObject\",\"inLanguage\":\"tr\",\"@id\":\"https:\\\/\\\/integramedikal.com\\\/magaza\\\/#\\\/schema\\\/logo\\\/image\\\/\",\"url\":\"https:\\\/\\\/integramedikal.com\\\/magaza\\\/wp-content\\\/uploads\\\/2025\\\/06\\\/integra-logo-1.png\",\"contentUrl\":\"https:\\\/\\\/integramedikal.com\\\/magaza\\\/wp-content\\\/uploads\\\/2025\\\/06\\\/integra-logo-1.png\",\"width\":340,\"height\":156,\"caption\":\"\u0130ntegra Medikal < | | >Ma\u011faza\"},\"image\":{\"@id\":\"https:\\\/\\\/integramedikal.com\\\/magaza\\\/#\\\/schema\\\/logo\\\/image\\\/\"},\"sameAs\":[\"https:\\\/\\\/www.facebook.com\\\/integramedikal1\",\"https:\\\/\\\/x.com\\\/integramedikal\",\"https:\\\/\\\/www.instagram.com\\\/integramedikal\\\/\",\"https:\\\/\\\/www.youtube.com\\\/user\\\/integramedikal\"]}]}<\/script>\n<!-- \/ Yoast SEO plugin. -->","yoast_head_json":{"title":"G132 Standart Manuel Tekerlekli Sandalye - \u0130ntegra Medikal | | Ma\u011faza","robots":{"index":"index","follow":"follow","max-snippet":"max-snippet:-1","max-image-preview":"max-image-preview:large","max-video-preview":"max-video-preview:-1"},"canonical":"https:\/\/integramedikal.com\/magaza\/urun\/g132-standart-manuel-tekerlekli-sandalye\/","og_locale":"tr_TR","og_type":"article","og_title":"G132 Standart Manuel Tekerlekli Sandalye - \u0130ntegra Medikal | | Ma\u011faza","og_description":"Kaliteli mobilite \u00e7\u00f6z\u00fcmleri arayan B2B m\u00fc\u015fterileri i\u00e7in g\u00fcvenilirlik ve verimlili\u011fin somutla\u015fm\u0131\u015f hali olan G132 Standart Manuel Tekerlekli Sandalye ile tan\u0131\u015f\u0131n. Engellilere temel ara\u00e7lar sa\u011flayan \u015firketlerin incelikli taleplerini kar\u015f\u0131lamak i\u00e7in tasarlanan bu manuel tekerlekli sandalye, i\u015flevselli\u011fi ekonomik de\u011ferle birle\u015ftiriyor. Standart tekerlekli sandalye kategorisinde g\u00fcvenilir bir \u00fcr\u00fcn olarak, hem kaliteye hem de maliyet etkinli\u011fine \u00f6ncelik veren se\u00e7ici [&hellip;]","og_url":"https:\/\/integramedikal.com\/magaza\/urun\/g132-standart-manuel-tekerlekli-sandalye\/","og_site_name":"\u0130ntegra Medikal | | Ma\u011faza","article_publisher":"https:\/\/www.facebook.com\/integramedikal1","article_modified_time":"2026-04-01T09:13:49+00:00","og_image":[{"width":900,"height":900,"url":"https:\/\/integramedikal.com\/magaza\/wp-content\/uploads\/2025\/06\/G132-1.jpg","type":"image\/jpeg"}],"twitter_card":"summary_large_image","twitter_site":"@integramedikal","twitter_misc":{"Tahmini okuma s\u00fcresi":"3 dakika"},"schema":{"@context":"https:\/\/schema.org","@graph":[{"@type":"WebPage","@id":"https:\/\/integramedikal.com\/magaza\/urun\/g132-standart-manuel-tekerlekli-sandalye\/","url":"https:\/\/integramedikal.com\/magaza\/urun\/g132-standart-manuel-tekerlekli-sandalye\/","name":"G132 Standart Manuel Tekerlekli Sandalye - \u0130ntegra Medikal | | Ma\u011faza","isPartOf":{"@id":"https:\/\/integramedikal.com\/magaza\/#website"},"primaryImageOfPage":{"@id":"https:\/\/integramedikal.com\/magaza\/urun\/g132-standart-manuel-tekerlekli-sandalye\/#primaryimage"},"image":{"@id":"https:\/\/integramedikal.com\/magaza\/urun\/g132-standart-manuel-tekerlekli-sandalye\/#primaryimage"},"thumbnailUrl":"https:\/\/integramedikal.com\/magaza\/wp-content\/uploads\/2025\/06\/G132-1.jpg","datePublished":"2025-06-02T20:09:34+00:00","dateModified":"2026-04-01T09:13:49+00:00","breadcrumb":{"@id":"https:\/\/integramedikal.com\/magaza\/urun\/g132-standart-manuel-tekerlekli-sandalye\/#breadcrumb"},"inLanguage":"tr","potentialAction":[{"@type":"ReadAction","target":["https:\/\/integramedikal.com\/magaza\/urun\/g132-standart-manuel-tekerlekli-sandalye\/"]}]},{"@type":"ImageObject","inLanguage":"tr","@id":"https:\/\/integramedikal.com\/magaza\/urun\/g132-standart-manuel-tekerlekli-sandalye\/#primaryimage","url":"https:\/\/integramedikal.com\/magaza\/wp-content\/uploads\/2025\/06\/G132-1.jpg","contentUrl":"https:\/\/integramedikal.com\/magaza\/wp-content\/uploads\/2025\/06\/G132-1.jpg","width":900,"height":900},{"@type":"BreadcrumbList","@id":"https:\/\/integramedikal.com\/magaza\/urun\/g132-standart-manuel-tekerlekli-sandalye\/#breadcrumb","itemListElement":[{"@type":"ListItem","position":1,"name":"Anasayfa","item":"https:\/\/integramedikal.com\/magaza\/anasayfa\/"},{"@type":"ListItem","position":2,"name":"Shop","item":"https:\/\/integramedikal.com\/magaza\/shop\/"},{"@type":"ListItem","position":3,"name":"G132 Standart Manuel Tekerlekli Sandalye"}]},{"@type":"WebSite","@id":"https:\/\/integramedikal.com\/magaza\/#website","url":"https:\/\/integramedikal.com\/magaza\/","name":"\u0130ntegra Medikal < | | >Ma\u011faza","description":"Sa\u011fl\u0131kta Kalite | Sekt\u00f6rde 25. Y\u0131l","publisher":{"@id":"https:\/\/integramedikal.com\/magaza\/#organization"},"potentialAction":[{"@type":"SearchAction","target":{"@type":"EntryPoint","urlTemplate":"https:\/\/integramedikal.com\/magaza\/?s={search_term_string}"},"query-input":{"@type":"PropertyValueSpecification","valueRequired":true,"valueName":"search_term_string"}}],"inLanguage":"tr"},{"@type":"Organization","@id":"https:\/\/integramedikal.com\/magaza\/#organization","name":"\u0130ntegra Medikal < | | >Ma\u011faza","url":"https:\/\/integramedikal.com\/magaza\/","logo":{"@type":"ImageObject","inLanguage":"tr","@id":"https:\/\/integramedikal.com\/magaza\/#\/schema\/logo\/image\/","url":"https:\/\/integramedikal.com\/magaza\/wp-content\/uploads\/2025\/06\/integra-logo-1.png","contentUrl":"https:\/\/integramedikal.com\/magaza\/wp-content\/uploads\/2025\/06\/integra-logo-1.png","width":340,"height":156,"caption":"\u0130ntegra Medikal < | | >Ma\u011faza"},"image":{"@id":"https:\/\/integramedikal.com\/magaza\/#\/schema\/logo\/image\/"},"sameAs":["https:\/\/www.facebook.com\/integramedikal1","https:\/\/x.com\/integramedikal","https:\/\/www.instagram.com\/integramedikal\/","https:\/\/www.youtube.com\/user\/integramedikal"]}]}},"_links":{"self":[{"href":"https:\/\/integramedikal.com\/magaza\/wp-json\/wp\/v2\/product\/1283","targetHints":{"allow":["GET"]}}],"collection":[{"href":"https:\/\/integramedikal.com\/magaza\/wp-json\/wp\/v2\/product"}],"about":[{"href":"https:\/\/integramedikal.com\/magaza\/wp-json\/wp\/v2\/types\/product"}],"replies":[{"embeddable":true,"href":"https:\/\/integramedikal.com\/magaza\/wp-json\/wp\/v2\/comments?post=1283"}],"wp:featuredmedia":[{"embeddable":true,"href":"https:\/\/integramedikal.com\/magaza\/wp-json\/wp\/v2\/media\/1297"}],"wp:attachment":[{"href":"https:\/\/integramedikal.com\/magaza\/wp-json\/wp\/v2\/media?parent=1283"}],"wp:term":[{"taxonomy":"product_brand","embeddable":true,"href":"https:\/\/integramedikal.com\/magaza\/wp-json\/wp\/v2\/product_brand?post=1283"},{"taxonomy":"product_cat","embeddable":true,"href":"https:\/\/integramedikal.com\/magaza\/wp-json\/wp\/v2\/product_cat?post=1283"},{"taxonomy":"product_tag","embeddable":true,"href":"https:\/\/integramedikal.com\/magaza\/wp-json\/wp\/v2\/product_tag?post=1283"}],"curies":[{"name":"wp","href":"https:\/\/api.w.org\/{rel}","templated":true}]}}