{"id":6080,"date":"2015-06-01T12:34:09","date_gmt":"2015-06-01T09:34:09","guid":{"rendered":"https:\/\/integramedikal.com\/magaza\/?page_id=11"},"modified":"2025-06-08T21:02:03","modified_gmt":"2025-06-08T18:02:03","slug":"teslimat-ve-iade","status":"publish","type":"page","link":"https:\/\/integramedikal.com\/magaza\/teslimat-ve-iade\/","title":{"rendered":"Teslimat ve \u0130ade"},"content":{"rendered":"<section  class='av_textblock_section av-mbnypitv-ba07666dc800b995edb883517d78f522 '   itemscope=\"itemscope\" itemtype=\"https:\/\/schema.org\/CreativeWork\" ><div class='avia_textblock'  itemprop=\"text\" ><h1 class=\"w-post-elm post_title entry-title color_link_inherit\" style=\"text-align: center;\">Teslimat Bilgileri<\/h1>\n<\/div><\/section>\n<section  class='av_textblock_section av-mbdgqul3-a43f64a2824172bf3ee8c9cf2332b34b '   itemscope=\"itemscope\" itemtype=\"https:\/\/schema.org\/CreativeWork\" ><div class='avia_textblock'  itemprop=\"text\" ><section class=\"l-section wpb_row us_custom_19737bc8 height_small\">\n<div class=\"l-section-h i-cf\">\n<div class=\"g-cols vc_row via_grid cols_1 laptops-cols_inherit tablets-cols_inherit mobiles-cols_1 valign_top type_default stacking_default\">\n<div class=\"wpb_column vc_column_container\">\n<div class=\"vc_column-inner\">\n<h1 class=\"w-post-elm post_title entry-title color_link_inherit\"><span style=\"font-size: 28px;\">Teslimat<\/span><\/h1>\n<\/div>\n<\/div>\n<\/div>\n<\/div>\n<\/section>\n<section class=\"l-section wpb_row height_auto width_full\">\n<div class=\"l-section-h i-cf\">\n<div class=\"g-cols vc_row via_grid cols_1 laptops-cols_inherit tablets-cols_inherit mobiles-cols_1 valign_top type_default stacking_default\">\n<div class=\"wpb_column vc_column_container\">\n<div class=\"vc_column-inner\">\n<div class=\"w-post-elm post_content\">\n<section class=\"l-section wpb_row height_custom\">\n<div class=\"l-section-h i-cf\">\n<div class=\"g-cols vc_row via_grid cols_custom laptops-cols_inherit tablets-cols_inherit mobiles-cols_1 valign_top type_default stacking_default\">\n<div class=\"wpb_column vc_column_container\">\n<div class=\"vc_column-inner\">\n<div class=\"wpb_text_column\">\n<div class=\"wpb_wrapper\">\n<p>\u00dcr\u00fcn\/\u00fcr\u00fcnler www.integramedikal.com\u2019un anla\u015fmal\u0131 oldu\u011fu <strong>Aras Kargo<\/strong> ile al\u0131c\u0131n\u0131n adresine teslim edilecektir. Teslimat s\u00fcresi, sipari\u015f onay\u0131 mailinin g\u00f6nderilmesinden ve s\u00f6zle\u015fmenin kurulmas\u0131ndan itibaren maksimum 7 i\u015f g\u00fcn\u00fcd\u00fcr. Al\u0131c\u0131ya \u00f6nceden yaz\u0131l\u0131 olarak veya bir s\u00fcrekli veri ta\u015f\u0131y\u0131c\u0131s\u0131yla bildirilmek ko\u015fuluyla bu s\u00fcre en fazla on g\u00fcn uzat\u0131labilir.<\/p>\n<p>\u00dcr\u00fcnler, kargo \u015firketlerinin adres teslimat\u0131 yapmad\u0131\u011f\u0131 b\u00f6lgelere telefon ihbarl\u0131 olarak g\u00f6nderilir.<\/p>\n<p>Kargo \u015firketinin haftada bir g\u00fcn teslimat yapt\u0131\u011f\u0131 b\u00f6lgelerde, sevk bilgilerindeki yanl\u0131\u015fl\u0131k ve eksiklik oldu\u011fu hallerde, baz\u0131 sosyal olaylar ve do\u011fal afetler gibi durumlarda belirtilen g\u00fcn s\u00fcresinde sarkma olabilir. Bu sarkmalardan dolay\u0131 al\u0131c\u0131 sat\u0131c\u0131ya herhangi bir sorumluluk y\u00fckleyemez.<\/p>\n<p>\u00dcr\u00fcn, Al\u0131c\u0131\u2019dan ba\u015fka bir ki\u015fi\/kurulu\u015fa teslim edilecek ise, teslim edilecek ki\u015fi\/kurulu\u015fun teslimat\u0131 kabul etmemesinden, sevk bilgilerindeki yanl\u0131\u015fl\u0131k ve\/veya Al\u0131c\u0131\u2019n\u0131n yerinde olmamas\u0131ndan do\u011fabilecek ekstra kargo bedellerinden sat\u0131c\u0131 sorumlu de\u011fildir.<\/p>\n<p>Belirtilen g\u00fcnler i\u00e7eri\u011finde \u00fcr\u00fcn\/\u00fcr\u00fcnler m\u00fc\u015fteriye ula\u015fmad\u0131ysa teslimat problemleri m\u00fc\u015fteri hizmetlerine\u00a0<a href=\"mailto:e-ticaret@integramedikal.com\"><strong>e-ticaret@integramedikal.com<\/strong><\/a>\u00a0e-mail adresi kullan\u0131lmak sureti ile derhal bildirilmelidir.<\/p>\n<h2>\u0130ade Prosed\u00fcr\u00fc<\/h2>\n<p>www.integramedikal.com online al\u0131\u015fveri\u015fte \u0130ntegra Medikal ko\u015fulsuz m\u00fc\u015fteri memnuniyeti ilkesini hedefler. Sipari\u015f etti\u011finiz \u00fcr\u00fcn\/\u00fcr\u00fcnleri kullan\u0131lmad\u0131\u011f\u0131 ve yeniden sat\u0131labilir \u00f6zelli\u011fi bozulmad\u0131\u011f\u0131 s\u00fcrece, \u00fcr\u00fcn\u00fc teslim ald\u0131\u011f\u0131n\u0131z tarihten itibaren <strong>14 g\u00fcn<\/strong>\u00a0i\u00e7inde\u00a0<strong>\u00fccretsiz<\/strong>\u00a0iade edebilirsiniz.<\/p>\n<p>www.integramedikal.com \u2019dan sat\u0131n alm\u0131\u015f oldu\u011funuz \u00fcr\u00fcnlerde, \u00fcr\u00fcn\u00fcn yeniden sat\u0131labilir \u00f6zelli\u011fini kaybetmemi\u015f olmas\u0131 ve iade ko\u015fullar\u0131na uygun olmas\u0131 halinde de\u011fi\u015fiklik i\u015flemlerini bizimle <a href=\"https:\/\/integramedikal.com\/magaza\/iletisim\/\"><strong>ileti\u015fime<\/strong><\/a>\u00a0ge\u00e7erek yapabilirsiniz.<\/p>\n<h2>\u00dccretsiz \u0130ade Kargosu<\/h2>\n<p>Sat\u0131n ald\u0131\u011f\u0131n\u0131z \u00fcr\u00fcn veya \u00fcr\u00fcnleri iade etmek istiyorsan\u0131z, 14 g\u00fcn i\u00e7erisinde<strong>\u00a0<\/strong>koduyla, Aras Kargo i\u00e7in <strong>905209801418<\/strong> kodu ile \u00fccretsiz g\u00f6nderebilirsiniz. \u0130ade \u00fcr\u00fcn\u00fcn\u00fcz \u0130ntegra Medikal deposuna ula\u015f\u0131nca ve i\u015fleminiz sonu\u00e7lan\u0131nca taraf\u0131n\u0131za e-posta g\u00f6nderilir.<\/p>\n<p>Destek i\u00e7in <a href=\"mailto:e-ticaret@integramedikal.com\"><strong>e-ticaret@integramedikal.com<\/strong><\/a>\u00a0adresine e-posta g\u00f6ndererek M\u00fc\u015fteri Hizmetleri\u2019ne ula\u015fabilirsiniz.<\/p>\n<h2>\u0130ade \u015eartlar\u0131<\/h2>\n<p>\u00dcr\u00fcnlerin iade edilebilmesi i\u00e7in a\u015fa\u011f\u0131daki iade ko\u015fullar\u0131na uymas\u0131 gerekmektedir;<\/p>\n<ul>\n<li>\u00dcr\u00fcn orijinal durumunda ve orijinal etiketleri ile birlikte paketinde olmal\u0131d\u0131r.<\/li>\n<li>Aksesuarlar, t\u00fcm par\u00e7alar\u0131 eksiksiz\u00a0 \u015fekilde orijinal paketinde olmal\u0131d\u0131r. Aksesuarlar e\u011fer vakumlu ambalajda geldiyse vakumlu kalmal\u0131d\u0131r.<\/li>\n<li>Orijinal kutusu \/ ambalaj\u0131 bozulmu\u015f (\u00f6rne\u011fin; orijinal kutu \u00fczerine kargo etiketi yap\u0131\u015ft\u0131r\u0131lm\u0131\u015f, kargo koli band\u0131 ile bantlanm\u0131\u015f, kutusu veya i\u00e7 koruyucu bez ambalajlar\u0131 y\u0131rt\u0131lm\u0131\u015f \u00fcr\u00fcnler kabul edilmez),tekrar sat\u0131labilirlik \u00f6zelli\u011fini kaybetmi\u015f, ba\u015fka bir m\u00fc\u015fteri taraf\u0131ndan sat\u0131n al\u0131namayacak durumda olan \u00fcr\u00fcnlerin iadesi kabul edilmeyecektir.<\/li>\n<li>\u0130ade edilmek istenen \u00fcr\u00fcn ile birlikte sipari\u015f\u00a0 verenin ad\u0131, fatura numaras\u0131 ve iade gerek\u00e7esini belirten bir dilek\u00e7e g\u00f6nderilmesi gerekmektedir.<\/li>\n<li>\u0130ade edilmek istenen \u00fcr\u00fcn \/ \u00fcr\u00fcnler kusurlu veya eksik ise\u00a0 mutlaka <a href=\"mailto:e-ticaret@integramedikal.com\"><strong>e-ticaret@integramedikal.com<\/strong><\/a>\u00a0e-posta adresine durumun\u00a0 iletilmesi gerekmektedir.<\/li>\n<\/ul>\n<h2>\u0130ade al\u0131nmayan \u00fcr\u00fcnler<\/h2>\n<ul>\n<li>www.integramedikal.com d\u0131\u015f\u0131nda bir kaynaktan sat\u0131n al\u0131nan \u00fcr\u00fcnler<\/li>\n<li>K\u00f6t\u00fc kullan\u0131m ya da ihmal kaynakl\u0131 (kimyasallar, a\u015f\u0131nd\u0131r\u0131c\u0131 maddeler, a\u00e7\u0131k alev, y\u00fcksek \u0131s\u0131, keskin nesneler vb. ile temas) hasar g\u00f6rm\u00fc\u015f \u00fcr\u00fcnler<\/li>\n<li>Yanl\u0131\u015f ya da amac\u0131 d\u0131\u015f\u0131nda kullan\u0131m dolay\u0131s\u0131yla hasar g\u00f6rm\u00fc\u015f \u00fcr\u00fcnler<\/li>\n<\/ul>\n<h2>Para \u0130adesi<\/h2>\n<p>\u0130ade edilen \u00fcr\u00fcnler iade \u015fartlar\u0131na uydu\u011fu takdirde, \u0130ntegra Medikal geri \u00f6demeleri <strong>3 i\u015f g\u00fcn\u00fc<\/strong>\u00a0i\u00e7erisinde bankaya iletmektedir. \u0130ade edilen tutar\u0131n kredi kartlar\u0131na yans\u0131ma s\u00fcresi ortalama\u00a0<strong>3-4 i\u015f g\u00fcn\u00fc<\/strong>\u00a0iken banka kartlar\u0131nda bu s\u00fcre\u00e7\u00a0<strong>10 g\u00fcn\u00fc<\/strong>\u00a0bulabilmektedir. Banka uygulamalar\u0131 gere\u011fi, taksitli ger\u00e7ekle\u015ftirilen i\u015flemler ayn\u0131 \u015fekilde taksitli olarak iade edilmektedir.<\/p>\n<h4><span style=\"color: #ff0000;\"><strong>\u0130ade Adresi:<\/strong><\/span> Nam\u0131k Kemal Mah. Tek Selvi Sok. No : 14 \u00dcmraniye \/ \u0130STANBUL<\/h4>\n<\/div>\n<\/div>\n<\/div>\n<\/div>\n<\/div>\n<\/div>\n<\/section>\n<\/div>\n<\/div>\n<\/div>\n<\/div>\n<\/div>\n<\/section>\n<\/div><\/section>\n","protected":false},"excerpt":{"rendered":"","protected":false},"author":2,"featured_media":0,"parent":0,"menu_order":0,"comment_status":"closed","ping_status":"closed","template":"","meta":{"footnotes":""},"class_list":["post-6080","page","type-page","status-publish","hentry"],"yoast_head":"<!-- This site is optimized with the Yoast SEO plugin v27.4 - https:\/\/yoast.com\/product\/yoast-seo-wordpress\/ -->\n<title>Teslimat ve \u0130ade - \u0130ntegra Medikal | | Ma\u011faza<\/title>\n<meta name=\"robots\" content=\"index, follow, max-snippet:-1, max-image-preview:large, max-video-preview:-1\" \/>\n<link rel=\"canonical\" href=\"https:\/\/integramedikal.com\/magaza\/teslimat-ve-iade\/\" \/>\n<meta property=\"og:locale\" content=\"tr_TR\" \/>\n<meta property=\"og:type\" content=\"article\" \/>\n<meta property=\"og:title\" content=\"Teslimat ve \u0130ade - \u0130ntegra Medikal | | Ma\u011faza\" \/>\n<meta property=\"og:url\" content=\"https:\/\/integramedikal.com\/magaza\/teslimat-ve-iade\/\" \/>\n<meta property=\"og:site_name\" content=\"\u0130ntegra Medikal | | Ma\u011faza\" \/>\n<meta property=\"article:publisher\" content=\"https:\/\/www.facebook.com\/integramedikal1\" \/>\n<meta property=\"article:modified_time\" content=\"2025-06-08T18:02:03+00:00\" \/>\n<meta name=\"twitter:card\" content=\"summary_large_image\" \/>\n<meta name=\"twitter:site\" content=\"@integramedikal\" \/>\n<meta name=\"twitter:label1\" content=\"Tahmini okuma s\u00fcresi\" \/>\n\t<meta name=\"twitter:data1\" content=\"5 dakika\" \/>\n<script type=\"application\/ld+json\" class=\"yoast-schema-graph\">{\"@context\":\"https:\\\/\\\/schema.org\",\"@graph\":[{\"@type\":\"WebPage\",\"@id\":\"https:\\\/\\\/integramedikal.com\\\/magaza\\\/teslimat-ve-iade\\\/\",\"url\":\"https:\\\/\\\/integramedikal.com\\\/magaza\\\/teslimat-ve-iade\\\/\",\"name\":\"Teslimat ve \u0130ade - \u0130ntegra Medikal | | Ma\u011faza\",\"isPartOf\":{\"@id\":\"https:\\\/\\\/integramedikal.com\\\/magaza\\\/#website\"},\"datePublished\":\"2015-06-01T09:34:09+00:00\",\"dateModified\":\"2025-06-08T18:02:03+00:00\",\"breadcrumb\":{\"@id\":\"https:\\\/\\\/integramedikal.com\\\/magaza\\\/teslimat-ve-iade\\\/#breadcrumb\"},\"inLanguage\":\"tr\",\"potentialAction\":[{\"@type\":\"ReadAction\",\"target\":[\"https:\\\/\\\/integramedikal.com\\\/magaza\\\/teslimat-ve-iade\\\/\"]}]},{\"@type\":\"BreadcrumbList\",\"@id\":\"https:\\\/\\\/integramedikal.com\\\/magaza\\\/teslimat-ve-iade\\\/#breadcrumb\",\"itemListElement\":[{\"@type\":\"ListItem\",\"position\":1,\"name\":\"Anasayfa\",\"item\":\"https:\\\/\\\/integramedikal.com\\\/magaza\\\/anasayfa\\\/\"},{\"@type\":\"ListItem\",\"position\":2,\"name\":\"Teslimat ve \u0130ade\"}]},{\"@type\":\"WebSite\",\"@id\":\"https:\\\/\\\/integramedikal.com\\\/magaza\\\/#website\",\"url\":\"https:\\\/\\\/integramedikal.com\\\/magaza\\\/\",\"name\":\"\u0130ntegra Medikal < | | >Ma\u011faza\",\"description\":\"Sa\u011fl\u0131kta Kalite | Sekt\u00f6rde 25. Y\u0131l\",\"publisher\":{\"@id\":\"https:\\\/\\\/integramedikal.com\\\/magaza\\\/#organization\"},\"potentialAction\":[{\"@type\":\"SearchAction\",\"target\":{\"@type\":\"EntryPoint\",\"urlTemplate\":\"https:\\\/\\\/integramedikal.com\\\/magaza\\\/?s={search_term_string}\"},\"query-input\":{\"@type\":\"PropertyValueSpecification\",\"valueRequired\":true,\"valueName\":\"search_term_string\"}}],\"inLanguage\":\"tr\"},{\"@type\":\"Organization\",\"@id\":\"https:\\\/\\\/integramedikal.com\\\/magaza\\\/#organization\",\"name\":\"\u0130ntegra Medikal < | | >Ma\u011faza\",\"url\":\"https:\\\/\\\/integramedikal.com\\\/magaza\\\/\",\"logo\":{\"@type\":\"ImageObject\",\"inLanguage\":\"tr\",\"@id\":\"https:\\\/\\\/integramedikal.com\\\/magaza\\\/#\\\/schema\\\/logo\\\/image\\\/\",\"url\":\"https:\\\/\\\/integramedikal.com\\\/magaza\\\/wp-content\\\/uploads\\\/2025\\\/06\\\/integra-logo-1.png\",\"contentUrl\":\"https:\\\/\\\/integramedikal.com\\\/magaza\\\/wp-content\\\/uploads\\\/2025\\\/06\\\/integra-logo-1.png\",\"width\":340,\"height\":156,\"caption\":\"\u0130ntegra Medikal < | | >Ma\u011faza\"},\"image\":{\"@id\":\"https:\\\/\\\/integramedikal.com\\\/magaza\\\/#\\\/schema\\\/logo\\\/image\\\/\"},\"sameAs\":[\"https:\\\/\\\/www.facebook.com\\\/integramedikal1\",\"https:\\\/\\\/x.com\\\/integramedikal\",\"https:\\\/\\\/www.instagram.com\\\/integramedikal\\\/\",\"https:\\\/\\\/www.youtube.com\\\/user\\\/integramedikal\"]}]}<\/script>\n<!-- \/ Yoast SEO plugin. -->","yoast_head_json":{"title":"Teslimat ve \u0130ade - \u0130ntegra Medikal | | Ma\u011faza","robots":{"index":"index","follow":"follow","max-snippet":"max-snippet:-1","max-image-preview":"max-image-preview:large","max-video-preview":"max-video-preview:-1"},"canonical":"https:\/\/integramedikal.com\/magaza\/teslimat-ve-iade\/","og_locale":"tr_TR","og_type":"article","og_title":"Teslimat ve \u0130ade - \u0130ntegra Medikal | | Ma\u011faza","og_url":"https:\/\/integramedikal.com\/magaza\/teslimat-ve-iade\/","og_site_name":"\u0130ntegra Medikal | | Ma\u011faza","article_publisher":"https:\/\/www.facebook.com\/integramedikal1","article_modified_time":"2025-06-08T18:02:03+00:00","twitter_card":"summary_large_image","twitter_site":"@integramedikal","twitter_misc":{"Tahmini okuma s\u00fcresi":"5 dakika"},"schema":{"@context":"https:\/\/schema.org","@graph":[{"@type":"WebPage","@id":"https:\/\/integramedikal.com\/magaza\/teslimat-ve-iade\/","url":"https:\/\/integramedikal.com\/magaza\/teslimat-ve-iade\/","name":"Teslimat ve \u0130ade - \u0130ntegra Medikal | | Ma\u011faza","isPartOf":{"@id":"https:\/\/integramedikal.com\/magaza\/#website"},"datePublished":"2015-06-01T09:34:09+00:00","dateModified":"2025-06-08T18:02:03+00:00","breadcrumb":{"@id":"https:\/\/integramedikal.com\/magaza\/teslimat-ve-iade\/#breadcrumb"},"inLanguage":"tr","potentialAction":[{"@type":"ReadAction","target":["https:\/\/integramedikal.com\/magaza\/teslimat-ve-iade\/"]}]},{"@type":"BreadcrumbList","@id":"https:\/\/integramedikal.com\/magaza\/teslimat-ve-iade\/#breadcrumb","itemListElement":[{"@type":"ListItem","position":1,"name":"Anasayfa","item":"https:\/\/integramedikal.com\/magaza\/anasayfa\/"},{"@type":"ListItem","position":2,"name":"Teslimat ve \u0130ade"}]},{"@type":"WebSite","@id":"https:\/\/integramedikal.com\/magaza\/#website","url":"https:\/\/integramedikal.com\/magaza\/","name":"\u0130ntegra Medikal < | | >Ma\u011faza","description":"Sa\u011fl\u0131kta Kalite | Sekt\u00f6rde 25. Y\u0131l","publisher":{"@id":"https:\/\/integramedikal.com\/magaza\/#organization"},"potentialAction":[{"@type":"SearchAction","target":{"@type":"EntryPoint","urlTemplate":"https:\/\/integramedikal.com\/magaza\/?s={search_term_string}"},"query-input":{"@type":"PropertyValueSpecification","valueRequired":true,"valueName":"search_term_string"}}],"inLanguage":"tr"},{"@type":"Organization","@id":"https:\/\/integramedikal.com\/magaza\/#organization","name":"\u0130ntegra Medikal < | | >Ma\u011faza","url":"https:\/\/integramedikal.com\/magaza\/","logo":{"@type":"ImageObject","inLanguage":"tr","@id":"https:\/\/integramedikal.com\/magaza\/#\/schema\/logo\/image\/","url":"https:\/\/integramedikal.com\/magaza\/wp-content\/uploads\/2025\/06\/integra-logo-1.png","contentUrl":"https:\/\/integramedikal.com\/magaza\/wp-content\/uploads\/2025\/06\/integra-logo-1.png","width":340,"height":156,"caption":"\u0130ntegra Medikal < | | >Ma\u011faza"},"image":{"@id":"https:\/\/integramedikal.com\/magaza\/#\/schema\/logo\/image\/"},"sameAs":["https:\/\/www.facebook.com\/integramedikal1","https:\/\/x.com\/integramedikal","https:\/\/www.instagram.com\/integramedikal\/","https:\/\/www.youtube.com\/user\/integramedikal"]}]}},"_links":{"self":[{"href":"https:\/\/integramedikal.com\/magaza\/wp-json\/wp\/v2\/pages\/6080","targetHints":{"allow":["GET"]}}],"collection":[{"href":"https:\/\/integramedikal.com\/magaza\/wp-json\/wp\/v2\/pages"}],"about":[{"href":"https:\/\/integramedikal.com\/magaza\/wp-json\/wp\/v2\/types\/page"}],"author":[{"embeddable":true,"href":"https:\/\/integramedikal.com\/magaza\/wp-json\/wp\/v2\/users\/2"}],"replies":[{"embeddable":true,"href":"https:\/\/integramedikal.com\/magaza\/wp-json\/wp\/v2\/comments?post=6080"}],"version-history":[{"count":1,"href":"https:\/\/integramedikal.com\/magaza\/wp-json\/wp\/v2\/pages\/6080\/revisions"}],"predecessor-version":[{"id":6239,"href":"https:\/\/integramedikal.com\/magaza\/wp-json\/wp\/v2\/pages\/6080\/revisions\/6239"}],"wp:attachment":[{"href":"https:\/\/integramedikal.com\/magaza\/wp-json\/wp\/v2\/media?parent=6080"}],"curies":[{"name":"wp","href":"https:\/\/api.w.org\/{rel}","templated":true}]}}